228
CXUS54 KFWD 010731
CF6INJ
PRELIMINARY LOCAL CLIMATOLOGICAL DATA (WS FORM: F-6)
STATION: HILLSBORO
MONTH: MAY
YEAR: 2020
LATITUDE: 32 0 N
LONGITUDE: 97 6 W
TEMPERATURE IN F: :PCPN: SNOW: WIND :SUNSHINE: SKY :PK WND
================================================================================
1 2 3 4 5 6A 6B 7 8 9 10 11 12 13 14 15 16 17 18
12Z AVG MX 2MIN
DY MAX MIN AVG DEP HDD CDD WTR SNW DPTH SPD SPD DIR MIN PSBL S-S WX SPD DR
================================================================================
1 86 60 73 4 0 8 0.00 0.0 0 14.3 22 160 M M 0 31 170
2 88 65 77 7 0 12 0.00 0.0 0 17.5 23 170 M M 2 30 170
3 89 68 79 9 0 14 0.00 0.0 0 14.4 20 170 M M 2 25 180
4 91 69 80 10 0 15 0.00 0.0 0 15.4 21 160 M M 2 28 160
5 81 64 73 3 0 8 0.04 0.0 0 11.2 18 360 M M 5 3 27 360
6 82 51 67 -3 0 2 0.00 0.0 0 5.5 10 100 M M 0 M M
7 85 61 73 2 0 8 0.07 0.0 0 16.2 25 170 M M 5 35 160
8 75 51 63 -8 2 0 0.00 0.0 0 16.5 27 340 M M 5 40 360
9 74 54 64 -7 1 0 0.00 0.0 0 8.0 14 120 M M 2 21 90
10 77 50 64 -8 1 0 0.00 0.0 0 5.8 10 70 M M 0 8 17 70
11 82 58 70 -2 0 5 0.00 0.0 0 10.0 16 150 M M 0 21 150
12 79 65 72 0 0 7 0.07 0.0 0 12.0 16 160 M M 8 23 160
13 85 65 75 3 0 10 0.00 0.0 0 11.3 15 190 M M 7 1 21 190
14 91 71 81 8 0 16 0.00 0.0 0 13.3 20 170 M M 5 25 180
15 89 68 79 6 0 14 M 0.0 0 12.3 25 60 M M 7 3 35 60
16 67 63 65 -8 0 0 1.80 0.0 0 13.4 23 320 M M 9 3 28 320
17 84 63 74 0 0 9 0.29 0.0 0 8.2 16 310 M M 2 21 310
18 89 61 75 1 0 10 0.00 0.0 0 5.8 10 150 M M 0 20 190
19 92 70 81 7 0 16 0.00 0.0 0 7.8 16 60 M M 0 M M
20 88 71 80 6 0 15 0.00 0.0 0 10.2 14 60 M M 6 1 20 70
21 88 68 78 4 0 13 0.00 0.0 0 10.9 16 140 M M 5 1 22 140
22 92 73 83 8 0 18 0.00 0.0 0 12.1 16 160 M M 4 23 160
23 91 69 80 5 0 15 0.10 0.0 0 12.1 16 160 M M 5 3 29 10
24 88 66 77 2 0 12 0.04 0.0 0 12.4 20 130 M M 5 3 27 130
25 74 62 68 -8 0 3 1.57 0.0 0 8.2 17 310 M M 8 23 310
26 79 62 71 -5 0 6 0.15 0.0 0 6.5 14 300 M M 5 3 17 280
27 83 58 71 -5 0 6 0.00 0.0 0 2.7 10 150 M M 2 3 M M
28 85 61 73 -3 0 8 0.00 0.0 0 4.2 9 160 M M 3 M M
29 87 64 76 0 0 11 0.00 0.0 0 7.0 16 30 M M 0 28 30
30 86 66 76 -1 0 11 0.00 0.0 0 6.8 9 90 M M 1 16 90
31 87 68 78 1 0 13 0.00 0.0 0 6.9 13 80 M M 3 M M
================================================================================
SM 2614 1965 4 285 4.13 0.0 318.9 M 108
================================================================================
AV 84.3 63.4 10.3 FASTST M M 3 MAX(MPH)
MISC ----> # 27 340 # 40 360
================================================================================
NOTES:
# LAST OF SEVERAL OCCURRENCES
COLUMN 17 PEAK WIND IN M.P.H.
PRELIMINARY LOCAL CLIMATOLOGICAL DATA (WS FORM: F-6) , PAGE 2
STATION: HILLSBORO
MONTH: MAY
YEAR: 2020
LATITUDE: 32 0 N
LONGITUDE: 97 6 W
[TEMPERATURE DATA] [PRECIPITATION DATA] SYMBOLS USED IN COLUMN 16
AVERAGE MONTHLY: 73.9 TOTAL FOR MONTH: 4.13 1 = FOG OR MIST
DPTR FM NORMAL: 0.8 DPTR FM NORMAL: -0.24 2 = FOG REDUCING VISIBILITY
HIGHEST: 92 ON 22,19 GRTST 24HR 1.80 ON 16-16 TO 1/4 MILE OR LESS
LOWEST: 50 ON 10 3 = THUNDER
SNOW, ICE PELLETS, HAIL 4 = ICE PELLETS
TOTAL MONTH: 0.0 INCH 5 = HAIL
GRTST 24HR 0.0 6 = FREEZING RAIN OR DRIZZLE
GRTST DEPTH: 0 7 = DUSTSTORM OR SANDSTORM:
VSBY 1/2 MILE OR LESS
8 = SMOKE OR HAZE
[NO. OF DAYS WITH] [WEATHER - DAYS WITH] 9 = BLOWING SNOW
X = TORNADO
MAX 32 OR BELOW: 0 0.01 INCH OR MORE: 9
MAX 90 OR ABOVE: 5 0.10 INCH OR MORE: 5
MIN 32 OR BELOW: 0 0.50 INCH OR MORE: 2
MIN 0 OR BELOW: 0 1.00 INCH OR MORE: 2
[HDD (BASE 65) ]
TOTAL THIS MO. 4 CLEAR (SCALE 0-3) 15
DPTR FM NORMAL -5 PTCLDY (SCALE 4-7) 15
TOTAL FM JUL 1 1997 CLOUDY (SCALE 8-10) 1
DPTR FM NORMAL -217
[CDD (BASE 65) ]
TOTAL THIS MO. 285
DPTR FM NORMAL 23 [PRESSURE DATA]
TOTAL FM JAN 1 475 HIGHEST SLP M ON M
DPTR FM NORMAL 79 LOWEST SLP M ON M
[REMARKS]
#FINAL-05-20#