000
CXUS54 KFWD 020337
CF6INJ
PRELIMINARY LOCAL CLIMATOLOGICAL DATA (WS FORM: F-6)
STATION: HILLSBORO
MONTH: FEBRUARY
YEAR: 2020
LATITUDE: 32 0 N
LONGITUDE: 97 6 W
TEMPERATURE IN F: :PCPN: SNOW: WIND :SUNSHINE: SKY :PK WND
================================================================================
1 2 3 4 5 6A 6B 7 8 9 10 11 12 13 14 15 16 17 18
12Z AVG MX 2MIN
DY MAX MIN AVG DEP HDD CDD WTR SNW DPTH SPD SPD DIR MIN PSBL S-S WX SPD DR
================================================================================
1 67 32 50 2 15 0 0.00 0.0 0 2.9 10 280 M M 0 17 270
2 80 41 61 13 4 0 0.00 0.0 0 9.5 21 160 M M 0 22 210
3 69 53 61 13 4 0 0.01 0.0 0 15.1 25 180 M M 4 31 180
4 66 40 53 5 12 0 0.00 0.0 0 14.0 22 350 M M 9 1 28 330
5 40 33 37 -12 28 0 M M 0 16.8 22 320 M M 10 1 28 320
6 48 28 38 -11 27 0 M M M 11.2 23 300 M M 2 29 280
7 63 32 48 -1 17 0 0.00 0.0 0 6.5 9 10 M M 0 M M
8 65 35 50 1 15 0 0.00 0.0 0 8.9 17 140 M M 5 18 140
9 68 60 64 15 1 0 0.02 0.0 0 13.2 20 160 M M 10 13 25 160
10 68 41 55 6 10 0 0.27 0.0 0 12.9 22 320 M M 10 1 22 330
11 45 40 43 -7 22 0 0.77 0.0 0 11.1 17 350 M M 10 3 25 340
12 52 42 47 -3 18 0 1.88 0.0 0 9.0 17 60 M M 7 13 M M
13 44 34 39 -11 26 0 0.00 0.0 0 8.9 16 340 M M 6 1 21 360
14 53 29 41 -9 24 0 0.00 0.0 0 6.8 12 80 M M 0 M M
15 62 39 51 1 14 0 0.00 0.0 0 12.4 22 170 M M 2 27 170
16 77 47 62 12 3 0 0.00 0.0 0 8.6 14 150 M M 0 1 16 140
17 76 59 68 17 0 3 0.00 0.0 0 13.6 21 190 M M 6 1 25 190
18 68 49 59 8 6 0 M 0.0 0 11.4 20 350 M M 10 13 29 10
19 51 43 47 -4 18 0 0.99 0.0 0 9.4 14 20 M M 10 22 20
20 54 37 46 -5 19 0 0.36 0.0 0 14.4 25 350 M M 7 32 350
21 49 31 40 -12 25 0 0.00 0.0 0 6.4 12 360 M M 0 M M
22 56 38 47 -5 18 0 0.00 0.0 0 8.9 17 150 M M 5 22 150
23 60 46 53 1 12 0 0.00 0.0 0 11.2 20 140 M M 9 1 22 160
24 70 51 61 9 4 0 0.00 0.0 0 12.3 20 280 M M 2 28 280
25 60 39 50 -3 15 0 0.00 0.0 0 10.5 22 320 M M 3 25 310
26 50 32 41 -12 24 0 0.00 0.0 0 18.2 29 320 M M 5 37 320
27 61 25 43 -10 22 0 0.00 0.0 0 5.9 12 140 M M 0 17 190
28 67 34 51 -2 14 0 0.00 0.0 0 3.3 8 360 M M 0 M M
29 73 47 60 6 5 0 0.00 0.0 0 11.7 23 160 M M 0 31 160
================================================================================
SM 1762 1157 422 3 4.30 0.0 305.0 M 132
================================================================================
AV 60.8 39.9 10.5 FASTST M M 5 MAX(MPH)
MISC ----> # 29 320 # 37 320
================================================================================
NOTES:
# LAST OF SEVERAL OCCURRENCES
COLUMN 17 PEAK WIND IN M.P.H.
PRELIMINARY LOCAL CLIMATOLOGICAL DATA (WS FORM: F-6) , PAGE 2
STATION: HILLSBORO
MONTH: FEBRUARY
YEAR: 2020
LATITUDE: 32 0 N
LONGITUDE: 97 6 W
[TEMPERATURE DATA] [PRECIPITATION DATA] SYMBOLS USED IN COLUMN 16
AVERAGE MONTHLY: 50.3 TOTAL FOR MONTH: 4.30 1 = FOG OR MIST
DPTR FM NORMAL: -0.1 DPTR FM NORMAL: 1.38 2 = FOG REDUCING VISIBILITY
HIGHEST: 80 ON 2 GRTST 24HR 1.88 ON 12-12 TO 1/4 MILE OR LESS
LOWEST: 25 ON 27 3 = THUNDER
SNOW, ICE PELLETS, HAIL 4 = ICE PELLETS
TOTAL MONTH: 0.0 INCH 5 = HAIL
GRTST 24HR 0.0 6 = FREEZING RAIN OR DRIZZLE
GRTST DEPTH: 0 7 = DUSTSTORM OR SANDSTORM:
VSBY 1/2 MILE OR LESS
8 = SMOKE OR HAZE
[NO. OF DAYS WITH] [WEATHER - DAYS WITH] 9 = BLOWING SNOW
X = TORNADO
MAX 32 OR BELOW: 0 0.01 INCH OR MORE: 7
MAX 90 OR ABOVE: 0 0.10 INCH OR MORE: 5
MIN 32 OR BELOW: 7 0.50 INCH OR MORE: 3
MIN 0 OR BELOW: 0 1.00 INCH OR MORE: 1
[HDD (BASE 65) ]
TOTAL THIS MO. 422 CLEAR (SCALE 0-3) 13
DPTR FM NORMAL 8 PTCLDY (SCALE 4-7) 8
TOTAL FM JUL 1 1770 CLOUDY (SCALE 8-10) 8
DPTR FM NORMAL -102
[CDD (BASE 65) ]
TOTAL THIS MO. 3
DPTR FM NORMAL -3 [PRESSURE DATA]
TOTAL FM JAN 1 10 HIGHEST SLP M ON M
DPTR FM NORMAL 2 LOWEST SLP M ON M
[REMARKS]
#FINAL-02-20#