000
CXUS54 KFWD 010731
CF6INJ
PRELIMINARY LOCAL CLIMATOLOGICAL DATA (WS FORM: F-6)
STATION: HILLSBORO
MONTH: AUGUST
YEAR: 2023
LATITUDE: 32 0 N
LONGITUDE: 97 6 W
TEMPERATURE IN F: :PCPN: SNOW: WIND :SUNSHINE: SKY :PK WND
================================================================================
1 2 3 4 5 6A 6B 7 8 9 10 11 12 13 14 15 16 17 18
12Z AVG MX 2MIN
DY MAX MIN AVG DEP HDD CDD WTR SNW DPTH SPD SPD DIR MIN PSBL S-S WX SPD DR
================================================================================
1 110 81 96 11 0 31 0.00 M M 5.6 9 130 M M 1 16 150
2 107 81 94 9 0 29 0.00 M M 8.1 15 150 M M 0 20 180
3 106 80 93 8 0 28 0.00 M M 10.0 14 170 M M 0 20 200
4 108 81 95 10 0 30 0.00 M M 9.2 15 200 M M 1 21 200
5 108 82 95 10 0 30 0.00 M M 9.2 15 220 M M 0 20 190
6 106 80 93 8 0 28 0.00 M M 9.8 15 170 M M 0 21 150
7 107 82 95 10 0 30 0.00 M M 11.1 16 180 M M 0 23 180
8 105 81 93 8 0 28 0.00 M M 11.0 16 190 M M 0 24 190
9 107 80 94 9 0 29 0.00 M M 16.9 24 M M M 0 29 200
10 108 82 95 10 0 30 0.00 M M 11.6 17 200 M M 0 28 180
11 108 82 95 10 0 30 0.00 M M 13.9 17 200 M M 0 25 170
12 108 79 94 9 0 29 0.00 M M 13.6 20 190 M M 0 25 210
13 106 80 93 8 0 28 0.00 M M 12.4 17 180 M M 0 25 180
14 108 79 94 10 0 29 0.00 M M 8.9 14 100 M M 1 24 100
15 97 70 84 0 0 19 0.00 M M 5.6 13 340 M M 0 20 30
16 101 70 86 2 0 21 0.00 M M 6.4 12 100 M M 0 M M
17 112 73 93 9 0 28 0.00 M M 6.6 10 140 M M 0 M M
18 111 81 96 12 0 31 0.00 M M 7.1 12 200 M M 0 18 180
19 109 77 93 9 0 28 0.00 M M 5.4 13 150 M M 0 18 170
20 110 79 95 11 0 30 0.00 M M 5.4 16 100 M M 0 23 40
21 108 82 95 11 0 30 0.00 M M 8.0 12 80 M M 0 23 80
22 105 81 93 9 0 28 0.00 M M 7.3 16 120 M M 1 22 120
23 107 78 93 9 0 28 0.00 M M 3.9 14 150 M M 1 18 140
24 111 78 95 12 0 30 0.00 M M 3.6 13 320 M M 2 M M
25 112 81 97 14 0 32 0.00 M M 5.1 14 130 M M 2 17 130
26 112 83 98 15 0 33 0.00 M M 5.3 10 170 M M 1 M M
27 104 74 89 6 0 24 0.03 M M 5.1 25 330 M M 1 30 330
28 98 74 86 3 0 21 0.00 M M 6.5 12 360 M M 2 21 20
29 99 70 85 3 0 20 0.00 M M 4.9 12 50 M M 2 20 50
30 100 71 86 4 0 21 0.00 M M 6.9 16 360 M M 0 22 360
31 102 72 87 5 0 22 0.00 M M 5.8 10 90 M M 1 M M
================================================================================
SM 3300 2424 0 855 0.03 M 250.4 M 16
================================================================================
AV106.5 78.2 8.1 FASTST M M 1 MAX(MPH)
MISC ----> 25 330 30 330
================================================================================
NOTES:
# LAST OF SEVERAL OCCURRENCES
COLUMN 17 PEAK WIND IN M.P.H.
PRELIMINARY LOCAL CLIMATOLOGICAL DATA (WS FORM: F-6) , PAGE 2
STATION: HILLSBORO
MONTH: AUGUST
YEAR: 2023
LATITUDE: 32 0 N
LONGITUDE: 97 6 W
[TEMPERATURE DATA] [PRECIPITATION DATA] SYMBOLS USED IN COLUMN 16
AVERAGE MONTHLY: 92.3 TOTAL FOR MONTH: 0.03 1 = FOG OR MIST
DPTR FM NORMAL: 8.4 DPTR FM NORMAL: -2.07 2 = FOG REDUCING VISIBILITY
HIGHEST: 112 ON 26,25 GRTST 24HR 0.03 ON 27-27 TO 1/4 MILE OR LESS
LOWEST: 70 ON 29,16 3 = THUNDER
SNOW, ICE PELLETS, HAIL 4 = ICE PELLETS
TOTAL MONTH: M 5 = HAIL
GRTST 24HR M ON M 6 = FREEZING RAIN OR DRIZZLE
GRTST DEPTH: M ON M 7 = DUSTSTORM OR SANDSTORM:
VSBY 1/2 MILE OR LESS
8 = SMOKE OR HAZE
[NO. OF DAYS WITH] [WEATHER - DAYS WITH] 9 = BLOWING SNOW
X = TORNADO
MAX 32 OR BELOW: 0 0.01 INCH OR MORE: 1
MAX 90 OR ABOVE: 31 0.10 INCH OR MORE: 0
MIN 32 OR BELOW: 0 0.50 INCH OR MORE: 0
MIN 0 OR BELOW: 0 1.00 INCH OR MORE: 0
[HDD (BASE 65) ]
TOTAL THIS MO. 0 CLEAR (SCALE 0-3) 31
DPTR FM NORMAL 0 PTCLDY (SCALE 4-7) 0
TOTAL FM JUL 1 0 CLOUDY (SCALE 8-10) 0
DPTR FM NORMAL 0
[CDD (BASE 65) ]
TOTAL THIS MO. 855
DPTR FM NORMAL 268 [PRESSURE DATA]
TOTAL FM JAN 1 2669 HIGHEST SLP M ON M
DPTR FM NORMAL 679 LOWEST SLP M ON M
[REMARKS]
#FINAL-08-23#