000
CXUS54 KMAF 011952
CF6INK
PRELIMINARY LOCAL CLIMATOLOGICAL DATA (WS FORM: F-6)
STATION: WINK
MONTH: JULY
YEAR: 2022
LATITUDE: 31 46 N
LONGITUDE: 103 12 W
TEMPERATURE IN F: :PCPN: SNOW: WIND :SUNSHINE: SKY :PK WND
================================================================================
1 2 3 4 5 6A 6B 7 8 9 10 11 12 13 14 15 16 17 18
12Z AVG MX 2MIN
DY MAX MIN AVG DEP HDD CDD WTR SNW DPTH SPD SPD DIR MIN PSBL S-S WX SPD DR
================================================================================
1 100 75 88 4 0 23 0.00 0.0 0 10.3 18 120 M M 1 24 80
2 102 77 90 6 0 25 T 0.0 0 11.8 28 150 M M 0 33 150
3 97 74 86 2 0 21 0.00 0.0 0 17.1 25 150 M M 0 33 140
4 99 76 88 4 0 23 T 0.0 0 12.5 33 190 M M 1 3 41 180
5 99 74 87 3 0 22 0.00 0.0 0 8.6 29 170 M M 0 3 36 170
6 99 76 88 4 0 23 0.00 0.0 0 8.7 17 170 M M 0 23 150
7 102 76 89 5 0 24 0.00 0.0 0 11.1 26 330 M M 0 34 340
8 102 71 87 3 0 22 0.00 0.0 0 5.7 16 30 M M 0 19 150
9 101 79 90 6 0 25 0.00 0.0 0 10.4 28 110 M M 1 38 32 110
10 104 74 89 5 0 24 0.00 0.0 0 5.1 28 130 M M 1 38 35 130
11 105 72 89 5 0 24 0.00 0.0 0 6.6 16 10 M M 0 22 80
12 102 75 89 5 0 24 0.00 0.0 0 12.5 29 40 M M 0 8 34 40
13 99 74 87 3 0 22 T 0.0 0 7.3 31 210 M M 2 38 39 200
14 99 68 84 0 0 19 0.00 0.0 0 8.5 30 100 M M 0 8 41 90
15 98 72 85 1 0 20 0.00 0.0 0 10.4 20 120 M M 1 24 130
16 98 73 86 2 0 21 0.00 0.0 0 9.2 22 120 M M 0 28 120
17 99 74 87 3 0 22 0.00 0.0 0 10.1 20 110 M M 0 27 110
18 103 68 86 2 0 21 0.00 0.0 0 9.3 20 150 M M 0 26 150
19 106 76 91 6 0 26 0.00 0.0 0 9.6 20 140 M M 0 25 140
20 106 79 93 8 0 28 T 0.0 0 11.1 21 120 M M 0 26 110
21 102 80 91 6 0 26 0.00 0.0 0 10.9 22 130 M M 0 29 90
22 101 81 91 6 0 26 0.00 0.0 0 13.4 22 150 M M 1 27 150
23 100 78 89 4 0 24 0.00 0.0 0 14.7 23 130 M M 0 29 120
24 99 78 89 4 0 24 0.00 0.0 0 13.7 23 140 M M 1 27 160
25 102 79 91 6 0 26 0.00 0.0 0 15.6 24 160 M M 2 29 140
26 102 77 90 5 0 25 0.00 0.0 0 12.6 24 170 M M 0 30 160
27 102 79 91 6 0 26 0.00 0.0 0 11.8 24 140 M M 0 29 160
28 100 76 88 3 0 23 0.00 0.0 0 12.1 23 150 M M 0 30 150
29 99 78 89 4 0 24 0.00 0.0 0 14.2 24 150 M M 1 30 120
30 100 77 89 4 0 24 0.00 0.0 0 12.5 22 150 M M 0 26 140
31 102 77 90 5 0 25 0.00 0.0 0 12.3 24 150 M M 0 30 150
================================================================================
SM 3129 2343 0 732 T 0.0 339.7 M 12
================================================================================
AV100.9 75.6 11.0 FASTST M M 0 MAX(MPH)
MISC ----> 33 190 # 41 180
================================================================================
NOTES:
# LAST OF SEVERAL OCCURRENCES
COLUMN 17 PEAK WIND IN M.P.H.
PRELIMINARY LOCAL CLIMATOLOGICAL DATA (WS FORM: F-6) , PAGE 2
STATION: WINK
MONTH: JULY
YEAR: 2022
LATITUDE: 31 46 N
LONGITUDE: 103 12 W
[TEMPERATURE DATA] [PRECIPITATION DATA] SYMBOLS USED IN COLUMN 16
AVERAGE MONTHLY: 88.3 TOTAL FOR MONTH: T 1 = FOG OR MIST
DPTR FM NORMAL: 3.7 DPTR FM NORMAL: -1.53 2 = FOG REDUCING VISIBILITY
HIGHEST: 106 ON 19,20 GRTST 24HR T ON 2- 2 TO 1/4 MILE OR LESS
LOWEST: 68 ON 14,18 3 = THUNDER
SNOW, ICE PELLETS, HAIL 4 = ICE PELLETS
TOTAL MONTH: 0.0 INCH 5 = HAIL
GRTST 24HR 0.0 6 = FREEZING RAIN OR DRIZZLE
GRTST DEPTH: 0 7 = DUSTSTORM OR SANDSTORM:
VSBY 1/2 MILE OR LESS
8 = SMOKE OR HAZE
[NO. OF DAYS WITH] [WEATHER - DAYS WITH] 9 = BLOWING SNOW
X = TORNADO
MAX 32 OR BELOW: 0 0.01 INCH OR MORE: 0
MAX 90 OR ABOVE: 31 0.10 INCH OR MORE: 0
MIN 32 OR BELOW: 0 0.50 INCH OR MORE: 0
MIN 0 OR BELOW: 0 1.00 INCH OR MORE: 0
[HDD (BASE 65) ]
TOTAL THIS MO. 0 CLEAR (SCALE 0-3) 31
DPTR FM NORMAL 0 PTCLDY (SCALE 4-7) 0
TOTAL FM JUL 1 0 CLOUDY (SCALE 8-10) 0
DPTR FM NORMAL 0
[CDD (BASE 65) ]
TOTAL THIS MO. 732
DPTR FM NORMAL 126 [PRESSURE DATA]
TOTAL FM JAN 1 1854 HIGHEST SLP 30.03 ON 9
DPTR FM NORMAL 236 LOWEST SLP 29.68 ON 2
[REMARKS]
#FINAL-07-22#