000
CXUS55 KDVN 011000
CF6IOW
PRELIMINARY LOCAL CLIMATOLOGICAL DATA (WS FORM: F-6)
STATION: IOWA CITY IA
MONTH: JUNE
YEAR: 2023
LATITUDE: 41 37 N
LONGITUDE: 91 33 W
TEMPERATURE IN F: :PCPN: SNOW: WIND :SUNSHINE: SKY :PK WND
================================================================================
1 2 3 4 5 6A 6B 7 8 9 10 11 12 13 14 15 16 17 18
12Z AVG MX 2MIN
DY MAX MIN AVG DEP HDD CDD WTR SNW DPTH SPD SPD DIR MIN PSBL S-S WX SPD DR
================================================================================
1 91 64 78 10 0 13 T M M 5.1 18 110 M M 1 3 27 120
2 92 69 81 12 0 16 T M M 4.1 20 180 M M 2 3 25 180
3 93 67 80 11 0 15 0.00 M M 4.9 17 40 M M 0 23 50
4 91 67 79 9 0 14 T M M 5.9 15 120 M M 1 3 22 110
5 86 58 72 2 0 7 0.00 M M 2.9 10 30 M M 0 14 60
6 86 60 73 3 0 8 0.02 M M 2.7 12 260 M M 3 1 18 310
7 82 64 73 3 0 8 T M M 7.2 14 40 M M 3 18 19 10
8 81 54 68 -3 0 3 0.00 M M 4.2 12 50 M M 0 17 90
9 81 50 66 -5 0 1 0.00 M M 2.9 10 160 M M 0 16 140
10 84 53 69 -2 0 4 0.02 M M 4.6 14 50 M M 5 20 50
11 67 50 59 -13 6 0 0.02 M M 10.5 18 20 M M 9 1 25 20
12 76 44 60 -12 5 0 T M M 6.9 20 260 M M 3 26 270
13 86 56 71 -1 0 6 0.00 M M 9.1 23 290 M M 3 31 280
14 88 58 73 1 0 8 0.00 M M 1.6 13 130 M M 1 20 120
15 90 58 74 2 0 9 0.00 M M 6.1 17 40 M M 0 8 22 50
16 78 54 66 -7 0 1 0.00 M M 6.3 16 60 M M 0 24 70
17 84 54 69 -4 0 4 T M M 4.7 14 170 M M 0 18 18 170
18 81 64 73 0 0 8 0.32 M M 6.9 25 290 M M 4 13 35 280
19 89 61 75 2 0 10 0.00 M M 4.2 13 140 M M 0 1 17 140
20 89 63 76 2 0 11 0.00 M M 6.8 16 80 M M 0 25 50
21 90 67 79 5 0 14 0.00 M M 8.0 15 130 M M 1 20 100
22 93 67 80 6 0 15 0.00 M M 4.5 14 50 M M 1 20 50
23 92 60 76 2 0 11 0.00 M M 2.4 12 360 M M 1 3 15 10
24 94 63 79 5 0 14 0.53 M M 6.3 24 320 M M 3 138 33 320
25 79 67 73 -1 0 8 0.08 M M 15.1 32 270 M M 5 1 45 280
26 82 66 74 -1 0 9 T M M 12.6 23 300 M M 5 8 32 320
27 85 60 73 -2 0 8 0.00 M M 4.2 9 30 M M 7 18 12 320
28 82 63 73 -2 0 8 0.12 M M 8.8 21 130 M M 4 138 31 130
29 86 70 78 3 0 13 0.11 M M 3.6 22 200 M M 3 138 34 210
30 84 67 76 1 0 11 0.17 M M 3.6 14 200 M M 3 123 20 230
================================================================================
SM 2562 1818 11 257 1.39 M 176.7 M 68
================================================================================
AV 85.4 60.6 5.9 FASTST M M 2 MAX(MPH)
MISC ----> 32 270 45 280
================================================================================
NOTES:
# LAST OF SEVERAL OCCURRENCES
COLUMN 17 PEAK WIND IN M.P.H.
PRELIMINARY LOCAL CLIMATOLOGICAL DATA (WS FORM: F-6) , PAGE 2
STATION: IOWA CITY IA
MONTH: JUNE
YEAR: 2023
LATITUDE: 41 37 N
LONGITUDE: 91 33 W
[TEMPERATURE DATA] [PRECIPITATION DATA] SYMBOLS USED IN COLUMN 16
AVERAGE MONTHLY: 73.0 TOTAL FOR MONTH: 1.39 1 = FOG OR MIST
DPTR FM NORMAL: 0.6 DPTR FM NORMAL: -3.90 2 = FOG REDUCING VISIBILITY
HIGHEST: 94 ON 24 GRTST 24HR 0.61 ON 24-25 TO 1/4 MILE OR LESS
LOWEST: 44 ON 12 3 = THUNDER
SNOW, ICE PELLETS, HAIL 4 = ICE PELLETS
TOTAL MONTH: M 5 = HAIL
GRTST 24HR M ON M 6 = FREEZING RAIN OR DRIZZLE
GRTST DEPTH: M ON M 7 = DUSTSTORM OR SANDSTORM:
VSBY 1/2 MILE OR LESS
8 = SMOKE OR HAZE
[NO. OF DAYS WITH] [WEATHER - DAYS WITH] 9 = BLOWING SNOW
X = TORNADO
MAX 32 OR BELOW: 0 0.01 INCH OR MORE: 9
MAX 90 OR ABOVE: 9 0.10 INCH OR MORE: 5
MIN 32 OR BELOW: 0 0.50 INCH OR MORE: 1
MIN 0 OR BELOW: 0 1.00 INCH OR MORE: 0
[HDD (BASE 65) ]
TOTAL THIS MO. 11 CLEAR (SCALE 0-3) 22
DPTR FM NORMAL -2 PTCLDY (SCALE 4-7) 7
TOTAL FM JUL 1 5892 CLOUDY (SCALE 8-10) 1
DPTR FM NORMAL -220
[CDD (BASE 65) ]
TOTAL THIS MO. 257
DPTR FM NORMAL 24 [PRESSURE DATA]
TOTAL FM JAN 1 335 HIGHEST SLP 30.10 ON 5
DPTR FM NORMAL 21 LOWEST SLP 29.64 ON 13
[REMARKS]
#FINAL-06-23#