000
CXUS55 KDVN 011100
CF6IOW
PRELIMINARY LOCAL CLIMATOLOGICAL DATA (WS FORM: F-6)
STATION: IOWA CITY IA
MONTH: DECEMBER
YEAR: 2022
LATITUDE: 41 37 N
LONGITUDE: 91 33 W
TEMPERATURE IN F: :PCPN: SNOW: WIND :SUNSHINE: SKY :PK WND
================================================================================
1 2 3 4 5 6A 6B 7 8 9 10 11 12 13 14 15 16 17 18
12Z AVG MX 2MIN
DY MAX MIN AVG DEP HDD CDD WTR SNW DPTH SPD SPD DIR MIN PSBL S-S WX SPD DR
================================================================================
1 40 11 26 -7 39 0 0.00 M M 8.8 23 160 M M 1 31 160
2 56 27 42 9 23 0 0.00 M M 14.4 36 300 M M 4 51 290
3 27 13 20 -12 45 0 T M M 11.8 35 290 M M 1 50 300
4 43 12 28 -4 37 0 0.00 M M 3.9 14 260 M M 0 18 260
5 44 20 32 0 33 0 0.00 M M 5.1 12 360 M M 3 16 10
6 43 24 34 3 31 0 0.00 M M 5.4 13 110 M M 3 1 18 100
7 48 19 34 3 31 0 0.00 M M 4.8 15 20 M M 3 12 19 10
8 42 26 34 3 31 0 0.17 M M 7.4 15 90 M M 8 168 24 100
9 39 34 37 7 28 0 0.37 M M 7.2 16 90 M M 10 1 26 100
10 40 35 38 8 27 0 0.01 M M 5.9 14 280 M M 10 1 17 260
11 37 33 35 5 30 0 0.00 M M 5.2 12 110 M M 10 8 15 110
12 37 33 35 6 30 0 0.00 M M 10.4 16 130 M M 10 22 130
13 40 34 37 8 28 0 0.55 M M 15.1 23 100 M M 10 1 37 100
14 53 34 44 16 21 0 0.03 M M 7.7 18 190 M M 9 1 24 190
15 34 27 31 3 34 0 T M M 14.2 23 260 M M 10 18 32 240
16 28 23 26 -2 39 0 T M M 18.5 29 250 M M 10 39 260
17 23 13 18 -10 47 0 T M M 16.6 24 290 M M 10 37 310
18 21 7 14 -13 51 0 0.00 M M 8.9 16 270 M M 0 23 290
19 29 9 19 -8 46 0 T M M 7.2 14 120 M M 7 18 120
20 30 4 17 -10 48 0 T M M 9.1 20 300 M M 4 8 25 310
21 25 4 15 -11 50 0 0.06 M M 7.2 13 140 M M 7 1 18 130
22 26 -9 9 -17 56 0 0.09 M M 19.6 29 300 M M 10 168 42 300
23 1 -9 -4 -30 69 0 0.00 M M 23.2 35 290 M M 10 89 52 290
24 14 1 8 -18 57 0 0.00 M M 17.7 26 280 M M 4 89 39 280
25 16 1 9 -16 56 0 0.04 M M 11.5 21 300 M M 3 1 32 290
26 19 -4 8 -17 57 0 0.01 M M 8.4 16 310 M M 5 1 22 340
27 27 -6 11 -14 54 0 0.00 M M 8.6 22 150 M M 0 29 170
28 45 27 36 11 29 0 0.00 M M 10.1 22 170 M M 0 30 170
29 64 40 52 28 13 0 0.00 M M 11.0 23 200 M M 1 33 190
30 43 20 32 8 33 0 0.00 M M 8.8 21 290 M M 6 1 27 280
31 39 20 30 6 35 0 T M M 5.4 15 130 M M 6 1 21 160
================================================================================
SM 1073 523 1208 0 1.33 M 319.1 M 175
================================================================================
AV 34.6 16.9 10.3 FASTST M M 6 MAX(MPH)
MISC ----> 36 300 52 290
================================================================================
NOTES:
# LAST OF SEVERAL OCCURRENCES
COLUMN 17 PEAK WIND IN M.P.H.
PRELIMINARY LOCAL CLIMATOLOGICAL DATA (WS FORM: F-6) , PAGE 2
STATION: IOWA CITY IA
MONTH: DECEMBER
YEAR: 2022
LATITUDE: 41 37 N
LONGITUDE: 91 33 W
[TEMPERATURE DATA] [PRECIPITATION DATA] SYMBOLS USED IN COLUMN 16
AVERAGE MONTHLY: 25.7 TOTAL FOR MONTH: 1.33 1 = FOG OR MIST
DPTR FM NORMAL: -2.5 DPTR FM NORMAL: -0.12 2 = FOG REDUCING VISIBILITY
HIGHEST: 64 ON 29 GRTST 24HR 0.58 ON 13-14 TO 1/4 MILE OR LESS
LOWEST: -9 ON 23,22 3 = THUNDER
SNOW, ICE PELLETS, HAIL 4 = ICE PELLETS
TOTAL MONTH: M 5 = HAIL
GRTST 24HR M ON M 6 = FREEZING RAIN OR DRIZZLE
GRTST DEPTH: M ON M 7 = DUSTSTORM OR SANDSTORM:
VSBY 1/2 MILE OR LESS
8 = SMOKE OR HAZE
[NO. OF DAYS WITH] [WEATHER - DAYS WITH] 9 = BLOWING SNOW
X = TORNADO
MAX 32 OR BELOW: 13 0.01 INCH OR MORE: 9
MAX 90 OR ABOVE: 0 0.10 INCH OR MORE: 3
MIN 32 OR BELOW: 24 0.50 INCH OR MORE: 1
MIN 0 OR BELOW: 4 1.00 INCH OR MORE: 0
[HDD (BASE 65) ]
TOTAL THIS MO. 1208 CLEAR (SCALE 0-3) 11
DPTR FM NORMAL 67 PTCLDY (SCALE 4-7) 9
TOTAL FM JUL 1 2438 CLOUDY (SCALE 8-10) 11
DPTR FM NORMAL 69
[CDD (BASE 65) ]
TOTAL THIS MO. 0
DPTR FM NORMAL 0 [PRESSURE DATA]
TOTAL FM JAN 1 1192 HIGHEST SLP 30.64 ON 20
DPTR FM NORMAL 148 LOWEST SLP 29.50 ON 15
[REMARKS]
#FINAL-12-22#