045
CXUS51 KCTP 010724
CLSIPT
CLIMATE REPORT
NATIONAL WEATHER SERVICE STATE COLLEGE PA
324 AM EDT TUE SEP 01 2020
...................................
...THE WILLIAMSPORT PA CLIMATE SUMMARY FOR THE SEASON, FROM
6/1/2020 TO 8/31/2020...
CLIMATE NORMAL PERIOD 1981 TO 2010
CLIMATE RECORD PERIOD 1895 TO 2020
WEATHER OBSERVED NORMAL DEPART LAST YEAR`S
VALUE DATE(S) VALUE FROM VALUE DATE(S)
NORMAL
................................................................
TEMPERATURE (F)
RECORD
HIGH 106 07/09/1936
LOW 36 06/03/1986
06/01/1945
06/03/1929
HIGHEST 100 07/27 95 07/21
LOWEST 42 06/01 41 06/04
AVG. MAXIMUM 86.6 81.7 4.9 82.8
AVG. MINIMUM 62.2 60.1 2.1 61.4
MEAN 74.4 70.9 3.5 72.1
DAYS MAX >= 90 32 13.0 19.0 8
DAYS MAX <= 32 0 0.0 0.0 0
DAYS MIN <= 32 0 0.0 0.0 0
DAYS MIN <= 0 0 0.0 0.0 0
PRECIPITATION (INCHES)
RECORD
MAXIMUM 23.73 2018
MINIMUM 6.00 1909
TOTALS 7.60 12.12 -4.52 16.26
DAILY AVG. 0.08 0.13 -0.05 0.18
DAYS >= .01 25 33.6 -8.6 37
DAYS >= .10 17 21.8 -4.8 30
DAYS >= .50 5 8.3 -3.3 12
DAYS >= 1.00 0 2.9 -2.9 3
GREATEST
24 HR. TOTAL 1.35 MM 1.86
SNOWFALL (INCHES)
RECORDS
TOTAL MM MM
24 HR TOTAL MM
SNOW DEPTH MM MM
TOTALS 0.0 0.0 0.0 0.0
LIQUID EQUIV 0.00 0.00 0.00 0.00
SINCE 7/1 0.0 0.0 0.0 MM
LIQUID 7/1 0.00 0.00 0.00 MM
SNOWDEPTH AVG. 0 0
DAYS >= TRACE 0 0.0 0.0 0
DAYS >= 1.0 0 0.0 0.0 0
GREATEST
SNOW DEPTH 0 0 MM
24 HR TOTAL MM MM 0.0
DEGREE DAYS
HEATING TOTAL 22 51 -29 31
SINCE 7/1 0 11 -11 2
COOLING TOTAL 913 591 322 711
SINCE 1/1 977 634 343 763
FREEZE DATES
RECORD
EARLIEST 09/22/1904
LATEST 05/25/1956
EARLIEST 03/01
LATEST 05/14
................................................................
WIND (MPH)
AVERAGE WIND SPEED 4.9
RESULTANT WIND SPEED/DIRECTION 1/250
HIGHEST WIND SPEED/DIRECTION 26/270 DATE 06/10
HIGHEST GUST SPEED/DIRECTION 38/250 DATE 08/02
SKY COVER
POSSIBLE SUNSHINE (PERCENT) MM
AVERAGE SKY COVER 0.34
NUMBER OF DAYS FAIR 49
NUMBER OF DAYS PC 41
NUMBER OF DAYS CLOUDY 2
WEATHER CONDITIONS. NUMBER OF DAYS WITH
THUNDERSTORM 12 MIXED PRECIP 0
HEAVY RAIN 12 RAIN 13
LIGHT RAIN 38 FREEZING RAIN 0
LT FREEZING RAIN 0 HAIL 0
HEAVY SNOW 0 SNOW 0
LIGHT SNOW 0 SLEET 0
FOG 28 FOG W/VIS <= 1/4 MILE 2
HAZE 2
- INDICATES NEGATIVE NUMBERS.
R INDICATES RECORD WAS SET OR TIED.
MM INDICATES DATA IS MISSING.
T INDICATES TRACE AMOUNT.
$$