000
CXUS51 KOKX 010702
CF6ISP
PRELIMINARY LOCAL CLIMATOLOGICAL DATA (WS FORM: F-6)
STATION: ISLIP NY
MONTH: SEPTEMBER
YEAR: 2020
LATITUDE: 40 47 N
LONGITUDE: 73 6 W
TEMPERATURE IN F: :PCPN: SNOW: WIND :SUNSHINE: SKY :PK WND
================================================================================
1 2 3 4 5 6A 6B 7 8 9 10 11 12 13 14 15 16 17 18
12Z AVG MX 2MIN
DY MAX MIN AVG DEP HDD CDD WTR SNW DPTH SPD SPD DIR MIN PSBL S-S WX SPD DR
================================================================================
1 78 67 73 3 0 8 T 0.0 0 11.9 21 120 M M 7 24 120
2 79 68 74 4 0 9 0.12 0.0 0 10.2 16 120 M M 10 1 22 110
3 86 71 79 9 0 14 0.30 0.0 0 8.1 18 360 M M 9 1 25 360
4 87 66 77 7 0 12 0.00 0.0 0 8.0 17 290 M M 2 20 290
5 80 64 72 3 0 7 0.00 0.0 0 7.4 16 200 M M 3 21 210
6 81 59 70 1 0 5 0.00 0.0 0 7.6 18 200 M M 2 24 180
7 78 63 71 2 0 6 0.00 0.0 0 6.0 16 130 M M 5 22 140
8 83 62 73 5 0 8 0.00 0.0 0 4.0 14 160 M M 5 1 17 180
9 78 63 71 3 0 6 T 0.0 0 3.3 10 140 M M 8 13 160
10 81 71 76 8 0 11 2.75 0.0 0 6.2 15 270 M M 10 1 19 200
11 78 60 69 1 0 4 T 0.0 0 9.0 23 30 M M 8 30 10
12 71 57 64 -3 1 0 0.00 0.0 0 8.6 17 120 M M 5 22 120
13 75 59 67 0 0 2 0.00 0.0 0 8.4 16 150 M M 8 22 160
14 75 59 67 1 0 2 0.00 0.0 0 12.4 22 330 M M 7 29 340
15 67 51 59 -7 6 0 0.00 0.0 0 6.8 18 10 M M 6 26 10
16 71 50 61 -5 4 0 0.00 0.0 0 6.2 16 210 M M 7 22 200
17 76 60 68 3 0 3 0.19 0.0 0 5.0 17 250 M M 9 1 22 250
18 69 54 62 -3 3 0 0.07 0.0 0 12.2 21 10 M M 8 1 28 10
19 63 49 56 -8 9 0 0.00 0.0 0 10.8 24 30 M M 1 29 30
20 63 46 55 -9 10 0 0.00 0.0 0 10.7 24 30 M M 3 30 70
21 64 44 54 -10 11 0 0.00 0.0 0 7.7 22 20 M M 2 29 30
22 70 43 57 -6 8 0 0.00 0.0 0 10.4 22 330 M M 4 32 320
23 80 47 64 1 1 0 0.00 0.0 0 8.0 20 300 M M 1 27 270
24 76 53 65 3 0 0 0.00 0.0 0 4.6 13 210 M M 7 12 15 220
25 76 55 66 4 0 1 0.00 0.0 0 4.6 10 190 M M 9 128 14 180
26 76 60 68 6 0 3 0.00 0.0 0 5.5 16 140 M M 6 1 20 150
27 78 63 71 10 0 6 0.03 0.0 0 6.5 15 160 M M 8 12 21 160
28 75 67 71 10 0 6 T 0.0 0 9.6 18 170 M M 8 1 24 180
29 75 66 71 11 0 6 0.07 0.0 0 9.6 24 150 M M 8 1 32 170
30 72 60 66 6 0 1 0.34 0.0 0 14.0 32 200 M M 6 1 43 200
================================================================================
SM 2261 1757 53 120 3.87 0.0 243.3 M 182
================================================================================
AV 75.4 58.6 8.1 FASTST M M 6 MAX(MPH)
MISC ----> # 32 200 # 43 200
================================================================================
NOTES:
# LAST OF SEVERAL OCCURRENCES
COLUMN 17 PEAK WIND IN M.P.H.
PRELIMINARY LOCAL CLIMATOLOGICAL DATA (WS FORM: F-6) , PAGE 2
STATION: ISLIP NY
MONTH: SEPTEMBER
YEAR: 2020
LATITUDE: 40 47 N
LONGITUDE: 73 6 W
[TEMPERATURE DATA] [PRECIPITATION DATA] SYMBOLS USED IN COLUMN 16
AVERAGE MONTHLY: 67.0 TOTAL FOR MONTH: 3.87 1 = FOG OR MIST
DPTR FM NORMAL: 1.4 DPTR FM NORMAL: 0.29 2 = FOG REDUCING VISIBILITY
HIGHEST: 87 ON 4 GRTST 24HR 2.75 ON 10-10 TO 1/4 MILE OR LESS
LOWEST: 43 ON 22 3 = THUNDER
SNOW, ICE PELLETS, HAIL 4 = ICE PELLETS
TOTAL MONTH: 0.0 INCH 5 = HAIL
GRTST 24HR 0.0 6 = FREEZING RAIN OR DRIZZLE
GRTST DEPTH: 0 7 = DUSTSTORM OR SANDSTORM:
VSBY 1/2 MILE OR LESS
8 = SMOKE OR HAZE
[NO. OF DAYS WITH] [WEATHER - DAYS WITH] 9 = BLOWING SNOW
X = TORNADO
MAX 32 OR BELOW: 0 0.01 INCH OR MORE: 8
MAX 90 OR ABOVE: 0 0.10 INCH OR MORE: 5
MIN 32 OR BELOW: 0 0.50 INCH OR MORE: 1
MIN 0 OR BELOW: 0 1.00 INCH OR MORE: 1
[HDD (BASE 65) ]
TOTAL THIS MO. 53 CLEAR (SCALE 0-3) 6
DPTR FM NORMAL -19 PTCLDY (SCALE 4-7) 16
TOTAL FM JUL 1 53 CLOUDY (SCALE 8-10) 8
DPTR FM NORMAL -24
[CDD (BASE 65) ]
TOTAL THIS MO. 120
DPTR FM NORMAL 29 [PRESSURE DATA]
TOTAL FM JAN 1 1050 HIGHEST SLP 30.07 ON 1
DPTR FM NORMAL 273 LOWEST SLP 29.58 ON 29
[REMARKS]
#FINAL-09-20#