000
CXUS53 KGRB 061912
CF6ISW
PRELIMINARY LOCAL CLIMATOLOGICAL DATA (WS FORM: F-6)
STATION: WISCONSIN RAPIDS ASOS
MONTH: OCTOBER
YEAR: 2022
LATITUDE: 44 22 N
LONGITUDE: 89 50 W
TEMPERATURE IN F: :PCPN: SNOW: WIND :SUNSHINE: SKY :PK WND
================================================================================
1 2 3 4 5 6A 6B 7 8 9 10 11 12 13 14 15 16 17 18
12Z AVG MX 2MIN
DY MAX MIN AVG DEP HDD CDD WTR SNW DPTH SPD SPD DIR MIN PSBL S-S WX SPD DR
================================================================================
1 73 39 56 2 9 0 0.00 0.0 0 2.1 9 90 M M 0 1 15 30
2 67 46 57 3 8 0 0.00 0.0 0 5.6 13 80 M M 5 1 16 100
3 69 43 56 3 9 0 0.00 0.0 0 2.4 10 220 M M 1 14 210
4 72 46 59 6 6 0 0.00 0.0 0 2.2 12 210 M M 0 16 200
5 75 42 59 7 6 0 0.00 0.0 0 4.4 16 240 M M 1 24 240
6 62 39 51 -1 14 0 0.03 0.0 0 11.6 23 360 M M 6 34 360
7 49 32 41 -10 24 0 0.00 0.0 0 7.7 16 360 M M 5 23 340
8 57 31 44 -7 21 0 0.00 0.0 0 9.4 24 260 M M 0 37 240
9 63 32 48 -2 17 0 0.00 0.0 0 1.3 8 50 M M 2 12 40
10 67 36 52 2 13 0 0.00 0.0 0 5.4 12 150 M M 0 1 16 160
11 76 40 58 8 7 0 0.00 0.0 0 9.5 23 190 M M 5 34 190
12 64 43 54 5 11 0 0.22 0.0 0 10.9 26 320 M M 7 1 37 330
13 44 35 40 -9 25 0 T 0.0 0 8.9 20 300 M M 9 27 280
14 37 30 34 -14 31 0 0.02 T 0 5.0 16 250 M M 8 1 21 250
15 53 29 41 -7 24 0 0.00 0.0 0 8.6 18 320 M M 7 1 27 320
16 47 35 41 -7 24 0 0.02 0.0 0 10.9 21 310 M M 9 30 320
17 38 33 36 -11 29 0 0.06 T 0 16.9 26 330 M M 10 39 320
18 47 29 38 -9 27 0 0.00 0.0 0 14.8 25 320 M M 4 36 10
19 46 25 36 -10 29 0 0.00 0.0 0 9.1 17 290 M M 2 25 290
20 59 33 46 0 19 0 0.00 0.0 0 4.5 9 260 M M 4 M M
21 71 33 52 7 13 0 0.00 0.0 0 6.2 17 230 M M 0 8 28 210
22 78 37 58 13 7 0 0.00 0.0 0 5.9 14 220 M M 0 19 170
23 75 56 66 22 0 1 0.08 0.0 0 9.8 22 140 M M 3 3 35 140
24 71 51 61 17 4 0 0.80 0.0 0 9.2 17 180 M M 7 1 28 170
25 51 41 46 2 19 0 0.04 0.0 0 8.4 16 350 M M 6 1 23 360
26 49 28 39 -4 26 0 0.00 0.0 0 6.5 18 330 M M 3 1 25 310
27 57 26 42 -1 23 0 0.00 0.0 0 4.3 13 120 M M 2 16 130
28 59 34 47 5 18 0 0.00 0.0 0 3.7 12 210 M M 2 16 210
29 63 30 47 5 18 0 0.00 0.0 0 2.7 12 200 M M 0 1 16 240
30 61 33 47 6 18 0 0.00 0.0 0 1.1 7 200 M M 0 1 10 210
31 67 36 52 11 13 0 0.00 0.0 0 2.2 10 270 M M 1 1 14 270
================================================================================
SM 1867 1123 512 1 1.27 T 211.2 M 109
================================================================================
AV 60.2 36.2 6.8 FASTST M M 4 MAX(MPH)
MISC ----> # 26 320 39 320
================================================================================
NOTES:
# LAST OF SEVERAL OCCURRENCES
COLUMN 17 PEAK WIND IN M.P.H.
PRELIMINARY LOCAL CLIMATOLOGICAL DATA (WS FORM: F-6) , PAGE 2
STATION: WISCONSIN RAPIDS ASOS
MONTH: OCTOBER
YEAR: 2022
LATITUDE: 44 22 N
LONGITUDE: 89 50 W
[TEMPERATURE DATA] [PRECIPITATION DATA] SYMBOLS USED IN COLUMN 16
AVERAGE MONTHLY: 48.2 TOTAL FOR MONTH: 1.27 1 = FOG OR MIST
DPTR FM NORMAL: 0.7 DPTR FM NORMAL: -1.24 2 = FOG REDUCING VISIBILITY
HIGHEST: 78 ON 22 GRTST 24HR 0.82 ON 24-25 TO 1/4 MILE OR LESS
LOWEST: 25 ON 19 3 = THUNDER
SNOW, ICE PELLETS, HAIL 4 = ICE PELLETS
TOTAL MONTH: T 5 = HAIL
GRTST 24HR T ON 14-14 6 = FREEZING RAIN OR DRIZZLE
GRTST DEPTH: 0 7 = DUSTSTORM OR SANDSTORM:
VSBY 1/2 MILE OR LESS
8 = SMOKE OR HAZE
[NO. OF DAYS WITH] [WEATHER - DAYS WITH] 9 = BLOWING SNOW
X = TORNADO
MAX 32 OR BELOW: 0 0.01 INCH OR MORE: 8
MAX 90 OR ABOVE: 0 0.10 INCH OR MORE: 2
MIN 32 OR BELOW: 10 0.50 INCH OR MORE: 1
MIN 0 OR BELOW: 0 1.00 INCH OR MORE: 0
[HDD (BASE 65) ]
TOTAL THIS MO. 512 CLEAR (SCALE 0-3) 17
DPTR FM NORMAL -35 PTCLDY (SCALE 4-7) 11
TOTAL FM JUL 1 686 CLOUDY (SCALE 8-10) 3
DPTR FM NORMAL -92
[CDD (BASE 65) ]
TOTAL THIS MO. 1
DPTR FM NORMAL -3 [PRESSURE DATA]
TOTAL FM JAN 1 580 HIGHEST SLP 30.52 ON 7
DPTR FM NORMAL 78 LOWEST SLP 29.52 ON 12
[REMARKS]
#FINAL-10-22#