000
CXUS53 KGRB 100331
CF6ISW
PRELIMINARY LOCAL CLIMATOLOGICAL DATA (WS FORM: F-6)
STATION: WISCONSIN RAPIDS ASOS
MONTH: DECEMBER
YEAR: 2020
LATITUDE: 44 22 N
LONGITUDE: 89 50 W
TEMPERATURE IN F: :PCPN: SNOW: WIND :SUNSHINE: SKY :PK WND
================================================================================
1 2 3 4 5 6A 6B 7 8 9 10 11 12 13 14 15 16 17 18
12Z AVG MX 2MIN
DY MAX MIN AVG DEP HDD CDD WTR SNW DPTH SPD SPD DIR MIN PSBL S-S WX SPD DR
================================================================================
1 35 12 24 -1 41 0 0.00 0.0 0 3.3 9 340 M M 0 13 290
2 43 13 28 3 37 0 0.00 0.0 0 6.1 16 300 M M 0 23 300
3 42 30 36 12 29 0 0.00 0.0 0 9.5 17 250 M M 6 24 230
4 42 20 31 7 34 0 0.00 0.0 0 5.9 14 360 M M 0 20 330
5 32 16 24 1 41 0 0.00 0.0 0 2.3 7 90 M M 3 9 110
6 35 15 25 2 40 0 0.00 0.0 0 4.5 14 20 M M 4 18 10
7 31 29 30 8 35 0 0.00 0.0 0 2.6 12 20 M M 10 16 360
8 33 28 31 9 34 0 0.00 0.0 0 7.9 16 240 M M 8 18 23 220
9 50 25 38 16 27 0 0.00 0.0 0 3.7 13 300 M M 1 1 17 290
10 52 23 38 17 27 0 0.00 0.0 0 5.4 18 210 M M 0 25 210
11 37 30 34 13 31 0 0.00 0.0 0 9.4 17 60 M M 2 27 50
12 32 22 27 6 38 0 0.00 0.0 0 12.5 23 20 M M 5 32 10
13 26 22 24 4 41 0 T T T 7.0 15 290 M M 10 1 23 300
14 25 9 17 -3 48 0 T T T 10.4 21 310 M M 4 1 29 300
15 21 8 15 -5 50 0 0.00 0.0 T 4.1 9 20 M M 5 11 100
16 31 20 26 7 39 0 0.00 0.0 0 3.7 8 90 M M 9 11 60
17 31 14 23 4 42 0 0.00 0.0 0 2.2 7 140 M M 8 10 120
18 34 14 24 5 41 0 T 0.0 0 6.4 16 180 M M 5 16 23 150
19 34 31 33 14 32 0 T T 0 2.8 12 350 M M 10 168 16 340
20 32 22 27 9 38 0 0.00 0.0 0 7.2 15 240 M M 6 1 21 250
21 37 28 33 15 32 0 0.02 T 0 9.2 21 320 M M 10 1 29 320
22 36 27 32 14 33 0 0.00 0.0 0 7.5 16 320 M M 8 24 160
23 51 17 34 16 31 0 T T 0 14.0 31 220 M M 8 18 49 220
24 19 2 11 -7 54 0 T T T 13.8 26 300 M M 8 1 38 290
25 17 2 10 -7 55 0 0.00 0.0 0 8.8 15 260 M M 4 1 20 290
26 26 9 18 1 47 0 0.00 0.0 0 4.2 13 300 M M 5 17 310
27 27 15 21 4 44 0 0.20 2.5 2 7.7 14 360 M M 7 12 20 20
28 24 13 19 2 46 0 T T 2 7.6 14 250 M M 6 21 240
29 25 -2 12 -5 53 0 0.18 1.9 3 4.2 13 140 M M 5 128 21 140
30 27 22 25 8 40 0 T T 3 10.6 20 270 M M 10 1 32 270
31 23 8 16 0 49 0 0.00 0.0 0 5.5 13 290 M M 5 1 18 280
================================================================================
SM 1010 544 1229 0 0.40 4.4 210.0 M 172
================================================================================
AV 32.6 17.5 6.8 FASTST M M 6 MAX(MPH)
MISC ----> 31 220 49 220
================================================================================
NOTES:
# LAST OF SEVERAL OCCURRENCES
COLUMN 17 PEAK WIND IN M.P.H.
PRELIMINARY LOCAL CLIMATOLOGICAL DATA (WS FORM: F-6) , PAGE 2
STATION: WISCONSIN RAPIDS ASOS
MONTH: DECEMBER
YEAR: 2020
LATITUDE: 44 22 N
LONGITUDE: 89 50 W
[TEMPERATURE DATA] [PRECIPITATION DATA] SYMBOLS USED IN COLUMN 16
AVERAGE MONTHLY: 25.1 TOTAL FOR MONTH: 0.40 1 = FOG OR MIST
DPTR FM NORMAL: 5.2 DPTR FM NORMAL: -0.59 2 = FOG REDUCING VISIBILITY
HIGHEST: 52 ON 10 GRTST 24HR 0.20 ON 27-27 TO 1/4 MILE OR LESS
LOWEST: -2 ON 29 3 = THUNDER
SNOW, ICE PELLETS, HAIL 4 = ICE PELLETS
TOTAL MONTH: 4.4 INCHES 5 = HAIL
GRTST 24HR 2.5 ON 27-27 6 = FREEZING RAIN OR DRIZZLE
GRTST DEPTH: 3 ON 30,29 7 = DUSTSTORM OR SANDSTORM:
VSBY 1/2 MILE OR LESS
8 = SMOKE OR HAZE
[NO. OF DAYS WITH] [WEATHER - DAYS WITH] 9 = BLOWING SNOW
X = TORNADO
MAX 32 OR BELOW: 17 0.01 INCH OR MORE: 3
MAX 90 OR ABOVE: 0 0.10 INCH OR MORE: 2
MIN 32 OR BELOW: 31 0.50 INCH OR MORE: 0
MIN 0 OR BELOW: 1 1.00 INCH OR MORE: 0
[HDD (BASE 65) ]
TOTAL THIS MO. 1229 CLEAR (SCALE 0-3) 6
DPTR FM NORMAL -169 PTCLDY (SCALE 4-7) 19
TOTAL FM JUL 1 2897 CLOUDY (SCALE 8-10) 6
DPTR FM NORMAL -279
[CDD (BASE 65) ]
TOTAL THIS MO. 0
DPTR FM NORMAL 0 [PRESSURE DATA]
TOTAL FM JAN 1 620 HIGHEST SLP 30.55 ON 29
DPTR FM NORMAL 158 LOWEST SLP 29.19 ON 23
[REMARKS]
#FINAL-12-20#