000
CXUS52 TJSJ 010427
CF6ISX
PRELIMINARY LOCAL CLIMATOLOGICAL DATA (WS FORM: F-6)
STATION: HENRY E. ROHLSEN AP/ST CROIX
MONTH: MARCH
YEAR: 2020
LATITUDE: 17 42 N
LONGITUDE: 64 48 W
TEMPERATURE IN F: :PCPN: SNOW: WIND :SUNSHINE: SKY :PK WND
================================================================================
1 2 3 4 5 6A 6B 7 8 9 10 11 12 13 14 15 16 17 18
12Z AVG MX 2MIN
DY MAX MIN AVG DEP HDD CDD WTR SNW DPTH SPD SPD DIR MIN PSBL S-S WX SPD DR
================================================================================
1 86 71 79 1 0 14 0.08 0.0 0 6.9 16 110 M M 4 20 110
2 85 72 79 1 0 14 0.04 0.0 0 8.8 17 100 M M 4 22 100
3 87 72 80 2 0 15 0.00 0.0 0 10.5 21 100 M M 3 27 90
4 87 70 79 1 0 14 T 0.0 0 10.9 23 100 M M 2 27 110
5 87 73 80 2 0 15 0.00 0.0 0 11.1 22 100 M M 3 26 100
6 86 71 79 1 0 14 0.10 0.0 0 9.8 21 90 M M 3 1 27 100
7 86 71 79 1 0 14 0.01 0.0 0 7.8 18 110 M M 4 1 22 100
8 83 73 78 0 0 13 0.21 0.0 0 7.6 20 110 M M 8 26 110
9 82 74 78 0 0 13 0.07 0.0 0 11.3 23 70 M M 6 18 29 80
10 86 73 80 2 0 15 0.01 0.0 0 11.0 22 100 M M 4 26 110
11 85 73 79 1 0 14 T 0.0 0 10.7 21 100 M M 5 25 90
12 86 73 80 2 0 15 0.00 0.0 0 9.3 17 110 M M 3 22 120
13 86 71 79 1 0 14 T 0.0 0 7.5 16 80 M M 3 23 90
14 87 72 80 2 0 15 0.17 0.0 0 6.9 18 40 M M 4 1 23 30
15 85 72 79 1 0 14 0.10 0.0 0 9.2 18 30 M M 4 1 26 40
16 86 72 79 1 0 14 T 0.0 0 8.4 16 340 M M 4 22 350
17 87 73 80 2 0 15 0.23 0.0 0 8.9 16 50 M M 5 23 40
18 82 72 77 -1 0 12 0.64 0.0 0 8.2 20 40 M M 5 18 29 70
19 86 73 80 1 0 15 0.02 0.0 0 11.2 21 100 M M 6 27 100
20 85 72 79 0 0 14 0.43 0.0 0 14.2 24 70 M M 5 33 70
21 83 71 77 -2 0 12 0.61 0.0 0 14.2 25 70 M M 8 32 50
22 82 74 78 -1 0 13 0.57 0.0 0 13.1 29 80 M M 5 1 38 90
23 84 73 79 0 0 14 0.04 0.0 0 14.8 24 70 M M 5 1 30 70
24 81 72 77 -2 0 12 0.31 0.0 0 10.2 21 90 M M 9 1 26 90
25 84 70 77 -2 0 12 0.02 0.0 0 9.9 21 90 M M 7 24 80
26 83 68 76 -3 0 11 0.00 0.0 0 6.9 13 100 M M 1 17 90
27 85 71 78 -1 0 13 0.00 0.0 0 5.9 13 20 M M 2 16 20
28 85 72 79 0 0 14 0.10 0.0 0 11.4 22 100 M M 3 1 26 100
29 85 75 80 1 0 15 0.00 0.0 0 12.6 23 100 M M 4 28 100
30 85 74 80 1 0 15 T 0.0 0 11.5 20 60 M M 3 24 70
31 85 69 77 -2 0 12 0.00 0.0 0 8.4 18 100 M M 2 21 110
================================================================================
SM 2632 2232 0 426 3.76 0.0 309.1 M 134
================================================================================
AV 84.9 72.0 10.0 FASTST M M 4 MAX(MPH)
MISC ----> # 29 80 # 38 90
================================================================================
NOTES:
# LAST OF SEVERAL OCCURRENCES
COLUMN 17 PEAK WIND IN M.P.H.
PRELIMINARY LOCAL CLIMATOLOGICAL DATA (WS FORM: F-6) , PAGE 2
STATION: HENRY E. ROHLSEN AP/ST CROIX
MONTH: MARCH
YEAR: 2020
LATITUDE: 17 42 N
LONGITUDE: 64 48 W
[TEMPERATURE DATA] [PRECIPITATION DATA] SYMBOLS USED IN COLUMN 16
AVERAGE MONTHLY: 78.5 TOTAL FOR MONTH: 3.76 1 = FOG OR MIST
DPTR FM NORMAL: -0.1 DPTR FM NORMAL: 2.20 2 = FOG REDUCING VISIBILITY
HIGHEST: 87 ON 17,14 GRTST 24HR 0.64 ON 18-18 TO 1/4 MILE OR LESS
LOWEST: 68 ON 26 3 = THUNDER
SNOW, ICE PELLETS, HAIL 4 = ICE PELLETS
TOTAL MONTH: 0.0 INCH 5 = HAIL
GRTST 24HR 0.0 6 = FREEZING RAIN OR DRIZZLE
GRTST DEPTH: 0 7 = DUSTSTORM OR SANDSTORM:
VSBY 1/2 MILE OR LESS
8 = SMOKE OR HAZE
[NO. OF DAYS WITH] [WEATHER - DAYS WITH] 9 = BLOWING SNOW
X = TORNADO
MAX 32 OR BELOW: 0 0.01 INCH OR MORE: 19
MAX 90 OR ABOVE: 0 0.10 INCH OR MORE: 11
MIN 32 OR BELOW: 0 0.50 INCH OR MORE: 3
MIN 0 OR BELOW: 0 1.00 INCH OR MORE: 0
[HDD (BASE 65) ]
TOTAL THIS MO. 0 CLEAR (SCALE 0-3) 9
DPTR FM NORMAL 0 PTCLDY (SCALE 4-7) 21
TOTAL FM JUL 1 0 CLOUDY (SCALE 8-10) 1
DPTR FM NORMAL 0
[CDD (BASE 65) ]
TOTAL THIS MO. 426
DPTR FM NORMAL 6 [PRESSURE DATA]
TOTAL FM JAN 1 1267 HIGHEST SLP M ON M
DPTR FM NORMAL 70 LOWEST SLP 29.87 ON 12
[REMARKS]
#FINAL-03-20#