000
CXUS55 KGLD 010800
CF6ITR
PRELIMINARY LOCAL CLIMATOLOGICAL DATA (WS FORM: F-6)
STATION: BURLINGTON CO
MONTH: MARCH
YEAR: 2023
LATITUDE: 39 15 N
LONGITUDE: 102 17 W
TEMPERATURE IN F: :PCPN: SNOW: WIND :SUNSHINE: SKY :PK WND
================================================================================
1 2 3 4 5 6A 6B 7 8 9 10 11 12 13 14 15 16 17 18
12Z AVG MX 2MIN
DY MAX MIN AVG DEP HDD CDD WTR SNW DPTH SPD SPD DIR MIN PSBL S-S WX SPD DR
================================================================================
1 44 19 32 -4 33 0 0.00 M M 9.2 18 130 M M 3 26 130
2 47 25 36 0 29 0 0.00 M M 7.4 18 130 M M 3 22 130
3 51 25 38 2 27 0 T M M 10.5 23 360 M M 2 1 30 360
4 41 13 27 -10 38 0 T M M 10.8 29 150 M M 2 12 37 160
5 66 27 47 10 18 0 0.00 M M 11.0 25 150 M M 0 36 150
6 46 26 36 -2 29 0 0.00 M M 11.7 21 80 M M 1 1 28 80
7 29 24 27 -11 38 0 0.00 M M 7.2 17 80 M M 10 1 23 110
8 29 26 28 -10 37 0 T M M 8.6 16 110 M M 10 16 20 110
9 50 23 37 -2 28 0 T M M 9.3 18 30 M M 4 1 27 340
10 56 24 40 1 25 0 0.00 M M 17.3 31 160 M M 1 1 40 180
11 52 31 42 2 23 0 0.00 M M 12.2 30 360 M M 3 39 10
12 42 22 32 -8 33 0 0.00 M M 10.2 18 10 M M 3 24 350
13 47 19 33 -7 32 0 0.00 M M 13.8 24 180 M M 3 39 190
14 67 22 45 4 20 0 0.00 M M 13.5 21 170 M M 0 27 210
15 74 36 55 14 10 0 0.00 M M 12.0 41 360 M M 2 59 360
16 46 17 32 -9 33 0 T M M 22.2 40 350 M M 7 1 56 10
17 45 16 31 -11 34 0 0.00 M M 13.5 26 310 M M 2 38 310
18 40 11 26 -16 39 0 0.00 M M 12.1 24 350 M M 0 37 320
19 57 11 34 -8 31 0 0.00 M M 15.4 30 210 M M 0 39 200
20 59 22 41 -2 24 0 0.00 M M 8.3 17 70 M M 1 25 80
21 60 24 42 -1 23 0 0.00 M M 11.2 30 320 M M 2 39 320
22 55 27 41 -2 24 0 0.00 M M 12.7 24 110 M M 3 128 30 120
23 55 20 38 -6 27 0 T M M 9.5 20 110 M M 3 26 120
24 47 31 39 -5 26 0 0.01 M M 7.0 16 50 M M 6 1 20 60
25 36 20 28 -16 37 0 0.22 M M 14.2 32 340 M M 4 12 44 320
26 42 16 29 -15 36 0 0.00 M M 9.8 15 70 M M 0 23 70
27 38 18 28 -17 37 0 0.01 M M 16.4 40 310 M M 8 1238 55 310
28 50 14 32 -13 33 0 0.00 M M 13.7 26 190 M M 0 40 160
29 43 27 35 -10 30 0 0.00 M M 11.9 21 80 M M 1 26 120
30 77 21 49 4 16 0 0.00 M M 12.9 30 200 M M 1 12 43 220
31 58 26 42 -4 23 0 0.00 M M 17.9 45 320 M M 1 56 320
================================================================================
SM 1549 683 893 0 0.24 M 373.4 M 86
================================================================================
AV 50.0 22.0 12.0 FASTST M M 3 MAX(MPH)
MISC ----> 45 320 59 360
================================================================================
NOTES:
# LAST OF SEVERAL OCCURRENCES
COLUMN 17 PEAK WIND IN M.P.H.
PRELIMINARY LOCAL CLIMATOLOGICAL DATA (WS FORM: F-6) , PAGE 2
STATION: BURLINGTON CO
MONTH: MARCH
YEAR: 2023
LATITUDE: 39 15 N
LONGITUDE: 102 17 W
[TEMPERATURE DATA] [PRECIPITATION DATA] SYMBOLS USED IN COLUMN 16
AVERAGE MONTHLY: 36.0 TOTAL FOR MONTH: 0.24 1 = FOG OR MIST
DPTR FM NORMAL: -5.1 DPTR FM NORMAL: -0.51 2 = FOG REDUCING VISIBILITY
HIGHEST: 77 ON 30 GRTST 24HR 0.22 ON 25-25 TO 1/4 MILE OR LESS
LOWEST: 11 ON 19,18 3 = THUNDER
SNOW, ICE PELLETS, HAIL 4 = ICE PELLETS
TOTAL MONTH: M 5 = HAIL
GRTST 24HR M ON M 6 = FREEZING RAIN OR DRIZZLE
GRTST DEPTH: M ON M 7 = DUSTSTORM OR SANDSTORM:
VSBY 1/2 MILE OR LESS
8 = SMOKE OR HAZE
[NO. OF DAYS WITH] [WEATHER - DAYS WITH] 9 = BLOWING SNOW
X = TORNADO
MAX 32 OR BELOW: 2 0.01 INCH OR MORE: 3
MAX 90 OR ABOVE: 0 0.10 INCH OR MORE: 1
MIN 32 OR BELOW: 30 0.50 INCH OR MORE: 0
MIN 0 OR BELOW: 0 1.00 INCH OR MORE: 0
[HDD (BASE 65) ]
TOTAL THIS MO. 893 CLEAR (SCALE 0-3) 22
DPTR FM NORMAL 152 PTCLDY (SCALE 4-7) 7
TOTAL FM JUL 1 5482 CLOUDY (SCALE 8-10) 2
DPTR FM NORMAL 370
[CDD (BASE 65) ]
TOTAL THIS MO. 0
DPTR FM NORMAL 0 [PRESSURE DATA]
TOTAL FM JAN 1 0 HIGHEST SLP M ON M
DPTR FM NORMAL 0 LOWEST SLP 29.28 ON 30
[REMARKS]
#FINAL-03-23#