845
CXUS54 KJAN 011530
CF6JAN
PRELIMINARY LOCAL CLIMATOLOGICAL DATA (WS FORM: F-6)
STATION: JACKSON
MONTH: OCTOBER
YEAR: 2020
LATITUDE: 32 19 N
LONGITUDE: 90 5 W
TEMPERATURE IN F: :PCPN: SNOW: WIND :SUNSHINE: SKY :PK WND
================================================================================
1 2 3 4 5 6A 6B 7 8 9 10 11 12 13 14 15 16 17 18
12Z AVG MX 2MIN
DY MAX MIN AVG DEP HDD CDD WTR SNW DPTH SPD SPD DIR MIN PSBL S-S WX SPD DR
================================================================================
1 81 54 68 -2 0 3 0.00 0.0 0 5.2 16 10 M M 0 23 10
2 75 49 62 -8 3 0 0.00 0.0 0 4.1 13 360 M M 0 17 30
3 76 46 61 -9 4 0 0.00 0.0 0 2.5 12 130 M M 0 15 150
4 81 50 66 -3 0 1 0.00 0.0 0 4.6 14 360 M M 0 19 360
5 78 54 66 -3 0 1 0.00 0.0 0 5.2 10 20 M M 1 16 30
6 83 53 68 0 0 3 0.00 0.0 0 3.5 12 360 M M 1 1 17 20
7 88 59 74 6 0 9 0.00 0.0 0 4.0 13 350 M M 2 17 340
8 82 66 74 6 0 9 0.68 0.0 0 3.3 9 100 M M 7 1 13 50
9 79 68 74 7 0 9 0.42 0.0 0 9.7 25 100 M M 8 1 40 100
10 77 69 73 6 0 8 0.83 0.0 0 16.3 40 180 M M 10 1 54 180
11 77 63 70 3 0 5 T 0.0 0 4.7 13 270 M M 8 12 17 270
12 88 62 75 9 0 10 0.00 0.0 0 6.6 14 260 M M 5 12 21 230
13 80 53 67 1 0 2 0.00 0.0 0 5.8 15 360 M M 0 20 360
14 82 48 65 -1 0 0 0.00 0.0 0 2.1 9 150 M M 0 1 13 190
15 84 55 70 5 0 5 0.00 0.0 0 6.7 18 360 M M 2 1 24 10
16 70 50 60 -5 5 0 0.02 0.0 0 10.7 22 360 M M 5 32 20
17 74 47 61 -4 4 0 0.00 0.0 0 6.6 15 140 M M 0 21 110
18 81 52 67 3 0 2 0.00 0.0 0 6.4 16 160 M M 2 22 150
19 83 59 71 7 0 6 0.00 0.0 0 3.6 15 160 M M 2 12 22 180
20 86 60 73 9 0 8 0.00 0.0 0 3.9 12 150 M M 0 12 16 180
21 88 64 76 12 0 11 0.00 0.0 0 4.4 12 40 M M 1 1 19 350
22 86 66 76 13 0 11 0.00 0.0 0 5.1 14 140 M M 1 17 150
23 88 64 76 13 0 11 0.93 0.0 0 3.4 23 160 M M 3 13 31 160
24 70 55 63 0 2 0 0.06 0.0 0 7.1 13 340 M M 10 18 18 340
25 67 55 61 -1 4 0 0.00 0.0 0 5.3 10 60 M M 10 18 15 50
26 76 60 68 6 0 3 0.00 0.0 0 6.1 12 30 M M 7 16 70
27 82 60 71 9 0 6 0.50 0.0 0 6.3 13 10 M M 7 1 16 10
28 79 68 74 13 0 9 1.90 0.0 0 8.1 18 270 M M 9 1 27 280
29 68 50 59 -2 6 0 0.03 0.0 0 12.7 22 280 M M 8 1 34 280
30 62 47 55 -6 10 0 0.00 0.0 0 8.7 22 360 M M 5 30 10
31 71 41 56 -4 9 0 0.00 0.0 0 1.7 9 140 M M 1 1 12 140
================================================================================
SM 2442 1747 47 132 5.37 0.0 184.4 M 115
================================================================================
AV 78.8 56.4 5.9 FASTST M M 4 MAX(MPH)
MISC ----> # 40 180 # 54 180
================================================================================
NOTES:
# LAST OF SEVERAL OCCURRENCES
COLUMN 17 PEAK WIND IN M.P.H.
PRELIMINARY LOCAL CLIMATOLOGICAL DATA (WS FORM: F-6) , PAGE 2
STATION: JACKSON
MONTH: OCTOBER
YEAR: 2020
LATITUDE: 32 19 N
LONGITUDE: 90 5 W
[TEMPERATURE DATA] [PRECIPITATION DATA] SYMBOLS USED IN COLUMN 16
AVERAGE MONTHLY: 67.6 TOTAL FOR MONTH: 5.37 1 = FOG OR MIST
DPTR FM NORMAL: 2.5 DPTR FM NORMAL: 1.45 2 = FOG REDUCING VISIBILITY
HIGHEST: 88 ON 23,21 GRTST 24HR 1.90 ON 28-28 TO 1/4 MILE OR LESS
LOWEST: 41 ON 31 3 = THUNDER
SNOW, ICE PELLETS, HAIL 4 = ICE PELLETS
TOTAL MONTH: 0.0 INCH 5 = HAIL
GRTST 24HR 0.0 6 = FREEZING RAIN OR DRIZZLE
GRTST DEPTH: 0 7 = DUSTSTORM OR SANDSTORM:
VSBY 1/2 MILE OR LESS
8 = SMOKE OR HAZE
[NO. OF DAYS WITH] [WEATHER - DAYS WITH] 9 = BLOWING SNOW
X = TORNADO
MAX 32 OR BELOW: 0 0.01 INCH OR MORE: 9
MAX 90 OR ABOVE: 0 0.10 INCH OR MORE: 6
MIN 32 OR BELOW: 0 0.50 INCH OR MORE: 5
MIN 0 OR BELOW: 0 1.00 INCH OR MORE: 1
[HDD (BASE 65) ]
TOTAL THIS MO. 47 CLEAR (SCALE 0-3) 18
DPTR FM NORMAL -53 PTCLDY (SCALE 4-7) 9
TOTAL FM JUL 1 47 CLOUDY (SCALE 8-10) 4
DPTR FM NORMAL -60
[CDD (BASE 65) ]
TOTAL THIS MO. 132
DPTR FM NORMAL 27 [PRESSURE DATA]
TOTAL FM JAN 1 2484 HIGHEST SLP M ON M
DPTR FM NORMAL 253 LOWEST SLP 29.40 ON 10
[REMARKS]
#FINAL-10-20#