000
CXUS52 KJAX 010800
CF6JAX
PRELIMINARY LOCAL CLIMATOLOGICAL DATA (WS FORM: F-6)
STATION: JACKSONVILLE
MONTH: APRIL
YEAR: 2020
LATITUDE: 30 30 N
LONGITUDE: 81 42 W
TEMPERATURE IN F: :PCPN: SNOW: WIND :SUNSHINE: SKY :PK WND
================================================================================
1 2 3 4 5 6A 6B 7 8 9 10 11 12 13 14 15 16 17 18
12Z AVG MX 2MIN
DY MAX MIN AVG DEP HDD CDD WTR SNW DPTH SPD SPD DIR MIN PSBL S-S WX SPD DR
================================================================================
1 72 51 62 -2 3 0 0.00 0.0 0 7.6 17 310 M M 3 26 310
2 76 48 62 -2 3 0 0.00 0.0 0 3.2 13 70 M M 2 16 320
3 81 48 65 0 0 0 0.00 0.0 0 2.3 13 130 M M 4 17 70
4 85 54 70 5 0 5 0.00 0.0 0 4.3 15 80 M M 7 18 80
5 75 59 67 2 0 2 0.02 0.0 0 4.2 14 80 M M 9 1 20 80
6 81 55 68 3 0 3 0.00 0.0 0 4.7 16 140 M M 6 12 21 150
7 86 61 74 9 0 9 0.00 0.0 0 4.6 10 150 M M 7 13 130
8 89 60 75 9 0 10 0.88 0.0 0 7.5 33 310 M M 8 13 45 310
9 92 69 81 15 0 16 0.00 0.0 0 10.8 23 270 M M 7 29 260
10 78 52 65 -1 0 0 T 0.0 0 7.4 20 310 M M 7 1 26 290
11 77 46 62 -4 3 0 0.00 0.0 0 4.9 15 140 M M 7 18 150
12 85 66 76 10 0 11 0.00 0.0 0 13.9 25 140 M M 7 32 140
13 83 66 75 9 0 10 0.87 0.0 0 10.2 23 170 M M 9 13 30 180
14 79 71 75 9 0 10 0.15 0.0 0 5.4 20 210 M M 10 138 22 200
15 77 59 68 1 0 3 2.50 0.0 0 6.1 28 330 M M 10 138 33 340
16 72 51 62 -5 3 0 0.05 0.0 0 9.5 23 60 M M 6 1 31 50
17 79 52 66 -1 0 1 0.00 0.0 0 7.4 17 90 M M 6 25 80
18 85 67 76 9 0 11 0.11 0.0 0 8.1 13 250 M M 9 1 18 250
19 88 68 78 10 0 13 T 0.0 0 5.2 15 200 M M 9 12 18 230
20 82 64 73 5 0 8 0.38 0.0 0 10.7 29 300 M M 7 13 39 290
21 85 59 72 4 0 7 0.00 0.0 0 5.5 16 260 M M 6 21 300
22 79 55 67 -1 0 2 0.00 0.0 0 6.1 17 80 M M 5 24 70
23 88 63 76 8 0 11 0.11 0.0 0 10.6 32 300 M M 9 13 42 310
24 80 67 74 5 0 9 0.39 0.0 0 8.7 17 250 M M 9 13 33 30
25 90 65 78 9 0 13 0.00 0.0 0 8.1 18 230 M M 5 1 24 220
26 84 59 72 3 0 7 0.00 0.0 0 9.3 21 280 M M 6 1 26 280
27 78 54 66 -3 0 1 0.00 0.0 0 6.4 16 340 M M 1 23 310
28 80 52 66 -4 0 1 0.00 0.0 0 6.6 17 130 M M 4 22 150
29 86 62 74 4 0 9 0.00 0.0 0 12.1 25 170 M M 6 31 180
30 81 61 71 1 0 6 0.68 0.0 0 10.7 23 250 M M 6 13 29 250
================================================================================
SM 2453 1764 12 178 6.14 0.0 222.1 M 197
================================================================================
AV 81.8 58.8 7.4 FASTST M M 7 MAX(MPH)
MISC ----> 33 310 45 310
================================================================================
NOTES:
# LAST OF SEVERAL OCCURRENCES
COLUMN 17 PEAK WIND IN M.P.H.
PRELIMINARY LOCAL CLIMATOLOGICAL DATA (WS FORM: F-6) , PAGE 2
STATION: JACKSONVILLE
MONTH: APRIL
YEAR: 2020
LATITUDE: 30 30 N
LONGITUDE: 81 42 W
[TEMPERATURE DATA] [PRECIPITATION DATA] SYMBOLS USED IN COLUMN 16
AVERAGE MONTHLY: 70.3 TOTAL FOR MONTH: 6.14 1 = FOG OR MIST
DPTR FM NORMAL: 3.3 DPTR FM NORMAL: 3.50 2 = FOG REDUCING VISIBILITY
HIGHEST: 92 ON 9 GRTST 24HR 2.54 ON 15-16 TO 1/4 MILE OR LESS
LOWEST: 46 ON 11 3 = THUNDER
SNOW, ICE PELLETS, HAIL 4 = ICE PELLETS
TOTAL MONTH: 0.0 INCH 5 = HAIL
GRTST 24HR 0.0 6 = FREEZING RAIN OR DRIZZLE
GRTST DEPTH: 0 7 = DUSTSTORM OR SANDSTORM:
VSBY 1/2 MILE OR LESS
8 = SMOKE OR HAZE
[NO. OF DAYS WITH] [WEATHER - DAYS WITH] 9 = BLOWING SNOW
X = TORNADO
MAX 32 OR BELOW: 0 0.01 INCH OR MORE: 11
MAX 90 OR ABOVE: 2 0.10 INCH OR MORE: 9
MIN 32 OR BELOW: 0 0.50 INCH OR MORE: 4
MIN 0 OR BELOW: 0 1.00 INCH OR MORE: 1
[HDD (BASE 65) ]
TOTAL THIS MO. 12 CLEAR (SCALE 0-3) 3
DPTR FM NORMAL -43 PTCLDY (SCALE 4-7) 19
TOTAL FM JUL 1 820 CLOUDY (SCALE 8-10) 8
DPTR FM NORMAL -525
[CDD (BASE 65) ]
TOTAL THIS MO. 178
DPTR FM NORMAL 65 [PRESSURE DATA]
TOTAL FM JAN 1 528 HIGHEST SLP 30.26 ON 16
DPTR FM NORMAL 332 LOWEST SLP 29.58 ON 20
[REMARKS]
#FINAL-04-20#