000
CXUS54 KMEG 011632
CF6JBR
PRELIMINARY LOCAL CLIMATOLOGICAL DATA (WS FORM: F-6)
STATION: JONESBORO
MONTH: NOVEMBER
YEAR: 2022
LATITUDE: 35 49 N
LONGITUDE: 90 39 W
TEMPERATURE IN F: :PCPN: SNOW: WIND :SUNSHINE: SKY :PK WND
================================================================================
1 2 3 4 5 6A 6B 7 8 9 10 11 12 13 14 15 16 17 18
12Z AVG MX 2MIN
DY MAX MIN AVG DEP HDD CDD WTR SNW DPTH SPD SPD DIR MIN PSBL S-S WX SPD DR
================================================================================
1 73 47 60 4 5 0 0.00 M M 3.0 10 230 M M 0 18 13 230
2 76 52 64 9 1 0 0.00 M M 3.2 10 120 M M 1 17 160
3 78 48 63 8 2 0 0.00 M M 6.6 17 160 M M 1 21 150
4 79 58 69 15 0 4 0.05 M M 13.2 30 160 M M 6 3 36 170
5 69 50 60 6 5 0 1.53 M M 13.1 33 230 M M 4 13 44 240
6 71 46 59 5 6 0 0.00 M M 6.2 15 160 M M 4 12 19 170
7 65 58 62 9 3 0 0.01 M M 11.2 20 40 M M 10 1 25 50
8 74 56 65 12 0 0 0.00 M M 8.5 16 50 M M 3 19 50
9 80 55 68 16 0 3 0.00 M M 5.8 14 170 M M 0 19 190
10 71 48 60 8 5 0 0.00 M M 3.7 14 180 M M 0 17 170
11 59 39 49 -3 16 0 T M M 9.0 20 350 M M 6 8 25 350
12 39 32 36 -15 29 0 0.20 M M 8.8 16 320 M M 8 148 21 310
13 41 30 36 -15 29 0 0.00 M M 7.5 16 70 M M 3 21 70
14 46 30 38 -12 27 0 0.08 M M 8.3 16 70 M M 3 19 60
15 47 38 43 -7 22 0 T M M 8.3 16 300 M M 9 1 22 320
16 49 30 40 -10 25 0 0.00 M M 6.8 20 310 M M 1 26 310
17 45 25 35 -14 30 0 0.00 M M 5.3 14 290 M M 0 18 290
18 43 31 37 -12 28 0 0.00 M M 7.4 15 330 M M 6 20 330
19 44 29 37 -12 28 0 0.00 M M 7.3 22 210 M M 4 26 230
20 41 24 33 -15 32 0 0.00 M M 2.6 13 80 M M 0 15 70
21 51 22 37 -11 28 0 0.00 M M 2.6 12 200 M M 0 21 230
22 59 27 43 -5 22 0 0.00 M M 1.9 9 250 M M 0 8 16 210
23 63 31 47 0 18 0 T M M 2.5 10 190 M M 1 14 140
24 52 48 50 3 15 0 0.24 M M 5.3 15 160 M M 8 1 21 150
25 57 43 50 3 15 0 T M M 7.7 17 50 M M 7 18 22 50
26 59 41 50 4 15 0 0.42 M M 11.4 26 210 M M 6 18 33 200
27 57 40 49 3 16 0 T M M 13.0 26 220 M M 7 1 35 220
28 57 39 48 2 17 0 0.00 M M 3.7 14 220 M M 3 1 18 200
29 65 44 55 10 10 0 0.10 M M 12.4 24 300 M M 5 13 33 310
30 49 31 40 -5 25 0 0.00 M M 7.8 28 320 M M 0 37 330
================================================================================
SM 1759 1192 474 7 2.63 M 214.1 M 106
================================================================================
AV 58.6 39.7 7.1 FASTST M M 4 MAX(MPH)
MISC ----> 33 230 44 240
================================================================================
NOTES:
# LAST OF SEVERAL OCCURRENCES
COLUMN 17 PEAK WIND IN M.P.H.
PRELIMINARY LOCAL CLIMATOLOGICAL DATA (WS FORM: F-6) , PAGE 2
STATION: JONESBORO
MONTH: NOVEMBER
YEAR: 2022
LATITUDE: 35 49 N
LONGITUDE: 90 39 W
[TEMPERATURE DATA] [PRECIPITATION DATA] SYMBOLS USED IN COLUMN 16
AVERAGE MONTHLY: 49.2 TOTAL FOR MONTH: 2.63 1 = FOG OR MIST
DPTR FM NORMAL: -0.8 DPTR FM NORMAL: -1.77 2 = FOG REDUCING VISIBILITY
HIGHEST: 80 ON 9 GRTST 24HR 1.58 ON 4- 5 TO 1/4 MILE OR LESS
LOWEST: 22 ON 21 3 = THUNDER
SNOW, ICE PELLETS, HAIL 4 = ICE PELLETS
TOTAL MONTH: M 5 = HAIL
GRTST 24HR M ON M 6 = FREEZING RAIN OR DRIZZLE
GRTST DEPTH: M ON M 7 = DUSTSTORM OR SANDSTORM:
VSBY 1/2 MILE OR LESS
8 = SMOKE OR HAZE
[NO. OF DAYS WITH] [WEATHER - DAYS WITH] 9 = BLOWING SNOW
X = TORNADO
MAX 32 OR BELOW: 0 0.01 INCH OR MORE: 8
MAX 90 OR ABOVE: 0 0.10 INCH OR MORE: 5
MIN 32 OR BELOW: 12 0.50 INCH OR MORE: 1
MIN 0 OR BELOW: 0 1.00 INCH OR MORE: 1
[HDD (BASE 65) ]
TOTAL THIS MO. 474 CLEAR (SCALE 0-3) 14
DPTR FM NORMAL 20 PTCLDY (SCALE 4-7) 14
TOTAL FM JUL 1 614 CLOUDY (SCALE 8-10) 2
DPTR FM NORMAL -10
[CDD (BASE 65) ]
TOTAL THIS MO. 7
DPTR FM NORMAL 2 [PRESSURE DATA]
TOTAL FM JAN 1 2151 HIGHEST SLP 30.54 ON 20
DPTR FM NORMAL 157 LOWEST SLP 29.50 ON 26
[REMARKS]
#FINAL-11-22#