000
CXUS54 KMEG 010900
CF6JBR
PRELIMINARY LOCAL CLIMATOLOGICAL DATA (WS FORM: F-6)
STATION: JONESBORO
MONTH: JULY
YEAR: 2022
LATITUDE: 35 49 N
LONGITUDE: 90 39 W
TEMPERATURE IN F: :PCPN: SNOW: WIND :SUNSHINE: SKY :PK WND
================================================================================
1 2 3 4 5 6A 6B 7 8 9 10 11 12 13 14 15 16 17 18
12Z AVG MX 2MIN
DY MAX MIN AVG DEP HDD CDD WTR SNW DPTH SPD SPD DIR MIN PSBL S-S WX SPD DR
================================================================================
1 93 73 83 2 0 18 0.00 M M 6.5 14 190 M M 1 18 200
2 93 75 84 2 0 19 0.00 M M 8.0 15 180 M M 1 25 220
3 92 75 84 2 0 19 0.00 M M 5.7 12 190 M M 2 16 180
4 94 77 86 4 0 21 0.00 M M 4.7 13 220 M M 3 19 280
5 100 80 90 8 0 25 0.00 M M 8.2 16 190 M M 0 23 200
6 100 80 90 8 0 25 0.00 M M 7.9 15 200 M M 0 19 200
7 100 81 91 9 0 26 0.00 M M 9.5 17 190 M M 0 24 110
8 102 81 92 10 0 27 0.06 M M 10.4 20 220 M M 1 3 23 220
9 96 78 87 5 0 22 T M M 10.3 22 20 M M 2 29 30
10 93 74 84 2 0 19 0.00 M M 10.1 20 50 M M 3 24 70
11 94 69 82 0 0 17 0.00 M M 4.1 12 130 M M 0 15 130
12 94 77 86 4 0 21 0.00 M M 7.4 16 90 M M 1 21 100
13 94 76 85 3 0 20 0.00 M M 7.2 14 80 M M 3 25 70
14 95 72 84 2 0 19 0.00 M M 5.0 12 70 M M 1 15 60
15 94 70 82 0 0 17 0.00 M M 3.3 13 130 M M 0 15 140
16 99 75 87 5 0 22 0.00 M M 7.7 17 210 M M 0 23 200
17 95 71 83 1 0 18 1.20 M M 9.5 28 280 M M 3 13 41 260
18 88 72 80 -2 0 15 0.14 M M 4.6 13 230 M M 6 13 20 50
19 94 75 85 3 0 20 0.00 M M 8.0 17 190 M M 3 1 22 190
20 95 81 88 6 0 23 0.00 M M 13.8 23 200 M M 0 30 190
21 94 79 87 5 0 22 0.00 M M 5.9 14 70 M M 0 18 50
22 96 75 86 4 0 21 0.00 M M 5.5 13 230 M M 0 1 17 220
23 94 75 85 3 0 20 0.00 M M 7.6 14 150 M M 1 1 21 230
24 97 76 87 5 0 22 0.00 M M 9.5 20 200 M M 0 23 190
25 94 80 87 5 0 22 0.00 M M 7.1 17 210 M M 1 22 190
26 99 80 90 8 0 25 0.00 M M 12.2 22 210 M M 0 26 210
27 97 76 87 5 0 22 0.01 M M 10.5 21 340 M M 1 28 320
28 89 73 81 -1 0 16 0.77 M M 6.2 20 320 M M 4 13 33 120
29 85 72 79 -3 0 14 3.26 M M 3.9 31 240 M M 8 13 40 250
30 78 67 73 -9 0 8 0.73 M M 7.7 21 50 M M 10 13 26 50
31 80 70 75 -7 0 10 0.10 M M 7.8 15 220 M M 8 1 17 210
================================================================================
SM 2908 2335 0 615 6.27 M 235.8 M 63
================================================================================
AV 93.8 75.3 7.6 FASTST M M 2 MAX(MPH)
MISC ----> 31 240 41 260
================================================================================
NOTES:
# LAST OF SEVERAL OCCURRENCES
COLUMN 17 PEAK WIND IN M.P.H.
PRELIMINARY LOCAL CLIMATOLOGICAL DATA (WS FORM: F-6) , PAGE 2
STATION: JONESBORO
MONTH: JULY
YEAR: 2022
LATITUDE: 35 49 N
LONGITUDE: 90 39 W
[TEMPERATURE DATA] [PRECIPITATION DATA] SYMBOLS USED IN COLUMN 16
AVERAGE MONTHLY: 84.6 TOTAL FOR MONTH: 6.27 1 = FOG OR MIST
DPTR FM NORMAL: 2.9 DPTR FM NORMAL: 2.58 2 = FOG REDUCING VISIBILITY
HIGHEST: 102 ON 8 GRTST 24HR 3.62 ON 28-29 TO 1/4 MILE OR LESS
LOWEST: 67 ON 30 3 = THUNDER
SNOW, ICE PELLETS, HAIL 4 = ICE PELLETS
TOTAL MONTH: M 5 = HAIL
GRTST 24HR M ON M 6 = FREEZING RAIN OR DRIZZLE
GRTST DEPTH: M ON M 7 = DUSTSTORM OR SANDSTORM:
VSBY 1/2 MILE OR LESS
8 = SMOKE OR HAZE
[NO. OF DAYS WITH] [WEATHER - DAYS WITH] 9 = BLOWING SNOW
X = TORNADO
MAX 32 OR BELOW: 0 0.01 INCH OR MORE: 8
MAX 90 OR ABOVE: 26 0.10 INCH OR MORE: 6
MIN 32 OR BELOW: 0 0.50 INCH OR MORE: 4
MIN 0 OR BELOW: 0 1.00 INCH OR MORE: 2
[HDD (BASE 65) ]
TOTAL THIS MO. 0 CLEAR (SCALE 0-3) 24
DPTR FM NORMAL 0 PTCLDY (SCALE 4-7) 5
TOTAL FM JUL 1 0 CLOUDY (SCALE 8-10) 2
DPTR FM NORMAL 0
[CDD (BASE 65) ]
TOTAL THIS MO. 615
DPTR FM NORMAL 96 [PRESSURE DATA]
TOTAL FM JAN 1 1343 HIGHEST SLP 30.17 ON 30
DPTR FM NORMAL 148 LOWEST SLP 29.73 ON 20
[REMARKS]
#FINAL-07-22#