000
CXUS53 KLSX 011500
CF6JEF
PRELIMINARY LOCAL CLIMATOLOGICAL DATA (WS FORM: F-6)
STATION: JEFFERSON CITY
MONTH: OCTOBER
YEAR: 2020
LATITUDE: 38 35 N
LONGITUDE: 92 10 W
TEMPERATURE IN F: :PCPN: SNOW: WIND :SUNSHINE: SKY :PK WND
================================================================================
1 2 3 4 5 6A 6B 7 8 9 10 11 12 13 14 15 16 17 18
12Z AVG MX 2MIN
DY MAX MIN AVG DEP HDD CDD WTR SNW DPTH SPD SPD DIR MIN PSBL S-S WX SPD DR
================================================================================
1 66 44 55 -7 10 0 0.00 0.0 0 6.3 18 340 M M 1 28 310
2 63 42 53 -9 12 0 0.00 0.0 0 3.0 13 290 M M 2 18 290
3 64 47 56 -6 9 0 0.04 0.0 0 5.8 15 200 M M 9 1 20 330
4 62 39 51 -10 14 0 0.00 0.0 0 4.9 13 350 M M 4 19 340
5 69 35 52 -9 13 0 0.00 0.0 0 6.6 15 170 M M 0 23 190
6 78 49 64 3 1 0 0.00 0.0 0 4.4 13 220 M M 0 1 18 230
7 87 51 69 9 0 4 0.00 0.0 0 2.6 8 240 M M 1 128 12 60
8 83 55 69 9 0 4 0.00 0.0 0 3.2 9 130 M M 3 128 12 80
9 85 56 71 11 0 6 0.00 0.0 0 6.9 16 190 M M 0 18 23 190
10 85 57 71 11 0 6 0.00 0.0 0 2.9 9 80 M M 1 12 13 120
11 86 57 72 13 0 7 0.00 0.0 0 5.7 15 130 M M 3 12 21 130
12 73 46 60 1 5 0 0.00 0.0 0 8.4 26 300 M M 2 8 39 290
13 81 41 61 3 4 0 0.00 0.0 0 4.7 14 300 M M 0 8 22 290
14 88 45 67 9 0 2 T 0.0 0 8.7 24 220 M M 2 35 220
15 66 35 51 -7 14 0 T 0.0 0 6.4 16 300 M M 4 28 330
16 63 30 47 -11 18 0 0.00 0.0 0 5.7 22 290 M M 0 32 260
17 73 41 57 0 8 0 0.00 0.0 0 10.9 26 180 M M 1 38 170
18 58 41 50 -7 15 0 0.60 0.0 0 5.3 17 360 M M 7 1 24 350
19 47 41 44 -13 21 0 T 0.0 0 5.2 12 90 M M 10 18 18 10
20 55 44 50 -6 15 0 0.59 0.0 0 5.7 15 120 M M 10 138 20 120
21 62 49 56 0 9 0 0.12 0.0 0 5.7 13 110 M M 9 18 17 100
22 87 57 72 16 0 7 0.00 0.0 0 8.5 23 200 M M 2 12 33 200
23 71 42 57 2 8 0 0.22 0.0 0 9.4 18 310 M M 8 138 27 310
24 49 41 45 -10 20 0 0.00 0.0 0 6.6 14 90 M M 10 19 60
25 47 43 45 -10 20 0 0.00 0.0 0 4.3 10 340 M M 10 8 14 10
26 43 34 39 -15 26 0 0.55 M M 6.5 13 10 M M 10 18 17 360
27 40 34 37 -17 28 0 0.11 M M 3.9 9 140 M M 10 18 17 10
28 48 39 44 -10 21 0 0.47 0.0 0 3.5 13 110 M M 10 18 19 90
29 50 32 41 -12 24 0 0.07 M M 8.3 20 340 M M 7 1 28 340
30 59 29 44 -9 21 0 0.00 0.0 0 4.2 10 130 M M 1 12 14 120
31 67 37 52 0 13 0 0.00 M M 7.3 18 180 M M 0 8 26 150
================================================================================
SM 2055 1333 349 36 2.77 0.0 181.5 M 137
================================================================================
AV 66.3 43.0 5.9 FASTST M M 4 MAX(MPH)
MISC ----> # 26 300 39 290
================================================================================
NOTES:
# LAST OF SEVERAL OCCURRENCES
COLUMN 17 PEAK WIND IN M.P.H.
PRELIMINARY LOCAL CLIMATOLOGICAL DATA (WS FORM: F-6) , PAGE 2
STATION: JEFFERSON CITY
MONTH: OCTOBER
YEAR: 2020
LATITUDE: 38 35 N
LONGITUDE: 92 10 W
[TEMPERATURE DATA] [PRECIPITATION DATA] SYMBOLS USED IN COLUMN 16
AVERAGE MONTHLY: 54.6 TOTAL FOR MONTH: 2.77 1 = FOG OR MIST
DPTR FM NORMAL: -2.9 DPTR FM NORMAL: -0.77 2 = FOG REDUCING VISIBILITY
HIGHEST: 88 ON 14 GRTST 24HR 0.70 ON 20-21 TO 1/4 MILE OR LESS
LOWEST: 29 ON 30 3 = THUNDER
SNOW, ICE PELLETS, HAIL 4 = ICE PELLETS
TOTAL MONTH: 0.0 INCH 5 = HAIL
GRTST 24HR 0.0 6 = FREEZING RAIN OR DRIZZLE
GRTST DEPTH: 0 7 = DUSTSTORM OR SANDSTORM:
VSBY 1/2 MILE OR LESS
8 = SMOKE OR HAZE
[NO. OF DAYS WITH] [WEATHER - DAYS WITH] 9 = BLOWING SNOW
X = TORNADO
MAX 32 OR BELOW: 0 0.01 INCH OR MORE: 9
MAX 90 OR ABOVE: 0 0.10 INCH OR MORE: 7
MIN 32 OR BELOW: 3 0.50 INCH OR MORE: 3
MIN 0 OR BELOW: 0 1.00 INCH OR MORE: 0
[HDD (BASE 65) ]
TOTAL THIS MO. 349 CLEAR (SCALE 0-3) 16
DPTR FM NORMAL 86 PTCLDY (SCALE 4-7) 5
TOTAL FM JUL 1 377 CLOUDY (SCALE 8-10) 10
DPTR FM NORMAL 64
[CDD (BASE 65) ]
TOTAL THIS MO. 36
DPTR FM NORMAL 6 [PRESSURE DATA]
TOTAL FM JAN 1 1531 HIGHEST SLP 30.35 ON 27
DPTR FM NORMAL 177 LOWEST SLP 29.58 ON 14
[REMARKS]
#FINAL-10-20#