000
CXUS55 KBOI 111517
CF6JER
PRELIMINARY LOCAL CLIMATOLOGICAL DATA (WS FORM: F-6)
STATION: JEROME ID
MONTH: DECEMBER
YEAR: 2023
LATITUDE: 42 43 N
LONGITUDE: 114 27 W
TEMPERATURE IN F: :PCPN: SNOW: WIND :SUNSHINE: SKY :PK WND
================================================================================
1 2 3 4 5 6A 6B 7 8 9 10 11 12 13 14 15 16 17 18
12Z AVG MX 2MIN
DY MAX MIN AVG DEP HDD CDD WTR SNW DPTH SPD SPD DIR MIN PSBL S-S WX SPD DR
================================================================================
1 32 26 29 -3 36 0 0.11 M M 12.0 28 250 M M 10 12 36 270
2 39 24 32 0 33 0 0.18 M M 14.4 33 250 M M 8 12 45 240
3 40 31 36 4 29 0 0.17 M M 8.3 18 250 M M 10 12 24 260
4 50 37 44 13 21 0 0.01 M M 6.6 15 230 M M 6 19 230
5 48 32 40 9 25 0 0.00 M M 16.0 21 50 M M 0 28 70
6 52 34 43 12 22 0 0.10 M M 16.4 22 60 M M 2 1 29 60
7 46 32 39 9 26 0 0.38 M M 13.3 29 260 M M 7 1 43 260
8 35 26 31 1 34 0 T M M 20.4 33 280 M M 3 1 42 280
9 34 24 29 -1 36 0 0.00 M M 7.5 16 60 M M 4 22 70
10 38 28 33 3 32 0 T M M 7.4 14 60 M M 10 18 50
11 36 30 33 3 32 0 0.02 M M 8.2 16 70 M M 10 16 20 60
12 35 32 34 5 31 0 0.00 M M 5.5 13 290 M M 10 12 17 280
13 35 26 31 2 34 0 T M M 3.3 9 40 M M 5 12 12 340
14 34 27 31 2 34 0 0.00 M M 7.7 14 90 M M 7 1 19 90
15 40 24 32 3 33 0 0.00 M M 11.2 18 70 M M 5 1 25 80
16 41 25 33 4 32 0 T M M 8.5 22 80 M M 0 12 27 80
17 40 22 31 2 34 0 0.00 M M 8.5 26 70 M M 5 128 35 90
18 42 31 37 9 28 0 0.00 M M 18.2 28 70 M M 3 36 70
19 48 34 41 13 24 0 T M M 14.3 24 60 M M 5 30 80
20 52 33 43 15 22 0 0.00 M M 11.7 16 80 M M 4 M M
21 52 29 41 13 24 0 0.00 M M 8.2 20 70 M M 0 24 70
22 50 32 41 13 24 0 0.02 M M 13.0 24 280 M M 3 12 31 280
23 34 22 28 0 37 0 T M M 20.5 36 260 M M 3 126 45 270
24 34 17 26 -2 39 0 0.00 M M 5.8 13 70 M M 1 16 70
25 32 17 25 -3 40 0 0.00 M M 11.5 17 110 M M 0 21 100
26 26 17 22 -6 43 0 0.02 M M 10.9 18 70 M M 8 18 24 70
27 33 25 29 1 36 0 0.00 M M 21.6 33 70 M M 3 45 70
28 41 26 34 6 31 0 0.00 M M 16.6 24 80 M M 1 32 70
29 47 29 38 10 27 0 0.00 M M 21.9 26 70 M M 0 35 80
30 49 26 38 10 27 0 0.00 M M 14.5 25 70 M M 0 33 70
31 43 23 33 5 32 0 0.00 M M 2.8 8 120 M M M 10 240
================================================================================
SM 1258 841 958 0 1.01 M 366.7 M 133
================================================================================
AV 40.6 27.1 11.8 FASTST M M 4 MAX(MPH)
MISC ----> 36 260 # 45 240
================================================================================
NOTES:
# LAST OF SEVERAL OCCURRENCES
COLUMN 17 PEAK WIND IN M.P.H.
PRELIMINARY LOCAL CLIMATOLOGICAL DATA (WS FORM: F-6) , PAGE 2
STATION: JEROME ID
MONTH: DECEMBER
YEAR: 2023
LATITUDE: 42 43 N
LONGITUDE: 114 27 W
[TEMPERATURE DATA] [PRECIPITATION DATA] SYMBOLS USED IN COLUMN 16
AVERAGE MONTHLY: 33.9 TOTAL FOR MONTH: 1.01 1 = FOG OR MIST
DPTR FM NORMAL: 4.6 DPTR FM NORMAL: -0.30 2 = FOG REDUCING VISIBILITY
HIGHEST: 52 ON 21,20 GRTST 24HR 0.48 ON 6- 7 TO 1/4 MILE OR LESS
LOWEST: 17 ON 26,25 3 = THUNDER
SNOW, ICE PELLETS, HAIL 4 = ICE PELLETS
TOTAL MONTH: M 5 = HAIL
GRTST 24HR M ON M 6 = FREEZING RAIN OR DRIZZLE
GRTST DEPTH: M ON M 7 = DUSTSTORM OR SANDSTORM:
VSBY 1/2 MILE OR LESS
8 = SMOKE OR HAZE
[NO. OF DAYS WITH] [WEATHER - DAYS WITH] 9 = BLOWING SNOW
X = TORNADO
MAX 32 OR BELOW: 3 0.01 INCH OR MORE: 9
MAX 90 OR ABOVE: 0 0.10 INCH OR MORE: 5
MIN 32 OR BELOW: 27 0.50 INCH OR MORE: 0
MIN 0 OR BELOW: 0 1.00 INCH OR MORE: 0
[HDD (BASE 65) ]
TOTAL THIS MO. 958 CLEAR (SCALE 0-3) 12
DPTR FM NORMAL -150 PTCLDY (SCALE 4-7) 11
TOTAL FM JUL 1 2257 CLOUDY (SCALE 8-10) 8
DPTR FM NORMAL -239
[CDD (BASE 65) ]
TOTAL THIS MO. 0
DPTR FM NORMAL 0 [PRESSURE DATA]
TOTAL FM JAN 1 712 HIGHEST SLP 30.65 ON 9
DPTR FM NORMAL -3 LOWEST SLP 29.77 ON 7
[REMARKS]
#FINAL-12-23#