000
CXUS55 KJKL 011410
CF6JKL
PRELIMINARY LOCAL CLIMATOLOGICAL DATA (WS FORM: F-6)
STATION: JACKSON KY
MONTH: DECEMBER
YEAR: 2021
LATITUDE: 37 35 N
LONGITUDE: 83 19 W
TEMPERATURE IN F: :PCPN: SNOW: WIND :SUNSHINE: SKY :PK WND
================================================================================
1 2 3 4 5 6A 6B 7 8 9 10 11 12 13 14 15 16 17 18
12Z AVG MX 2MIN
DY MAX MIN AVG DEP HDD CDD WTR SNW DPTH SPD SPD DIR MIN PSBL S-S WX SPD DR
================================================================================
1 58 41 50 7 15 0 T 0.0 0 4.4 12 200 M M 5 21 240
2 69 53 61 18 4 0 0.00 0.0 0 7.9 14 230 M M 3 28 200
3 72 46 59 16 6 0 0.00 0.0 0 3.3 9 230 M M 0 8 18 220
4 60 44 52 10 13 0 0.00 0.0 0 4.7 9 50 M M 2 18 30
5 68 40 54 12 11 0 0.02 0.0 0 6.7 16 190 M M 6 30 180
6 63 31 47 5 18 0 0.83 0.0 0 8.6 18 290 M M 6 123 33 210
7 39 27 33 -9 32 0 0.00 0.0 0 2.4 10 310 M M 1 16 310
8 48 29 39 -2 26 0 T T T 3.6 13 260 M M 5 19 310
9 59 30 45 4 20 0 0.00 0.0 0 4.8 16 190 M M 2 32 170
10 64 55 60 19 5 0 0.05 0.0 0 5.8 14 190 M M 10 1 24 180
11 67 35 51 10 14 0 0.51 0.0 0 10.2 22 270 M M 8 1 40 290
12 47 28 38 -2 27 0 0.00 0.0 0 2.8 6 180 M M 0 11 220
13 57 30 44 4 21 0 0.00 0.0 0 3.5 10 240 M M 0 18 250
14 63 38 51 11 14 0 0.00 0.0 0 1.9 7 180 M M 1 11 120
15 71 48 60 20 5 0 0.00 0.0 0 5.3 14 180 M M 3 22 170
16 70 52 61 21 4 0 0.28 0.0 0 8.0 16 200 M M 5 1 30 200
17 52 47 50 11 15 0 0.19 0.0 0 2.1 9 320 M M 10 12 15 340
18 64 41 53 14 12 0 0.43 0.0 0 7.5 18 300 M M 8 12 33 290
19 41 33 37 -2 28 0 0.01 T 0 4.3 9 40 M M 10 1 17 50
20 48 27 38 -1 27 0 0.00 0.0 0 2.1 6 240 M M 0 11 170
21 48 32 40 2 25 0 0.00 0.0 0 2.2 7 230 M M 0 1 12 230
22 42 31 37 -1 28 0 0.00 0.0 0 5.2 12 310 M M 1 19 300
23 54 27 41 3 24 0 0.00 0.0 0 5.2 12 190 M M 0 23 200
24 60 50 55 17 10 0 T 0.0 0 8.8 15 200 M M 5 28 200
25 69 56 63 25 2 0 T 0.0 0 8.1 18 240 M M 9 39 190
26 63 52 58 20 7 0 0.00 0.0 0 2.8 10 300 M M 5 13 300
27 67 51 59 22 6 0 0.07 0.0 0 7.2 15 220 M M 8 1 27 250
28 68 46 57 20 8 0 0.03 0.0 0 6.6 16 230 M M 9 1 33 230
29 66 53 60 23 5 0 0.24 0.0 0 2.1 13 350 M M 9 12 24 340
30 62 51 57 20 8 0 T 0.0 0 3.0 9 140 M M 7 12 14 170
31 67 49 58 21 7 0 0.05 0.0 0 5.7 13 190 M M 6 1 22 180
================================================================================
SM 1846 1273 447 0 2.71 T 156.8 M 144
================================================================================
AV 59.5 41.1 5.1 FASTST M M 5 MAX(MPH)
MISC ----> 22 270 40 290
================================================================================
NOTES:
# LAST OF SEVERAL OCCURRENCES
COLUMN 17 PEAK WIND IN M.P.H.
PRELIMINARY LOCAL CLIMATOLOGICAL DATA (WS FORM: F-6) , PAGE 2
STATION: JACKSON KY
MONTH: DECEMBER
YEAR: 2021
LATITUDE: 37 35 N
LONGITUDE: 83 19 W
[TEMPERATURE DATA] [PRECIPITATION DATA] SYMBOLS USED IN COLUMN 16
AVERAGE MONTHLY: 50.3 TOTAL FOR MONTH: 2.71 1 = FOG OR MIST
DPTR FM NORMAL: 10.6 DPTR FM NORMAL: -1.76 2 = FOG REDUCING VISIBILITY
HIGHEST: 72 ON 3 GRTST 24HR 0.84 ON 5- 6 TO 1/4 MILE OR LESS
LOWEST: 27 ON 23,20 3 = THUNDER
SNOW, ICE PELLETS, HAIL 4 = ICE PELLETS
TOTAL MONTH: T 5 = HAIL
GRTST 24HR T ON 8- 8 6 = FREEZING RAIN OR DRIZZLE
GRTST DEPTH: T 7 = DUSTSTORM OR SANDSTORM:
VSBY 1/2 MILE OR LESS
8 = SMOKE OR HAZE
[NO. OF DAYS WITH] [WEATHER - DAYS WITH] 9 = BLOWING SNOW
X = TORNADO
MAX 32 OR BELOW: 0 0.01 INCH OR MORE: 12
MAX 90 OR ABOVE: 0 0.10 INCH OR MORE: 6
MIN 32 OR BELOW: 10 0.50 INCH OR MORE: 2
MIN 0 OR BELOW: 0 1.00 INCH OR MORE: 0
[HDD (BASE 65) ]
TOTAL THIS MO. 447 CLEAR (SCALE 0-3) 13
DPTR FM NORMAL -338 PTCLDY (SCALE 4-7) 11
TOTAL FM JUL 1 1186 CLOUDY (SCALE 8-10) 7
DPTR FM NORMAL -382
[CDD (BASE 65) ]
TOTAL THIS MO. 0
DPTR FM NORMAL 0 [PRESSURE DATA]
TOTAL FM JAN 1 1379 HIGHEST SLP 30.49 ON 14
DPTR FM NORMAL 144 LOWEST SLP 29.63 ON 11
[REMARKS]
#FINAL-12-21#