000
CXUS53 KJKL 011410
CF6JKL
PRELIMINARY LOCAL CLIMATOLOGICAL DATA (WS FORM: F-6)
STATION: JACKSON KY
MONTH: FEBRUARY
YEAR: 2024
LATITUDE: 37 35 N
LONGITUDE: 83 19 W
TEMPERATURE IN F: :PCPN: SNOW: WIND :SUNSHINE: SKY :PK WND
================================================================================
1 2 3 4 5 6A 6B 7 8 9 10 11 12 13 14 15 16 17 18
12Z AVG MX 2MIN
DY MAX MIN AVG DEP HDD CDD WTR SNW DPTH SPD SPD DIR MIN PSBL S-S WX SPD DR
================================================================================
1 56 31 44 7 21 0 0.00 0.0 0 4.7 10 190 M M 1 17 220
2 55 39 47 10 18 0 0.00 0.0 0 4.6 10 220 M M 4 16 230
3 56 31 44 7 21 0 0.00 0.0 0 5.7 12 50 M M 0 20 50
4 62 34 48 11 17 0 0.00 0.0 0 5.3 12 40 M M 0 22 30
5 60 36 48 10 17 0 0.00 0.0 0 4.6 9 30 M M 0 16 20
6 51 32 42 4 23 0 0.00 0.0 0 3.5 8 40 M M 2 1 18 40
7 65 32 49 11 16 0 0.00 0.0 0 1.7 7 130 M M 0 10 130
8 65 44 55 17 10 0 T 0.0 0 5.2 15 180 M M 0 24 170
9 56 48 52 14 13 0 0.02 0.0 0 6.6 13 230 M M 10 22 260
10 60 51 56 18 9 0 1.14 0.0 0 4.2 12 300 M M 10 123 21 230
11 51 45 48 9 17 0 0.18 0.0 0 1.0 9 310 M M 10 12 14 360
12 48 39 44 5 21 0 1.74 0.0 0 5.3 14 50 M M 10 12 26 40
13 49 32 41 2 24 0 0.18 T 0 5.9 15 300 M M 4 1 23 300
14 58 34 46 7 19 0 0.00 0.0 0 4.1 10 300 M M 1 18 240
15 64 40 52 12 13 0 0.00 0.0 0 7.5 18 230 M M 2 35 230
16 49 32 41 1 24 0 0.53 1.1 0 3.5 14 320 M M 3 1 25 40
17 32 20 26 -14 39 0 T T 1 5.4 14 300 M M 8 1 23 330
18 44 17 31 -9 34 0 0.00 0.0 T 6.1 12 230 M M 0 19 220
19 52 28 40 -1 25 0 0.00 0.0 0 2.3 7 300 M M 0 13 270
20 60 30 45 4 20 0 0.00 0.0 0 1.7 8 190 M M 0 12 200
21 65 38 52 11 13 0 0.00 0.0 0 5.4 12 180 M M 0 21 170
22 62 51 57 16 8 0 0.78 0.0 0 7.1 15 200 M M 9 12 27 190
23 62 44 53 11 12 0 0.02 0.0 0 6.5 17 280 M M 5 12 29 270
24 44 32 38 -4 27 0 0.04 T 0 6.1 16 330 M M 9 28 320
25 58 27 43 1 22 0 0.00 0.0 0 5.5 13 180 M M 2 22 180
26 72 50 61 19 4 0 T 0.0 0 5.9 12 170 M M 2 23 99
27 69 55 62 19 3 0 0.14 0.0 0 8.0 12 200 M M 6 13 25 180
28 68 30 49 6 16 0 0.89 0.0 0 10.1 21 300 M M 7 123 34 300
29 46 25 36 -7 29 0 0.00 0.0 0 2.6 7 50 M M 0 11 80
================================================================================
SM 1639 1047 535 0 5.66 1.1 146.1 M 105
================================================================================
AV 56.5 36.1 5.0 FASTST M M 4 MAX(MPH)
MISC ----> 21 300 35 230
================================================================================
NOTES:
# LAST OF SEVERAL OCCURRENCES
COLUMN 17 PEAK WIND IN M.P.H.
PRELIMINARY LOCAL CLIMATOLOGICAL DATA (WS FORM: F-6) , PAGE 2
STATION: JACKSON KY
MONTH: FEBRUARY
YEAR: 2024
LATITUDE: 37 35 N
LONGITUDE: 83 19 W
[TEMPERATURE DATA] [PRECIPITATION DATA] SYMBOLS USED IN COLUMN 16
AVERAGE MONTHLY: 46.3 TOTAL FOR MONTH: 5.66 1 = FOG OR MIST
DPTR FM NORMAL: 6.6 DPTR FM NORMAL: 1.60 2 = FOG REDUCING VISIBILITY
HIGHEST: 72 ON 26 GRTST 24HR 1.92 ON 12-13 TO 1/4 MILE OR LESS
LOWEST: 17 ON 18 3 = THUNDER
SNOW, ICE PELLETS, HAIL 4 = ICE PELLETS
TOTAL MONTH: 1.1 INCHES 5 = HAIL
GRTST 24HR 1.1 ON 16-16 6 = FREEZING RAIN OR DRIZZLE
GRTST DEPTH: 1 ON 17 7 = DUSTSTORM OR SANDSTORM:
VSBY 1/2 MILE OR LESS
8 = SMOKE OR HAZE
[NO. OF DAYS WITH] [WEATHER - DAYS WITH] 9 = BLOWING SNOW
X = TORNADO
MAX 32 OR BELOW: 1 0.01 INCH OR MORE: 11
MAX 90 OR ABOVE: 0 0.10 INCH OR MORE: 8
MIN 32 OR BELOW: 14 0.50 INCH OR MORE: 5
MIN 0 OR BELOW: 0 1.00 INCH OR MORE: 2
[HDD (BASE 65) ]
TOTAL THIS MO. 535 CLEAR (SCALE 0-3) 16
DPTR FM NORMAL -175 PTCLDY (SCALE 4-7) 7
TOTAL FM JUL 1 2713 CLOUDY (SCALE 8-10) 6
DPTR FM NORMAL -515
[CDD (BASE 65) ]
TOTAL THIS MO. 0
DPTR FM NORMAL -1 [PRESSURE DATA]
TOTAL FM JAN 1 0 HIGHEST SLP 30.56 ON 29
DPTR FM NORMAL -1 LOWEST SLP 29.47 ON 12
[REMARKS]
#FINAL-02-24#