803
CXUS53 KBIS 010830
CF6JMS
PRELIMINARY LOCAL CLIMATOLOGICAL DATA (WS FORM: F-6)
STATION: JAMESTOWN ND
MONTH: OCTOBER
YEAR: 2020
LATITUDE: 46 55 N
LONGITUDE: 98 40 W
TEMPERATURE IN F: :PCPN: SNOW: WIND :SUNSHINE: SKY :PK WND
================================================================================
1 2 3 4 5 6A 6B 7 8 9 10 11 12 13 14 15 16 17 18
12Z AVG MX 2MIN
DY MAX MIN AVG DEP HDD CDD WTR SNW DPTH SPD SPD DIR MIN PSBL S-S WX SPD DR
================================================================================
1 52 33 43 -8 22 0 0.00 M M 11.1 23 330 M M 8 8 31 330
2 54 30 42 -8 23 0 0.00 M M 3.9 10 90 M M 7 13 90
3 55 36 46 -4 19 0 T M M 4.4 10 60 M M 8 8 14 120
4 65 35 50 0 15 0 0.00 M M 13.2 25 180 M M 3 18 35 170
5 73 43 58 9 7 0 0.00 M M 15.7 33 320 M M 1 45 320
6 76 44 60 11 5 0 0.00 M M 11.8 26 320 M M 3 34 310
7 67 37 52 4 13 0 0.00 M M 10.7 24 310 M M 1 30 310
8 71 34 53 5 12 0 0.00 M M 10.9 26 140 M M 1 34 140
9 73 40 57 10 8 0 0.00 M M 10.8 22 330 M M 0 29 340
10 64 30 47 0 18 0 0.00 M M 12.7 26 150 M M 0 38 140
11 66 48 57 11 8 0 T M M 17.6 37 150 M M 3 47 150
12 62 39 51 5 14 0 T M M 11.5 28 230 M M 2 42 240
13 58 41 50 4 15 0 T M M 15.0 32 290 M M 2 44 290
14 52 34 43 -2 22 0 T M M 18.1 38 310 M M 6 18 50 320
15 50 28 39 -6 26 0 T M M 15.9 35 300 M M 3 43 300
16 40 29 35 -9 30 0 0.05 M M 10.6 25 320 M M 5 1 33 310
17 36 25 31 -13 34 0 0.08 M M 14.2 25 320 M M 7 1 33 330
18 32 22 27 -16 38 0 T M M 11.9 25 310 M M 9 36 320
19 35 24 30 -13 35 0 T M M 3.8 10 130 M M 9 8 15 140
20 35 29 32 -10 33 0 0.15 M M 14.0 26 310 M M 10 1 36 320
21 31 26 29 -13 36 0 0.00 M M 8.1 20 300 M M 7 27 270
22 32 26 29 -13 36 0 M M M 8.8 14 40 M M 10 18 19 50
23 28 15 22 -19 43 0 T M M 11.3 24 300 M M 3 1 29 310
24 30 14 22 -18 43 0 T M M 4.8 15 10 M M 7 8 18 10
25 26 17 22 -18 43 0 T M M 10.8 21 310 M M 8 18 28 310
26 23 12 18 -22 47 0 0.00 M M 11.5 22 200 M M 1 29 210
27 40 12 26 -13 39 0 T M M 13.9 24 250 M M 3 33 220
28 47 31 39 1 26 0 0.00 M M 11.5 25 360 M M 7 33 340
29 37 28 33 -5 32 0 0.08 M M 10.1 18 180 M M 9 1 24 170
30 48 33 41 4 24 0 0.00 M M 10.5 25 170 M M 6 1 35 170
31 47 28 38 1 27 0 0.00 M M 22.9 44 300 M M 4 62 300
================================================================================
SM 1505 923 793 0 0.36 M 362.0 M 153
================================================================================
AV 48.6 29.8 11.7 FASTST M M 5 MAX(MPH)
MISC ----> # 44 300 # 62 300
================================================================================
NOTES:
# LAST OF SEVERAL OCCURRENCES
COLUMN 17 PEAK WIND IN M.P.H.
PRELIMINARY LOCAL CLIMATOLOGICAL DATA (WS FORM: F-6) , PAGE 2
STATION: JAMESTOWN ND
MONTH: OCTOBER
YEAR: 2020
LATITUDE: 46 55 N
LONGITUDE: 98 40 W
[TEMPERATURE DATA] [PRECIPITATION DATA] SYMBOLS USED IN COLUMN 16
AVERAGE MONTHLY: 39.2 TOTAL FOR MONTH: 0.36 1 = FOG OR MIST
DPTR FM NORMAL: -4.9 DPTR FM NORMAL: -1.19 2 = FOG REDUCING VISIBILITY
HIGHEST: 76 ON 6 GRTST 24HR 0.15 ON 20-20 TO 1/4 MILE OR LESS
LOWEST: 12 ON 27,26 3 = THUNDER
SNOW, ICE PELLETS, HAIL 4 = ICE PELLETS
TOTAL MONTH: M 5 = HAIL
GRTST 24HR M ON M 6 = FREEZING RAIN OR DRIZZLE
GRTST DEPTH: M ON M 7 = DUSTSTORM OR SANDSTORM:
VSBY 1/2 MILE OR LESS
8 = SMOKE OR HAZE
[NO. OF DAYS WITH] [WEATHER - DAYS WITH] 9 = BLOWING SNOW
X = TORNADO
MAX 32 OR BELOW: 7 0.01 INCH OR MORE: 4
MAX 90 OR ABOVE: 0 0.10 INCH OR MORE: 1
MIN 32 OR BELOW: 18 0.50 INCH OR MORE: 0
MIN 0 OR BELOW: 0 1.00 INCH OR MORE: 0
[HDD (BASE 65) ]
TOTAL THIS MO. 793 CLEAR (SCALE 0-3) 13
DPTR FM NORMAL 144 PTCLDY (SCALE 4-7) 12
TOTAL FM JUL 1 1021 CLOUDY (SCALE 8-10) 6
DPTR FM NORMAL 54
[CDD (BASE 65) ]
TOTAL THIS MO. 0
DPTR FM NORMAL -1 [PRESSURE DATA]
TOTAL FM JAN 1 587 HIGHEST SLP 30.52 ON 23
DPTR FM NORMAL 141 LOWEST SLP 29.36 ON 11
[REMARKS]
#FINAL-10-20#