000
CXUS52 TJSJ 012101
CF6JSJ
PRELIMINARY LOCAL CLIMATOLOGICAL DATA (WS FORM: F-6)
STATION: SAN JUAN AREA/PR
MONTH: JULY
YEAR: 2022
LATITUDE: 18 25 N
LONGITUDE: 66 0 W
TEMPERATURE IN F: :PCPN: SNOW: WIND :SUNSHINE: SKY :PK WND
================================================================================
1 2 3 4 5 6A 6B 7 8 9 10 11 12 13 14 15 16 17 18
12Z AVG MX 2MIN
DY MAX MIN AVG DEP HDD CDD WTR SNW DPTH SPD SPD DIR MIN PSBL S-S WX SPD DR
================================================================================
1 88 79 84 1 0 19 0.04 M M 15.1 22 80 M M 4 26 60
2 84 74 79 -4 0 14 1.71 M M 9.9 38 80 M M 7 13 45 80
3 86 74 80 -3 0 15 0.32 M M 9.0 21 100 M M 6 1 27 90
4 87 76 82 -1 0 17 0.02 M M 11.5 22 70 M M 4 27 60
5 87 77 82 -1 0 17 0.02 M M 10.4 23 70 M M 5 28 70
6 87 76 82 -1 0 17 1.16 M M 8.2 22 60 M M 5 138 27 60
7 86 73 80 -3 0 15 0.25 M M 10.2 25 60 M M 5 13 30 60
8 88 74 81 -2 0 16 0.30 M M 7.2 24 80 M M 4 1 32 90
9 87 76 82 -1 0 17 0.42 M M 10.2 23 80 M M 6 1 28 80
10 89 77 83 0 0 18 0.06 M M 8.1 22 60 M M 5 13 27 90
11 90 75 83 0 0 18 0.00 M M 12.1 23 60 M M 3 28 50
12 89 80 85 2 0 20 0.00 M M 11.5 23 70 M M 4 27 70
13 89 79 84 1 0 19 0.16 M M 11.5 26 80 M M 5 1 32 80
14 89 77 83 0 0 18 0.36 M M 9.0 30 70 M M 5 1 35 70
15 88 80 84 1 0 19 0.27 M M 12.0 24 90 M M 4 18 35 90
16 89 79 84 1 0 19 0.22 M M 12.7 25 80 M M 5 30 50
17 88 80 84 1 0 19 T 0.0 0 15.0 25 70 M M 4 29 70
18 89 78 84 1 0 19 0.17 M M 9.1 23 70 M M 5 1 27 90
19 89 77 83 0 0 18 0.24 M M 10.9 23 70 M M 5 1 29 80
20 88 80 84 1 0 19 0.07 M M 12.5 23 70 M M 4 31 60
21 84 77 81 -2 0 16 0.78 M M 7.6 28 90 M M 6 1 40 80
22 89 78 84 1 0 19 0.01 M M 12.1 22 70 M M 4 27 90
23 88 78 83 0 0 18 0.24 M M 14.2 29 80 M M 5 8 36 90
24 90 77 84 1 0 19 0.04 M M 9.9 29 70 M M 4 1 34 70
25 89 79 84 1 0 19 0.07 M M 14.4 25 70 M M 6 32 60
26 88 80 84 1 0 19 0.01 M M 14.5 21 70 M M 5 26 50
27 88 76 82 -1 0 17 0.18 M M 7.7 23 70 M M 4 1 28 70
28 88 78 83 0 0 18 0.06 M M 9.6 24 80 M M 4 1 33 80
29 87 76 82 -1 0 17 0.19 M M 13.3 23 70 M M 4 1 32 80
30 88 77 83 0 0 18 0.74 M M 13.0 24 80 M M 5 13 31 70
31 90 81 86 3 0 21 0.02 M M 14.8 24 80 M M 4 1 30 80
================================================================================
SM 2726 2398 0 554 8.13 0.0 347.2 M 146
================================================================================
AV 87.9 77.4 11.2 FASTST M M 5 MAX(MPH)
MISC ----> 38 80 45 80
================================================================================
NOTES:
# LAST OF SEVERAL OCCURRENCES
COLUMN 17 PEAK WIND IN M.P.H.
PRELIMINARY LOCAL CLIMATOLOGICAL DATA (WS FORM: F-6) , PAGE 2
STATION: SAN JUAN AREA/PR
MONTH: JULY
YEAR: 2022
LATITUDE: 18 25 N
LONGITUDE: 66 0 W
[TEMPERATURE DATA] [PRECIPITATION DATA] SYMBOLS USED IN COLUMN 16
AVERAGE MONTHLY: 82.6 TOTAL FOR MONTH: 8.13 1 = FOG OR MIST
DPTR FM NORMAL: -0.5 DPTR FM NORMAL: 2.11 2 = FOG REDUCING VISIBILITY
HIGHEST: 90 ON 31,11 GRTST 24HR 1.83 ON 2- 3 TO 1/4 MILE OR LESS
LOWEST: 73 ON 7 3 = THUNDER
SNOW, ICE PELLETS, HAIL 4 = ICE PELLETS
TOTAL MONTH: 0.0 INCH 5 = HAIL
GRTST 24HR 0.0 6 = FREEZING RAIN OR DRIZZLE
GRTST DEPTH: 0 7 = DUSTSTORM OR SANDSTORM:
VSBY 1/2 MILE OR LESS
8 = SMOKE OR HAZE
[NO. OF DAYS WITH] [WEATHER - DAYS WITH] 9 = BLOWING SNOW
X = TORNADO
MAX 32 OR BELOW: 0 0.01 INCH OR MORE: 28
MAX 90 OR ABOVE: 3 0.10 INCH OR MORE: 17
MIN 32 OR BELOW: 0 0.50 INCH OR MORE: 4
MIN 0 OR BELOW: 0 1.00 INCH OR MORE: 2
[HDD (BASE 65) ]
TOTAL THIS MO. 0 CLEAR (SCALE 0-3) 1
DPTR FM NORMAL 0 PTCLDY (SCALE 4-7) 30
TOTAL FM JUL 1 0 CLOUDY (SCALE 8-10) 0
DPTR FM NORMAL 0
[CDD (BASE 65) ]
TOTAL THIS MO. 554
DPTR FM NORMAL -9 [PRESSURE DATA]
TOTAL FM JAN 1 3207 HIGHEST SLP 30.17 ON 8
DPTR FM NORMAL -32 LOWEST SLP 29.95 ON 24
[REMARKS]
#FINAL-07-22#