000
CXUS54 KFWD 010730
CF6JWY
PRELIMINARY LOCAL CLIMATOLOGICAL DATA (WS FORM: F-6)
STATION: WAXAHACHIE
MONTH: OCTOBER
YEAR: 2021
LATITUDE: 32 27 N
LONGITUDE: 96 54 W
TEMPERATURE IN F: :PCPN: SNOW: WIND :SUNSHINE: SKY :PK WND
================================================================================
1 2 3 4 5 6A 6B 7 8 9 10 11 12 13 14 15 16 17 18
12Z AVG MX 2MIN
DY MAX MIN AVG DEP HDD CDD WTR SNW DPTH SPD SPD DIR MIN PSBL S-S WX SPD DR
================================================================================
1 75 66 71 0 0 6 0.44 M M 1.2 8 280 M M 8 1 M M
2 84 68 76 5 0 11 0.01 M M 2.9 7 230 M M 9 1 M M
3 87 63 75 5 0 10 0.00 M M 2.6 9 320 M M 8 17 300
4 87 58 73 3 0 8 0.00 M M 4.9 16 10 M M 7 21 350
5 86 55 71 1 0 6 0.00 M M 3.5 10 350 M M 5 M M
6 87 56 72 2 0 7 0.00 M M 2.0 10 250 M M 5 M M
7 91 59 75 6 0 10 0.00 M M 4.7 13 180 M M 7 20 210
8 92 65 79 10 0 14 0.00 M M 8.2 17 210 M M 7 24 210
9 92 64 78 10 0 13 0.00 M M 9.3 17 180 M M 6 22 180
10 92 65 79 11 0 14 0.48 M M 13.2 25 190 M M 8 32 180
11 82 56 69 1 0 4 0.00 M M 2.4 12 280 M M 0 23 230
12 84 59 72 4 0 7 0.00 M M 6.9 21 180 M M 7 25 180
13 88 65 77 10 0 12 1.52 M M 13.1 18 170 M M 10 29 180
14 84 65 75 8 0 10 0.48 M M 4.4 12 180 M M 7 1 17 180
15 75 54 65 -2 0 0 0.00 M M 10.1 20 340 M M 5 1 29 340
16 72 47 60 -6 5 0 0.00 M M 6.3 13 350 M M 0 20 330
17 72 45 59 -7 6 0 0.00 M M 0.4 3 140 M M 0 8 M M
18 75 45 60 -6 5 0 0.00 M M 3.4 12 160 M M 0 21 170
19 80 56 68 3 0 3 0.00 M M 7.2 15 180 M M 0 21 160
20 83 64 74 9 0 9 0.00 M M 5.0 12 220 M M 7 1 M M
21 83 63 73 8 0 8 0.00 M M 2.8 8 40 M M 2 M M
22 86 59 73 9 0 8 0.00 M M 2.4 8 150 M M 3 M M
23 87 66 77 13 0 12 0.00 M M 9.6 17 180 M M 6 1 22 170
24 85 65 75 11 0 10 0.00 M M 10.2 18 190 M M 6 1 26 180
25 88 62 75 12 0 10 0.00 M M 2.9 7 90 M M 4 M M
26 87 69 78 15 0 13 0.00 M M 9.8 20 150 M M 6 1 24 160
27 76 57 67 4 0 2 M M M 10.9 23 300 M M 6 33 290
28 72 55 64 2 1 0 0.00 M M 18.0 30 310 M M 1 45 310
29 70 46 58 -4 7 0 0.00 M M 16.1 27 330 M M 0 33 330
30 76 41 59 -3 6 0 0.00 M M 2.4 7 280 M M 0 M M
31 81 47 64 3 1 0 0.00 M M 1.2 6 150 M M 0 M M
================================================================================
SM 2559 1805 31 207 2.93 M 198.2 M 140
================================================================================
AV 82.5 58.2 6.4 FASTST M M 5 MAX(MPH)
MISC ----> 30 310 45 310
================================================================================
NOTES:
# LAST OF SEVERAL OCCURRENCES
COLUMN 17 PEAK WIND IN M.P.H.
PRELIMINARY LOCAL CLIMATOLOGICAL DATA (WS FORM: F-6) , PAGE 2
STATION: WAXAHACHIE
MONTH: OCTOBER
YEAR: 2021
LATITUDE: 32 27 N
LONGITUDE: 96 54 W
[TEMPERATURE DATA] [PRECIPITATION DATA] SYMBOLS USED IN COLUMN 16
AVERAGE MONTHLY: 70.4 TOTAL FOR MONTH: 2.93 1 = FOG OR MIST
DPTR FM NORMAL: 4.1 DPTR FM NORMAL: -1.52 2 = FOG REDUCING VISIBILITY
HIGHEST: 92 ON 10, 9 GRTST 24HR 1.52 ON 13-13 TO 1/4 MILE OR LESS
LOWEST: 41 ON 30 3 = THUNDER
SNOW, ICE PELLETS, HAIL 4 = ICE PELLETS
TOTAL MONTH: M 5 = HAIL
GRTST 24HR M ON M 6 = FREEZING RAIN OR DRIZZLE
GRTST DEPTH: M ON M 7 = DUSTSTORM OR SANDSTORM:
VSBY 1/2 MILE OR LESS
8 = SMOKE OR HAZE
[NO. OF DAYS WITH] [WEATHER - DAYS WITH] 9 = BLOWING SNOW
X = TORNADO
MAX 32 OR BELOW: 0 0.01 INCH OR MORE: 5
MAX 90 OR ABOVE: 4 0.10 INCH OR MORE: 4
MIN 32 OR BELOW: 0 0.50 INCH OR MORE: 1
MIN 0 OR BELOW: 0 1.00 INCH OR MORE: 1
[HDD (BASE 65) ]
TOTAL THIS MO. 31 CLEAR (SCALE 0-3) 11
DPTR FM NORMAL -49 PTCLDY (SCALE 4-7) 17
TOTAL FM JUL 1 31 CLOUDY (SCALE 8-10) 3
DPTR FM NORMAL -54
[CDD (BASE 65) ]
TOTAL THIS MO. 207
DPTR FM NORMAL 89 [PRESSURE DATA]
TOTAL FM JAN 1 2431 HIGHEST SLP M ON M
DPTR FM NORMAL 18 LOWEST SLP M ON M
[REMARKS]
#FINAL-10-21#