000
CXUS53 KGRR 011017
CF6JXN
PRELIMINARY LOCAL CLIMATOLOGICAL DATA (WS FORM: F-6)
STATION: JACKSON
MONTH: AUGUST
YEAR: 2020
LATITUDE: 42 16 N
LONGITUDE: 84 28 W
TEMPERATURE IN F: :PCPN: SNOW: WIND :SUNSHINE: SKY :PK WND
================================================================================
1 2 3 4 5 6A 6B 7 8 9 10 11 12 13 14 15 16 17 18
12Z AVG MX 2MIN
DY MAX MIN AVG DEP HDD CDD WTR SNW DPTH SPD SPD DIR MIN PSBL S-S WX SPD DR
================================================================================
1 76 58 67 -4 0 2 0.21 M M 3.3 14 90 M M 5 1 19 80
2 74 62 68 -3 0 3 0.86 M M 6.5 14 300 M M 7 1 23 300
3 80 62 71 0 0 6 0.12 M M 4.6 14 350 M M 6 13 19 270
4 70 53 62 -8 3 0 T M M 6.9 12 300 M M 8 1 18 260
5 74 49 62 -8 3 0 0.00 M M 3.5 12 230 M M 1 1 17 260
6 79 51 65 -5 0 0 0.00 M M 2.2 10 20 M M 1 1 15 10
7 81 50 66 -4 0 1 0.00 M M 2.4 13 30 M M 1 1 16 20
8 83 52 68 -2 0 3 0.00 M M 5.2 13 210 M M 0 1 18 210
9 88 63 76 6 0 11 0.00 M M 6.9 16 210 M M 1 23 200
10 90 68 79 9 0 14 0.10 M M 8.2 32 230 M M 2 138 47 230
11 83 60 72 2 0 7 T M M 5.9 13 280 M M 4 21 240
12 87 54 71 1 0 6 0.00 M M 3.0 12 90 M M 0 1 16 20
13 87 53 70 0 0 5 0.00 M M 4.7 14 30 M M 0 1 20 80
14 87 60 74 4 0 9 1.45 M M 4.3 17 30 M M 3 13 25 60
15 88 62 75 5 0 10 0.00 M M 1.7 13 190 M M 2 13 19 180
16 80 60 70 0 0 5 0.01 M M 5.0 14 320 M M 4 3 20 330
17 81 56 69 -1 0 4 0.00 M M 4.5 14 270 M M 2 1 20 280
18 76 52 64 -6 1 0 0.00 M M 4.8 13 340 M M 2 21 330
19 77 50 64 -6 1 0 0.00 M M 2.3 16 330 M M 1 1 25 320
20 82 53 68 -1 0 3 0.00 M M 3.8 12 190 M M 0 17 230
21 84 58 71 2 0 6 0.00 M M 3.2 7 240 M M 0 M M
22 87 58 73 4 0 8 0.00 M M 1.2 10 160 M M 1 1 15 160
23 86 59 73 4 0 8 0.00 M M 4.6 13 210 M M 0 1 20 260
24 88 64 76 7 0 11 0.00 M M 5.8 14 230 M M 1 20 220
25 83 68 76 7 0 11 0.00 M M 4.2 12 330 M M 4 16 320
26 89 67 78 10 0 13 0.00 M M 6.9 18 30 M M 3 24 10
27 91 73 82 14 0 17 0.00 M M 9.7 18 270 M M 2 30 280
28 82 69 76 8 0 11 1.11 M M 6.3 38 240 M M 5 13 60 270
29 78 58 68 0 0 3 0.06 M M 9.2 18 290 M M 5 3 31 270
30 73 51 62 -6 3 0 0.00 M M 3.7 9 30 M M 3 15 330
31 80 52 66 -1 0 1 0.00 M M 5.2 15 150 M M 0 1 18 150
================================================================================
SM 2544 1805 11 178 3.92 M 149.7 M 74
================================================================================
AV 82.1 58.2 4.8 FASTST M M 2 MAX(MPH)
MISC ----> # 38 240 # 60 270
================================================================================
NOTES:
# LAST OF SEVERAL OCCURRENCES
COLUMN 17 PEAK WIND IN M.P.H.
PRELIMINARY LOCAL CLIMATOLOGICAL DATA (WS FORM: F-6) , PAGE 2
STATION: JACKSON
MONTH: AUGUST
YEAR: 2020
LATITUDE: 42 16 N
LONGITUDE: 84 28 W
[TEMPERATURE DATA] [PRECIPITATION DATA] SYMBOLS USED IN COLUMN 16
AVERAGE MONTHLY: 70.2 TOTAL FOR MONTH: 3.92 1 = FOG OR MIST
DPTR FM NORMAL: 0.6 DPTR FM NORMAL: 0.45 2 = FOG REDUCING VISIBILITY
HIGHEST: 91 ON 27 GRTST 24HR 1.45 ON 14-14 TO 1/4 MILE OR LESS
LOWEST: 49 ON 5 3 = THUNDER
SNOW, ICE PELLETS, HAIL 4 = ICE PELLETS
TOTAL MONTH: M 5 = HAIL
GRTST 24HR M ON M 6 = FREEZING RAIN OR DRIZZLE
GRTST DEPTH: M ON M 7 = DUSTSTORM OR SANDSTORM:
VSBY 1/2 MILE OR LESS
8 = SMOKE OR HAZE
[NO. OF DAYS WITH] [WEATHER - DAYS WITH] 9 = BLOWING SNOW
X = TORNADO
MAX 32 OR BELOW: 0 0.01 INCH OR MORE: 8
MAX 90 OR ABOVE: 2 0.10 INCH OR MORE: 6
MIN 32 OR BELOW: 0 0.50 INCH OR MORE: 3
MIN 0 OR BELOW: 0 1.00 INCH OR MORE: 2
[HDD (BASE 65) ]
TOTAL THIS MO. 11 CLEAR (SCALE 0-3) 19
DPTR FM NORMAL -13 PTCLDY (SCALE 4-7) 12
TOTAL FM JUL 1 11 CLOUDY (SCALE 8-10) 0
DPTR FM NORMAL -24
[CDD (BASE 65) ]
TOTAL THIS MO. 178
DPTR FM NORMAL 14 [PRESSURE DATA]
TOTAL FM JAN 1 608 HIGHEST SLP 30.20 ON 8
DPTR FM NORMAL 79 LOWEST SLP 29.58 ON 29
[REMARKS]
#FINAL-08-20#