000
CXUS53 KGRR 062054 CCA
CLMJXN
CLIMATE REPORT...CORRECTED TO REMOVE TEMPERATURE DATA
NATIONAL WEATHER SERVICE GRAND RAPIDS, MICHIGAN
452 PM EDT TUE JUN 06 2023
...................................
...THE JACKSON CLIMATE SUMMARY FOR THE MONTH OF MAY 2023...
CLIMATE NORMAL PERIOD: 1991 TO 2020
CLIMATE RECORD PERIOD: 1944 TO 2023
WEATHER OBSERVED NORMAL DEPART LAST YEAR`S
VALUE DATE(S) VALUE FROM VALUE DATE(S)
NORMAL
................................................................
TEMPERATURE (F)
HIGHEST MM MM MM 88 05/31
LOWEST MM MM MM 34 05/08
AVG. MAXIMUM MM 69.8 MM 72.1
AVG. MINIMUM MM 47.7 MM 51.0
MEAN MM 58.8 MM 61.6
DAYS MAX >= 90 MM 0.2 MM 0
DAYS MAX <= 32 MM 0.0 MM 0
DAYS MIN <= 32 MM 1.2 MM 0
DAYS MIN <= 0 MM 0.0 MM 0
PRECIPITATION (INCHES)
TOTALS 1.21 3.40 -2.19 3.69
DAILY AVG. 0.04 0.11 -0.07 0.12
DAYS >= .01 8 12.4 -4.4 13
DAYS >= .10 3 7.5 -4.5 8
DAYS >= .50 0 2.2 -2.2 2
DAYS >= 1.00 0 0.7 -0.7 0
GREATEST
24 HR. TOTAL 0.49 05/19 TO 05/19
DEGREE DAYS
HEATING TOTAL 265 234 31 179
SINCE 7/1 5855 6424 -569 MM
COOLING TOTAL 9 40 -31 80
SINCE 1/1 21 45 -24 MM
................................................................
WIND (MPH)
AVERAGE WIND SPEED 6.2
RESULTANT WIND SPEED/DIRECTION 1/050
HIGHEST WIND SPEED/DIRECTION 28/260 DATE 05/02
HIGHEST GUST SPEED/DIRECTION 42/250 DATE 05/02
SKY COVER
POSSIBLE SUNSHINE (PERCENT) MM
AVERAGE SKY COVER 0.25
NUMBER OF DAYS FAIR 22
NUMBER OF DAYS PC 4
NUMBER OF DAYS CLOUDY 5
AVERAGE RH (PERCENT) 63
WEATHER CONDITIONS. NUMBER OF DAYS WITH
THUNDERSTORM 1 MIXED PRECIP 0
HEAVY RAIN 2 RAIN 2
LIGHT RAIN 8 FREEZING RAIN 0
LT FREEZING RAIN 0 HAIL 0
HEAVY SNOW 0 SNOW 0
LIGHT SNOW 0 SLEET 0
FOG 12 FOG W/VIS <= 1/4 MILE 0
HAZE 4
- INDICATES NEGATIVE NUMBERS.
R INDICATES RECORD WAS SET OR TIED.
MM INDICATES DATA IS MISSING.
T INDICATES TRACE AMOUNT.
$$