000
CXUS53 KIND 010700
CF6LAF
PRELIMINARY LOCAL CLIMATOLOGICAL DATA (WS FORM: F-6)
STATION: LAFAYETTE IN
MONTH: FEBRUARY
YEAR: 2023
LATITUDE: 40 25 N
LONGITUDE: 86 56 W
TEMPERATURE IN F: :PCPN: SNOW: WIND :SUNSHINE: SKY :PK WND
================================================================================
1 2 3 4 5 6A 6B 7 8 9 10 11 12 13 14 15 16 17 18
12Z AVG MX 2MIN
DY MAX MIN AVG DEP HDD CDD WTR SNW DPTH SPD SPD DIR MIN PSBL S-S WX SPD DR
================================================================================
1 30 5 18 -8 47 0 0.00 M M 3.0 10 250 M M 0 14 260
2 44 18 31 5 34 0 0.00 M M 11.2 22 310 M M 0 34 320
3 21 8 15 -12 50 0 0.00 M M 7.8 18 330 M M 1 32 340
4 43 13 28 1 37 0 0.00 M M 9.9 21 220 M M 0 34 220
5 52 30 41 14 24 0 0.00 M M 10.6 22 270 M M 2 35 210
6 46 20 33 6 32 0 0.00 M M 6.8 18 150 M M 0 18 32 140
7 55 31 43 16 22 0 0.00 M M 9.0 18 270 M M 4 29 260
8 46 24 35 7 30 0 M M M 4.4 12 80 M M 3 1 15 80
9 57 37 47 19 18 0 0.29 M M 13.8 31 230 M M 10 18 52 220
10 44 25 35 7 30 0 0.00 M M 9.0 17 290 M M 6 18 27 290
11 45 19 32 4 33 0 0.00 M M 0.8 7 230 M M 0 10 200
12 53 19 36 7 29 0 0.00 M M 2.7 10 240 M M 0 14 260
13 55 30 43 14 22 0 0.00 M M 6.2 20 280 M M 0 28 290
14 56 29 43 14 22 0 T M M 9.1 22 130 M M 4 36 170
15 57 36 47 17 18 0 0.00 M M 12.8 24 250 M M 3 40 210
16 45 32 39 9 26 0 0.05 M M 10.6 24 80 M M 9 1 31 330
17 32 22 27 -3 38 0 T M M 10.3 22 350 M M 8 8 33 340
18 48 22 35 4 30 0 0.00 M M 9.2 18 230 M M 0 29 220
19 56 38 47 16 18 0 0.00 M M 9.5 21 220 M M 1 33 240
20 54 28 41 10 24 0 0.00 M M 3.2 13 290 M M 0 1 16 270
21 43 34 39 7 26 0 0.00 M M 10.3 25 280 M M 2 35 290
22 44 37 41 9 24 0 2.10 M M 11.1 25 330 M M 10 13 38 300
23 58 28 43 11 22 0 0.00 M M 12.8 26 270 M M 8 12 39 250
24 35 21 28 -5 37 0 0.00 M M 9.5 17 320 M M 5 27 320
25 40 31 36 3 29 0 0.00 M M 6.9 15 290 M M 9 22 270
26 54 25 40 7 25 0 0.00 M M 3.4 9 120 M M 1 1 12 110
27 65 43 54 20 11 0 0.53 M M 16.5 30 280 M M 10 138 45 270
28 51 39 45 11 20 0 0.00 M M 8.5 25 280 M M 6 37 270
================================================================================
SM 1329 744 778 0 2.97 M 238.9 M 102
================================================================================
AV 47.5 26.6 8.5 FASTST M M 4 MAX(MPH)
MISC ----> 31 230 52 220
================================================================================
NOTES:
# LAST OF SEVERAL OCCURRENCES
COLUMN 17 PEAK WIND IN M.P.H.
PRELIMINARY LOCAL CLIMATOLOGICAL DATA (WS FORM: F-6) , PAGE 2
STATION: LAFAYETTE IN
MONTH: FEBRUARY
YEAR: 2023
LATITUDE: 40 25 N
LONGITUDE: 86 56 W
[TEMPERATURE DATA] [PRECIPITATION DATA] SYMBOLS USED IN COLUMN 16
AVERAGE MONTHLY: 37.0 TOTAL FOR MONTH: 2.97 1 = FOG OR MIST
DPTR FM NORMAL: 7.3 DPTR FM NORMAL: 1.19 2 = FOG REDUCING VISIBILITY
HIGHEST: 65 ON 27 GRTST 24HR 2.10 ON 22-22 TO 1/4 MILE OR LESS
LOWEST: 5 ON 1 3 = THUNDER
SNOW, ICE PELLETS, HAIL 4 = ICE PELLETS
TOTAL MONTH: M 5 = HAIL
GRTST 24HR M ON M 6 = FREEZING RAIN OR DRIZZLE
GRTST DEPTH: M ON M 7 = DUSTSTORM OR SANDSTORM:
VSBY 1/2 MILE OR LESS
8 = SMOKE OR HAZE
[NO. OF DAYS WITH] [WEATHER - DAYS WITH] 9 = BLOWING SNOW
X = TORNADO
MAX 32 OR BELOW: 3 0.01 INCH OR MORE: 4
MAX 90 OR ABOVE: 0 0.10 INCH OR MORE: 3
MIN 32 OR BELOW: 21 0.50 INCH OR MORE: 2
MIN 0 OR BELOW: 0 1.00 INCH OR MORE: 1
[HDD (BASE 65) ]
TOTAL THIS MO. 778 CLEAR (SCALE 0-3) 16
DPTR FM NORMAL -210 PTCLDY (SCALE 4-7) 7
TOTAL FM JUL 1 3856 CLOUDY (SCALE 8-10) 5
DPTR FM NORMAL -570
[CDD (BASE 65) ]
TOTAL THIS MO. 0
DPTR FM NORMAL 0 [PRESSURE DATA]
TOTAL FM JAN 1 0 HIGHEST SLP M ON M
DPTR FM NORMAL 0 LOWEST SLP 29.09 ON 27
[REMARKS]
#FINAL-02-23#