000
CXUS53 KGRR 011511 RRA
CLSLAN
WRKCLSLAN 000
TTAA00 GRR 011509
CLIMATE REPORT
NATIONAL WEATHER SERVICE GRAND RAPIDS, MICHIGAN
1007 AM EST TUE MAR 01 2022
...................................
...THE LANSING CLIMATE SUMMARY FOR THE SEASON, FROM
12/1/2021 TO 2/28/2022...
CLIMATE NORMAL PERIOD: 1991 TO 2020
CLIMATE RECORD PERIOD: 1864 TO 2022
WEATHER OBSERVED NORMAL DEPART LAST YEAR`S
VALUE DATE(S) VALUE FROM VALUE DATE(S)
NORMAL
................................................................
TEMPERATURE (F)
RECORD
HIGH 70 12/31/1875
LOW -37 02/02/1868
HIGHEST 63 12/15 54 9 58 02/28
12/16
LOWEST -3 02/14 -8 5 -9 02/17
AVG. MAXIMUM 35.3 33.3 2.0 32.9
AVG. MINIMUM 19.8 19.6 0.2 19.6
MEAN 27.5 26.4 1.1 26.2
DAYS MAX >= 90 0 0.0 0.0 0
DAYS MAX <= 32 40 44.5 -4.5 42
DAYS MIN <= 32 84 80.7 3.3 86
DAYS MIN <= 0 2 7.7 -5.7 5
PRECIPITATION (INCHES)
RECORD
MAXIMUM 11.65 1950
MINIMUM 1.35 2003
TOTALS 6.48 5.67 0.81 4.94
DAILY AVG. 0.07 0.06 0.01 0.06
DAYS >= .01 39 38.1 0.9 44
DAYS >= .10 17 15.1 1.9 14
DAYS >= .50 4 2.8 1.2 1
DAYS >= 1.00 1 0.3 0.7 1
GREATEST
24 HR. TOTAL 2.34 02/02 TO 02/03
SNOWFALL (INCHES)
RECORDS
TOTAL 64.2 1908
SNOW DEPTH 24 01/28/1978
01/27/1978
TOTALS 45.1 38.5 6.6 44.9
SINCE 7/1 50.8 42.6 8.2 MM
SNOWDEPTH AVG. 3 4
DAYS >= TRACE 53 31.3 21.7 MM
DAYS >= 1.0 16 11.8 4.2 MM
GREATEST
SNOW DEPTH 12 02/03 16 02/16
02/17
02/19
DEGREE DAYS
HEATING TOTAL 3346 3469 -123 3448
SINCE 7/1 4418 4851 -433 MM
COOLING TOTAL 0 0 0 0
SINCE 1/1 0 0 0 MM
FREEZE DATES
RECORD
EARLIEST 08/03/1894
LATEST 07/15/1863
EARLIEST 10/24
LATEST 05/12
................................................................
WIND (MPH)
AVERAGE WIND SPEED 10.1
RESULTANT WIND SPEED/DIRECTION 4/230
HIGHEST WIND SPEED/DIRECTION 40/250 DATE 12/16
HIGHEST GUST SPEED/DIRECTION 56/240 DATE 12/11
SKY COVER
POSSIBLE SUNSHINE (PERCENT) MM
AVERAGE SKY COVER 0.65
NUMBER OF DAYS FAIR 18
NUMBER OF DAYS PC 27
NUMBER OF DAYS CLOUDY 44
AVERAGE RH (PERCENT) 70
WEATHER CONDITIONS. NUMBER OF DAYS WITH
THUNDERSTORM 1 MIXED PRECIP 0
HEAVY RAIN 3 RAIN 5
LIGHT RAIN 15 FREEZING RAIN 1
LT FREEZING RAIN 3 HAIL 0
HEAVY SNOW 4 SNOW 13
LIGHT SNOW 43 SLEET 0
FOG 49 FOG W/VIS <= 1/4 MILE 6
HAZE 65
- INDICATES NEGATIVE NUMBERS.
R INDICATES RECORD WAS SET OR TIED.
MM INDICATES DATA IS MISSING.
T INDICATES TRACE AMOUNT.
$$