000
CXUS56 KLOX 011155
CF6LAX
PRELIMINARY LOCAL CLIMATOLOGICAL DATA (WS FORM: F-6)
STATION: LOS ANGELES INTL AIRPORT CA
MONTH: JUNE
YEAR: 2021
LATITUDE: 33 55 N
LONGITUDE: 118 24 W
TEMPERATURE IN F: :PCPN: SNOW: WIND :SUNSHINE: SKY :PK WND
================================================================================
1 2 3 4 5 6A 6B 7 8 9 10 11 12 13 14 15 16 17 18
12Z AVG MX 2MIN
DY MAX MIN AVG DEP HDD CDD WTR SNW DPTH SPD SPD DIR MIN PSBL S-S WX SPD DR
================================================================================
1 66 58 62 -3 3 0 0.00 M M 7.7 15 260 M M 10 18 M M
2 63 57 60 -5 5 0 0.00 M M 7.7 14 260 M M 10 12 M M
3 68 58 63 -2 2 0 0.00 M M 8.1 14 240 M M 8 1 M M
4 69 59 64 -1 1 0 T M M 6.9 13 250 M M 4 M M
5 69 59 64 -1 1 0 0.00 M M 7.8 14 270 M M 7 M M
6 69 60 65 0 0 0 0.00 M M 7.4 15 240 M M 7 21 230
7 69 59 64 -1 1 0 T M M 7.5 17 270 M M 9 26 150
8 70 59 65 -1 0 0 0.00 M M 8.8 18 270 M M 5 8 24 250
9 70 59 65 -1 0 0 0.00 M M 11.7 25 250 M M 3 30 260
10 71 56 64 -2 1 0 0.00 M M 10.2 23 250 M M 0 28 250
11 72 57 65 -1 0 0 0.00 M M 6.8 15 260 M M 0 M M
12 74 58 66 0 0 1 0.00 M M 6.5 16 260 M M 1 M M
13 72 59 66 0 0 1 0.00 M M 9.3 20 260 M M 3 1 M M
14 74 61 68 2 0 3 0.00 M M 7.8 18 270 M M 2 M M
15 79 62 71 5 0 6 0.00 M M 6.0 16 260 M M 5 21 210
16 80 64 72 6 0 7 0.00 M M 6.9 14 280 M M 6 20 280
17 74 62 68 1 0 3 0.00 M M 6.3 15 260 M M 6 18 19 250
18 71 60 66 -1 0 1 0.00 M M 7.3 15 260 M M 8 18 20 260
19 69 61 65 -2 0 0 0.00 M M 7.4 16 260 M M 9 1 21 200
20 69 60 65 -2 0 0 0.00 M M 7.5 15 240 M M 8 1 23 320
21 70 61 66 -1 0 1 0.00 M M 9.8 18 250 M M 6 1 23 250
22 70 60 65 -2 0 0 T M M 9.5 22 270 M M 6 25 280
23 71 61 66 -1 0 1 0.00 M M 10.0 20 260 M M 6 24 250
24 69 61 65 -3 0 0 0.00 M M 10.4 21 270 M M 4 25 250
25 70 61 66 -2 0 1 T M M 7.7 20 240 M M 4 25 230
26 70 61 66 -2 0 1 0.00 M M 8.0 16 250 M M 3 1 20 260
27 71 61 66 -2 0 1 0.00 M M 6.9 14 260 M M 3 18 18 230
28 72 64 68 0 0 3 0.00 M M 7.2 15 260 M M 7 18 21 230
29 74 64 69 1 0 4 0.00 M M 6.8 16 280 M M 8 26 230
30 73 64 69 1 0 4 0.00 M M 6.8 15 240 M M 7 8 18 240
================================================================================
SM 2128 1806 14 38 T M 238.7 M 165
================================================================================
AV 70.9 60.2 8.0 FASTST M M 6 MAX(MPH)
MISC ----> 25 250 30 260
================================================================================
NOTES:
# LAST OF SEVERAL OCCURRENCES
COLUMN 17 PEAK WIND IN M.P.H.
PRELIMINARY LOCAL CLIMATOLOGICAL DATA (WS FORM: F-6) , PAGE 2
STATION: LOS ANGELES INTL AIRPORT CA
MONTH: JUNE
YEAR: 2021
LATITUDE: 33 55 N
LONGITUDE: 118 24 W
[TEMPERATURE DATA] [PRECIPITATION DATA] SYMBOLS USED IN COLUMN 16
AVERAGE MONTHLY: 65.6 TOTAL FOR MONTH: T 1 = FOG OR MIST
DPTR FM NORMAL: -0.8 DPTR FM NORMAL: -0.08 2 = FOG REDUCING VISIBILITY
HIGHEST: 80 ON 16 GRTST 24HR T ON 4- 4 TO 1/4 MILE OR LESS
LOWEST: 56 ON 10 3 = THUNDER
SNOW, ICE PELLETS, HAIL 4 = ICE PELLETS
TOTAL MONTH: M 5 = HAIL
GRTST 24HR M ON M 6 = FREEZING RAIN OR DRIZZLE
GRTST DEPTH: M ON M 7 = DUSTSTORM OR SANDSTORM:
VSBY 1/2 MILE OR LESS
8 = SMOKE OR HAZE
[NO. OF DAYS WITH] [WEATHER - DAYS WITH] 9 = BLOWING SNOW
X = TORNADO
MAX 32 OR BELOW: 0 0.01 INCH OR MORE: 0
MAX 90 OR ABOVE: 0 0.10 INCH OR MORE: 0
MIN 32 OR BELOW: 0 0.50 INCH OR MORE: 0
MIN 0 OR BELOW: 0 1.00 INCH OR MORE: 0
[HDD (BASE 65) ]
TOTAL THIS MO. 14 CLEAR (SCALE 0-3) 6
DPTR FM NORMAL 1 PTCLDY (SCALE 4-7) 18
TOTAL FM JUL 1 1270 CLOUDY (SCALE 8-10) 6
DPTR FM NORMAL 60
[CDD (BASE 65) ]
TOTAL THIS MO. 38
DPTR FM NORMAL -18 [PRESSURE DATA]
TOTAL FM JAN 1 78 HIGHEST SLP 30.10 ON 10
DPTR FM NORMAL -40 LOWEST SLP 29.68 ON 27
[REMARKS]
#FINAL-06-21#