000
CXUS55 KLBF 011552
CF6LBF
PRELIMINARY LOCAL CLIMATOLOGICAL DATA (WS FORM: F-6)
STATION: NORTH PLATTE
MONTH: NOVEMBER
YEAR: 2020
LATITUDE: 41 7 N
LONGITUDE: 100 41 W
TEMPERATURE IN F: :PCPN: SNOW: WIND :SUNSHINE: SKY :PK WND
================================================================================
1 2 3 4 5 6A 6B 7 8 9 10 11 12 13 14 15 16 17 18
12Z AVG MX 2MIN
DY MAX MIN AVG DEP HDD CDD WTR SNW DPTH SPD SPD DIR MIN PSBL S-S WX SPD DR
================================================================================
1 58 17 38 -5 27 0 0.00 0.0 0 6.7 17 190 M M 0 23 190
2 78 24 51 9 14 0 0.00 0.0 0 3.5 9 300 M M 0 13 290
3 83 27 55 13 10 0 0.00 0.0 0 5.5 12 220 M M 0 15 210
4 82 33 58 17 7 0 0.00 0.0 0 7.0 15 280 M M 0 8 20 270
5 79 31 55 14 10 0 0.00 0.0 0 7.0 15 200 M M 0 20 210
6 87 39 63 23 2 0 0.00 0.0 0 10.2 25 200 M M 0 36 180
7 81 52 67 27 0 2 0.00 0.0 0 18.0 31 170 M M 0 50 180
8 76 49 63 24 2 0 0.00 0.0 0 16.3 38 180 M M 1 57 170
9 63 28 46 7 19 0 0.06 T 0 13.7 32 10 M M 10 3 44 20
10 42 22 32 -6 33 0 0.12 1.5 T 8.8 15 290 M M 5 1 21 300
11 55 22 39 1 26 0 0.00 0.0 T 8.9 21 240 M M 1 29 240
12 41 18 30 -7 35 0 0.00 0.0 0 5.7 22 20 M M 3 29 20
13 58 16 37 0 28 0 0.00 0.0 0 10.8 32 200 M M 0 43 210
14 57 26 42 6 23 0 0.00 0.0 0 13.9 45 310 M M 3 62 310
15 52 23 38 2 27 0 0.00 0.0 0 9.1 20 280 M M 0 27 290
16 61 19 40 5 25 0 0.00 0.0 0 5.8 14 310 M M 0 21 10
17 65 25 45 10 20 0 0.00 0.0 0 7.2 14 180 M M 0 19 200
18 73 21 47 13 18 0 0.00 0.0 0 2.8 12 160 M M 0 17 160
19 74 29 52 18 13 0 0.00 0.0 0 8.8 24 310 M M 0 30 310
20 59 29 44 11 21 0 0.00 0.0 0 4.7 13 30 M M 2 17 40
21 51 23 37 4 28 0 0.00 0.0 0 6.6 18 180 M M 5 24 190
22 52 13 33 1 32 0 0.00 0.0 0 6.2 13 300 M M 0 17 290
23 47 25 36 4 29 0 0.00 0.0 0 12.8 26 160 M M 7 1 37 150
24 42 20 31 0 34 0 0.10 T 0 10.9 24 340 M M 9 1 34 340
25 57 14 36 5 29 0 0.00 0.0 0 6.8 16 210 M M 0 23 210
26 51 20 36 6 29 0 0.00 0.0 0 5.7 13 10 M M 1 20 350
27 51 14 33 3 32 0 0.00 0.0 0 5.3 16 270 M M 0 20 260
28 60 14 37 7 28 0 0.00 0.0 0 5.6 13 240 M M 0 17 220
29 41 4 23 -6 42 0 0.00 0.0 0 14.7 29 360 M M 0 42 360
30 54 2 28 -1 37 0 0.00 0.0 0 3.3 14 250 M M 0 18 250
================================================================================
SM 1830 699 680 2 0.28 1.5 252.3 M 47
================================================================================
AV 61.0 23.3 8.4 FASTST M M 2 MAX(MPH)
MISC ----> 45 310 62 310
================================================================================
NOTES:
# LAST OF SEVERAL OCCURRENCES
COLUMN 17 PEAK WIND IN M.P.H.
PRELIMINARY LOCAL CLIMATOLOGICAL DATA (WS FORM: F-6) , PAGE 2
STATION: NORTH PLATTE
MONTH: NOVEMBER
YEAR: 2020
LATITUDE: 41 7 N
LONGITUDE: 100 41 W
[TEMPERATURE DATA] [PRECIPITATION DATA] SYMBOLS USED IN COLUMN 16
AVERAGE MONTHLY: 42.2 TOTAL FOR MONTH: 0.28 1 = FOG OR MIST
DPTR FM NORMAL: 6.6 DPTR FM NORMAL: -0.36 2 = FOG REDUCING VISIBILITY
HIGHEST: 87 ON 6 GRTST 24HR 0.12 ON 10-10 TO 1/4 MILE OR LESS
LOWEST: 2 ON 30 3 = THUNDER
SNOW, ICE PELLETS, HAIL 4 = ICE PELLETS
TOTAL MONTH: 1.5 INCHES 5 = HAIL
GRTST 24HR 1.5 ON 10-10 6 = FREEZING RAIN OR DRIZZLE
GRTST DEPTH: T 7 = DUSTSTORM OR SANDSTORM:
VSBY 1/2 MILE OR LESS
8 = SMOKE OR HAZE
[NO. OF DAYS WITH] [WEATHER - DAYS WITH] 9 = BLOWING SNOW
X = TORNADO
MAX 32 OR BELOW: 0 0.01 INCH OR MORE: 3
MAX 90 OR ABOVE: 0 0.10 INCH OR MORE: 2
MIN 32 OR BELOW: 26 0.50 INCH OR MORE: 0
MIN 0 OR BELOW: 0 1.00 INCH OR MORE: 0
[HDD (BASE 65) ]
TOTAL THIS MO. 680 CLEAR (SCALE 0-3) 25
DPTR FM NORMAL -202 PTCLDY (SCALE 4-7) 3
TOTAL FM JUL 1 1342 CLOUDY (SCALE 8-10) 2
DPTR FM NORMAL -210
[CDD (BASE 65) ]
TOTAL THIS MO. 2
DPTR FM NORMAL 2 [PRESSURE DATA]
TOTAL FM JAN 1 1121 HIGHEST SLP 30.59 ON 1
DPTR FM NORMAL 353 LOWEST SLP 29.43 ON 8
[REMARKS]
#FINAL-11-20#