000
CXUS52 KMLB 010650
CF6LEE
PRELIMINARY LOCAL CLIMATOLOGICAL DATA (WS FORM: F-6)
STATION: LEESBURG
MONTH: JULY
YEAR: 2022
LATITUDE: 28 49 N
LONGITUDE: 81 49 W
TEMPERATURE IN F: :PCPN: SNOW: WIND :SUNSHINE: SKY :PK WND
================================================================================
1 2 3 4 5 6A 6B 7 8 9 10 11 12 13 14 15 16 17 18
12Z AVG MX 2MIN
DY MAX MIN AVG DEP HDD CDD WTR SNW DPTH SPD SPD DIR MIN PSBL S-S WX SPD DR
================================================================================
1 93 74 84 1 0 19 1.12 0.0 0 5.2 28 210 M M 2 1238 36 240
2 90 74 82 -1 0 17 0.77 0.0 0 3.6 28 200 M M 0 123 42 180
3 91 74 83 0 0 18 2.91 0.0 0 4.2 26 40 M M 3 138 33 20
4 92 71 82 -1 0 17 0.02 0.0 0 4.2 15 110 M M 1 1 18 130
5 94 78 86 3 0 21 0.21 0.0 0 4.6 15 130 M M 1 13 23 130
6 95 78 87 4 0 22 0.00 0.0 0 5.9 18 120 M M 2 25 120
7 95 74 85 2 0 20 1.84 0.0 0 5.8 20 60 M M 1 123 23 70
8 93 76 85 2 0 20 0.00 0.0 0 6.1 14 330 M M 1 17 330
9 94 80 87 4 0 22 0.00 0.0 0 6.3 17 310 M M 1 23 330
10 90 75 83 0 0 18 1.19 0.0 0 8.1 18 250 M M 1 1238 29 240
11 89 76 83 0 0 18 0.04 0.0 0 6.8 20 230 M M 1 13 28 240
12 92 78 85 2 0 20 0.04 0.0 0 6.3 15 270 M M 2 13 23 280
13 96 73 85 2 0 20 1.00 0.0 0 4.2 36 160 M M 1 13 47 150
14 93 73 83 0 0 18 0.26 0.0 0 3.4 24 150 M M 1 13 36 160
15 92 72 82 -1 0 17 0.00 0.0 0 5.9 15 100 M M 1 22 100
16 86 74 80 -3 0 15 0.23 0.0 0 6.6 21 90 M M 2 13 29 120
17 90 73 82 -1 0 17 0.85 0.0 0 4.2 29 190 M M 1 13 39 190
18 92 76 84 1 0 19 1.09 0.0 0 6.9 23 300 M M 2 138 31 320
19 92 77 85 2 0 20 0.00 0.0 0 5.1 14 230 M M 2 3 19 220
20 90 75 83 0 0 18 0.28 0.0 0 6.1 18 300 M M 3 138 25 300
21 93 74 84 1 0 19 0.00 0.0 0 5.4 16 180 M M 1 3 21 170
22 94 80 87 4 0 22 0.00 0.0 0 5.7 16 200 M M 2 3 25 150
23 93 76 85 2 0 20 0.00 0.0 0 5.2 17 120 M M 1 22 140
24 93 76 85 2 0 20 0.00 0.0 0 5.8 15 330 M M 1 3 20 320
25 92 78 85 2 0 20 T 0.0 0 5.7 21 110 M M 1 3 32 130
26 93 74 84 1 0 19 0.31 0.0 0 4.9 23 110 M M 2 13 32 120
27 93 75 84 1 0 19 0.17 0.0 0 4.8 18 280 M M 3 13 27 290
28 93 77 85 2 0 20 0.00 0.0 0 5.0 12 160 M M 1 8 14 160
29 95 78 87 4 0 22 0.00 0.0 0 5.0 12 140 M M 0 17 130
30 94 76 85 2 0 20 0.00 0.0 0 5.9 14 120 M M 1 20 110
31 96 77 87 4 0 22 0.00 0.0 0 6.7 15 160 M M 1 3 22 170
================================================================================
SM 2868 2342 0 599 12.33 0.0 169.6 M 43
================================================================================
AV 92.5 75.5 5.5 FASTST M M 1 MAX(MPH)
MISC ----> 36 160 47 150
================================================================================
NOTES:
# LAST OF SEVERAL OCCURRENCES
COLUMN 17 PEAK WIND IN M.P.H.
PRELIMINARY LOCAL CLIMATOLOGICAL DATA (WS FORM: F-6) , PAGE 2
STATION: LEESBURG
MONTH: JULY
YEAR: 2022
LATITUDE: 28 49 N
LONGITUDE: 81 49 W
[TEMPERATURE DATA] [PRECIPITATION DATA] SYMBOLS USED IN COLUMN 16
AVERAGE MONTHLY: 84.0 TOTAL FOR MONTH: 12.33 1 = FOG OR MIST
DPTR FM NORMAL: 1.0 DPTR FM NORMAL: 6.45 2 = FOG REDUCING VISIBILITY
HIGHEST: 96 ON 31,13 GRTST 24HR 2.91 ON 3- 3 TO 1/4 MILE OR LESS
LOWEST: 71 ON 4 3 = THUNDER
SNOW, ICE PELLETS, HAIL 4 = ICE PELLETS
TOTAL MONTH: 0.0 INCH 5 = HAIL
GRTST 24HR 0.0 6 = FREEZING RAIN OR DRIZZLE
GRTST DEPTH: 0 7 = DUSTSTORM OR SANDSTORM:
VSBY 1/2 MILE OR LESS
8 = SMOKE OR HAZE
[NO. OF DAYS WITH] [WEATHER - DAYS WITH] 9 = BLOWING SNOW
X = TORNADO
MAX 32 OR BELOW: 0 0.01 INCH OR MORE: 17
MAX 90 OR ABOVE: 29 0.10 INCH OR MORE: 14
MIN 32 OR BELOW: 0 0.50 INCH OR MORE: 8
MIN 0 OR BELOW: 0 1.00 INCH OR MORE: 6
[HDD (BASE 65) ]
TOTAL THIS MO. 0 CLEAR (SCALE 0-3) 31
DPTR FM NORMAL 0 PTCLDY (SCALE 4-7) 0
TOTAL FM JUL 1 0 CLOUDY (SCALE 8-10) 0
DPTR FM NORMAL 0
[CDD (BASE 65) ]
TOTAL THIS MO. 599
DPTR FM NORMAL 41 [PRESSURE DATA]
TOTAL FM JAN 1 2116 HIGHEST SLP M ON M
DPTR FM NORMAL 209 LOWEST SLP 29.88 ON 11
[REMARKS]
#FINAL-07-22#