000
CXUS52 KMLB 240710
CF6LEE
PRELIMINARY LOCAL CLIMATOLOGICAL DATA (WS FORM: F-6)
STATION: LEESBURG
MONTH: APRIL
YEAR: 2024
LATITUDE: 28 49 N
LONGITUDE: 81 49 W
TEMPERATURE IN F: :PCPN: SNOW: WIND :SUNSHINE: SKY :PK WND
================================================================================
1 2 3 4 5 6A 6B 7 8 9 10 11 12 13 14 15 16 17 18
12Z AVG MX 2MIN
DY MAX MIN AVG DEP HDD CDD WTR SNW DPTH SPD SPD DIR MIN PSBL S-S WX SPD DR
================================================================================
1 83 61 72 3 0 7 0.00 0.0 0 4.3 12 280 M M 0 17 280
2 85 65 75 5 0 10 0.00 0.0 0 6.5 13 200 M M 1 19 210
3 80 63 72 2 0 7 0.80 0.0 0 10.5 24 280 M M 6 13 37 280
4 73 58 66 -4 0 1 0.00 0.0 0 8.0 20 290 M M 1 33 290
5 77 53 65 -5 0 0 0.00 0.0 0 7.2 18 280 M M 0 32 270
6 76 57 67 -3 0 2 0.00 0.0 0 5.2 13 10 M M 0 18 30
7 78 53 66 -4 0 1 0.00 0.0 0 6.0 14 60 M M 0 22 40
8 79 56 68 -3 0 3 0.00 0.0 0 8.3 16 100 M M 0 24 110
9 81 62 72 1 0 7 0.00 0.0 0 9.0 17 150 M M 0 27 150
10 85 67 76 5 0 11 0.00 0.0 0 11.1 18 130 M M 2 29 160
11 80 69 75 4 0 10 0.65 0.0 0 15.0 29 190 M M 6 123 42 190
12 77 58 68 -4 0 3 0.00 0.0 0 10.3 18 270 M M 0 31 270
13 77 57 67 -5 0 2 0.00 0.0 0 5.9 15 20 M M 0 21 20
14 82 52 67 -5 0 2 0.00 0.0 0 2.9 9 160 M M 0 13 150
15 83 59 71 -1 0 6 0.00 0.0 0 3.5 13 100 M M 0 17 100
16 86 60 73 1 0 8 0.00 0.0 0 7.3 16 80 M M 0 21 100
17 85 67 76 4 0 11 0.00 0.0 0 7.6 13 170 M M 0 18 170
18 86 69 78 5 0 13 0.00 0.0 0 4.7 12 310 M M 0 18 310
19 90 64 77 4 0 12 0.00 0.0 0 5.5 14 290 M M 0 21 290
20 88 66 77 4 0 12 0.00 0.0 0 4.8 13 280 M M 2 1 21 300
21 85 68 77 4 0 12 0.43 0.0 0 7.1 17 280 M M 2 13 27 220
22 77 58 68 -6 0 3 0.00 0.0 0 9.8 18 50 M M 7 24 40
23 78 54 66 -8 0 1 0.00 0.0 0 8.1 17 40 M M 2 26 40
================================================================================
SM 1871 1396 0 144 1.88 0.0 168.6 M 29
================================================================================
AV 81.3 60.7 7.3 FASTST M M 1 MAX(MPH)
MISC ----> 29 190 42 190
================================================================================
NOTES:
# LAST OF SEVERAL OCCURRENCES
COLUMN 17 PEAK WIND IN M.P.H.
PRELIMINARY LOCAL CLIMATOLOGICAL DATA (WS FORM: F-6) , PAGE 2
STATION: LEESBURG
MONTH: APRIL
YEAR: 2024
LATITUDE: 28 49 N
LONGITUDE: 81 49 W
[TEMPERATURE DATA] [PRECIPITATION DATA] SYMBOLS USED IN COLUMN 16
AVERAGE MONTHLY: 71.0 TOTAL FOR MONTH: 1.88 1 = FOG OR MIST
DPTR FM NORMAL: -0.5 DPTR FM NORMAL: 0.30 2 = FOG REDUCING VISIBILITY
HIGHEST: 90 ON 19 GRTST 24HR 0.80 ON 3- 3 TO 1/4 MILE OR LESS
LOWEST: 52 ON 14 3 = THUNDER
SNOW, ICE PELLETS, HAIL 4 = ICE PELLETS
TOTAL MONTH: 0.0 INCH 5 = HAIL
GRTST 24HR 0.0 6 = FREEZING RAIN OR DRIZZLE
GRTST DEPTH: 0 7 = DUSTSTORM OR SANDSTORM:
VSBY 1/2 MILE OR LESS
8 = SMOKE OR HAZE
[NO. OF DAYS WITH] [WEATHER - DAYS WITH] 9 = BLOWING SNOW
X = TORNADO
MAX 32 OR BELOW: 0 0.01 INCH OR MORE: 3
MAX 90 OR ABOVE: 1 0.10 INCH OR MORE: 3
MIN 32 OR BELOW: 0 0.50 INCH OR MORE: 2
MIN 0 OR BELOW: 0 1.00 INCH OR MORE: 0
[HDD (BASE 65) ]
TOTAL THIS MO. 0 CLEAR (SCALE 0-3) 20
DPTR FM NORMAL -9 PTCLDY (SCALE 4-7) 3
TOTAL FM JUL 1 522 CLOUDY (SCALE 8-10) 0
DPTR FM NORMAL -105
[CDD (BASE 65) ]
TOTAL THIS MO. 144
DPTR FM NORMAL -17 [PRESSURE DATA]
TOTAL FM JAN 1 384 HIGHEST SLP M ON M
DPTR FM NORMAL 9 LOWEST SLP 29.64 ON 3
[REMARKS]