000
CXUS53 KLMK 010810
CF6LEX
PRELIMINARY LOCAL CLIMATOLOGICAL DATA (WS FORM: F-6)
STATION: LEXINGTON KY
MONTH: DECEMBER
YEAR: 2022
LATITUDE: 38 1 N
LONGITUDE: 84 36 W
TEMPERATURE IN F: :PCPN: SNOW: WIND :SUNSHINE: SKY :PK WND
================================================================================
1 2 3 4 5 6A 6B 7 8 9 10 11 12 13 14 15 16 17 18
12Z AVG MX 2MIN
DY MAX MIN AVG DEP HDD CDD WTR SNW DPTH SPD SPD DIR MIN PSBL S-S WX SPD DR
================================================================================
1 42 21 32 -9 33 0 0.00 0.0 0 3.0 9 240 M M 0 13 260
2 61 30 46 5 19 0 0.05 0.0 0 13.7 25 180 M M 6 3 37 190
3 59 32 46 6 19 0 0.20 0.0 0 12.4 30 200 M M 5 18 45 280
4 44 25 35 -5 30 0 0.00 0.0 0 3.5 9 200 M M 0 12 180
5 48 28 38 -2 27 0 0.04 0.0 0 7.4 14 160 M M 6 1 20 160
6 64 48 56 16 9 0 0.25 0.0 0 8.3 17 190 M M 10 13 25 200
7 66 51 59 19 6 0 0.14 0.0 0 5.2 17 210 M M 10 138 27 210
8 51 48 50 11 15 0 0.52 0.0 0 9.5 18 50 M M 10 18 23 30
9 52 45 49 10 16 0 0.00 0.0 0 6.5 13 60 M M 10 12 16 80
10 48 37 43 4 22 0 T 0.0 0 4.1 12 160 M M 9 128 15 160
11 48 42 45 6 20 0 0.00 0.0 0 4.5 12 10 M M 10 18 14 340
12 49 35 42 4 23 0 0.00 0.0 0 9.4 16 70 M M 3 22 40
13 50 33 42 4 23 0 0.00 0.0 0 10.3 16 100 M M 1 21 90
14 57 45 51 13 14 0 1.52 0.0 0 9.9 20 120 M M 10 1 27 110
15 56 39 48 10 17 0 0.23 0.0 0 10.7 21 220 M M 7 1 32 240
16 45 30 38 0 27 0 0.00 0.0 0 12.2 26 220 M M 4 39 220
17 39 27 33 -4 32 0 0.00 0.0 0 11.6 21 280 M M 6 31 260
18 38 25 32 -5 33 0 T T 0 9.2 20 270 M M 6 26 280
19 38 18 28 -9 37 0 0.00 0.0 0 2.5 9 70 M M 2 11 70
20 50 27 39 2 26 0 0.00 0.0 0 4.1 9 80 M M 4 12 80
21 49 22 36 -1 29 0 0.00 0.0 0 6.4 13 60 M M 1 16 90
22 48 17 33 -3 32 0 0.27 0.8 0 11.6 29 280 M M 10 128 40 280
23 17 -5 6 -30 59 0 0.03 1.0 2 19.4 32 260 M M 9 1289 46 270
24 17 0 9 -27 56 0 0.00 0.0 2 14.5 23 260 M M 6 8 34 240
25 22 9 16 -20 49 0 0.00 0.0 2 11.4 17 250 M M 0 24 270
26 29 13 21 -15 44 0 0.02 0.1 2 7.8 16 170 M M 8 22 170
27 35 27 31 -5 34 0 0.00 0.0 2 5.8 12 220 M M 8 14 170
28 53 27 40 4 25 0 0.00 0.0 1 11.9 18 160 M M 0 26 190
29 65 42 54 19 11 0 0.00 0.0 0 12.7 22 200 M M 6 30 190
30 69 54 62 27 3 0 T 0.0 0 11.8 22 170 M M 4 29 180
31 59 38 49 14 16 0 0.19 0.0 0 8.1 15 190 M M 8 12 21 190
================================================================================
SM 1468 930 806 0 3.46 1.9 279.4 M 179
================================================================================
AV 47.4 30.0 9.0 FASTST M M 6 MAX(MPH)
MISC ----> 32 260 46 270
================================================================================
NOTES:
# LAST OF SEVERAL OCCURRENCES
COLUMN 17 PEAK WIND IN M.P.H.
PRELIMINARY LOCAL CLIMATOLOGICAL DATA (WS FORM: F-6) , PAGE 2
STATION: LEXINGTON KY
MONTH: DECEMBER
YEAR: 2022
LATITUDE: 38 1 N
LONGITUDE: 84 36 W
[TEMPERATURE DATA] [PRECIPITATION DATA] SYMBOLS USED IN COLUMN 16
AVERAGE MONTHLY: 38.7 TOTAL FOR MONTH: 3.46 1 = FOG OR MIST
DPTR FM NORMAL: 0.9 DPTR FM NORMAL: -0.74 2 = FOG REDUCING VISIBILITY
HIGHEST: 69 ON 30 GRTST 24HR 1.75 ON 14-15 TO 1/4 MILE OR LESS
LOWEST: -5 ON 23 3 = THUNDER
SNOW, ICE PELLETS, HAIL 4 = ICE PELLETS
TOTAL MONTH: 1.9 INCHES 5 = HAIL
GRTST 24HR 1.0 ON 23-23 6 = FREEZING RAIN OR DRIZZLE
GRTST DEPTH: 2 ON 27,26 7 = DUSTSTORM OR SANDSTORM:
VSBY 1/2 MILE OR LESS
8 = SMOKE OR HAZE
[NO. OF DAYS WITH] [WEATHER - DAYS WITH] 9 = BLOWING SNOW
X = TORNADO
MAX 32 OR BELOW: 4 0.01 INCH OR MORE: 12
MAX 90 OR ABOVE: 0 0.10 INCH OR MORE: 8
MIN 32 OR BELOW: 18 0.50 INCH OR MORE: 2
MIN 0 OR BELOW: 2 1.00 INCH OR MORE: 1
[HDD (BASE 65) ]
TOTAL THIS MO. 806 CLEAR (SCALE 0-3) 8
DPTR FM NORMAL -39 PTCLDY (SCALE 4-7) 14
TOTAL FM JUL 1 1628 CLOUDY (SCALE 8-10) 9
DPTR FM NORMAL -85
[CDD (BASE 65) ]
TOTAL THIS MO. 0
DPTR FM NORMAL 0 [PRESSURE DATA]
TOTAL FM JAN 1 1525 HIGHEST SLP 30.59 ON 1
DPTR FM NORMAL 236 LOWEST SLP 29.53 ON 22
[REMARKS]
#FINAL-12-22#