000
CXUS53 KLMK 010710
CF6LEX
PRELIMINARY LOCAL CLIMATOLOGICAL DATA (WS FORM: F-6)
STATION: LEXINGTON KY
MONTH: MARCH
YEAR: 2022
LATITUDE: 38 1 N
LONGITUDE: 84 36 W
TEMPERATURE IN F: :PCPN: SNOW: WIND :SUNSHINE: SKY :PK WND
================================================================================
1 2 3 4 5 6A 6B 7 8 9 10 11 12 13 14 15 16 17 18
12Z AVG MX 2MIN
DY MAX MIN AVG DEP HDD CDD WTR SNW DPTH SPD SPD DIR MIN PSBL S-S WX SPD DR
================================================================================
1 64 35 50 8 15 0 0.00 0.0 0 11.5 21 230 M M 0 31 210
2 70 35 53 11 12 0 0.00 0.0 0 6.6 15 280 M M 2 20 220
3 58 34 46 4 19 0 0.00 0.0 0 10.5 20 40 M M 1 25 40
4 59 29 44 2 21 0 0.00 0.0 0 9.0 13 100 M M 0 17 80
5 75 51 63 20 2 0 0.00 0.0 0 14.9 29 210 M M 2 42 200
6 69 57 63 20 2 0 1.95 0.0 0 13.0 31 210 M M 10 13 44 230
7 67 36 52 9 13 0 0.88 0.0 0 16.3 33 280 M M 8 13 48 220
8 43 34 39 -5 26 0 T 0.0 0 7.0 17 120 M M 7 23 110
9 49 34 42 -2 23 0 0.19 0.0 0 5.5 14 330 M M 7 1 18 330
10 53 29 41 -3 24 0 0.00 0.0 0 4.8 14 70 M M 0 1 17 70
11 61 24 43 -1 22 0 0.22 4.5 0 10.2 29 330 M M 4 12 42 320
12 24 15 20 -25 45 0 0.16 1.0 6 12.7 23 270 M M 4 1 33 290
13 47 14 31 -14 34 0 0.00 0.0 3 12.9 26 220 M M 2 40 230
14 66 35 51 6 14 0 0.00 0.0 0 9.2 20 190 M M 0 25 200
15 70 46 58 12 7 0 0.00 0.0 0 6.4 14 190 M M 3 19 240
16 69 41 55 9 10 0 0.00 0.0 0 5.5 17 170 M M 2 21 150
17 73 46 60 14 5 0 0.00 0.0 0 3.3 13 210 M M 1 19 210
18 67 50 59 13 6 0 T 0.0 0 11.5 28 160 M M 4 37 280
19 59 43 51 4 14 0 0.22 0.0 0 14.7 25 240 M M 10 18 37 230
20 64 38 51 4 14 0 0.00 0.0 0 8.5 17 270 M M 3 25 280
21 70 39 55 8 10 0 0.00 0.0 0 7.4 15 190 M M 0 21 200
22 74 55 65 17 0 0 T 0.0 0 10.2 23 150 M M 4 34 140
23 72 48 60 12 5 0 0.45 0.0 0 15.5 36 210 M M 6 1 51 220
24 58 41 50 2 15 0 0.00 0.0 0 13.2 24 270 M M 6 36 210
25 48 37 43 -6 22 0 0.13 T 0 11.7 30 280 M M 7 3 48 250
26 48 30 39 -10 26 0 0.03 T 0 12.9 31 280 M M 6 1 45 280
27 45 24 35 -14 30 0 0.00 0.0 0 7.5 20 270 M M 3 26 290
28 47 24 36 -14 29 0 0.00 0.0 0 5.1 15 330 M M 0 19 300
29 49 34 42 -8 23 0 0.00 0.0 0 12.0 18 70 M M 8 24 110
30 81 47 64 14 1 0 T 0.0 0 19.1 41 210 M M 0 57 190
31 63 42 53 2 12 0 0.04 0.0 0 16.3 26 250 M M 10 1 38 250
================================================================================
SM 1862 1147 501 0 4.27 5.5 324.9 M 120
================================================================================
AV 60.1 37.0 10.5 FASTST M M 4 MAX(MPH)
MISC ----> 41 210 57 190
================================================================================
NOTES:
# LAST OF SEVERAL OCCURRENCES
COLUMN 17 PEAK WIND IN M.P.H.
PRELIMINARY LOCAL CLIMATOLOGICAL DATA (WS FORM: F-6) , PAGE 2
STATION: LEXINGTON KY
MONTH: MARCH
YEAR: 2022
LATITUDE: 38 1 N
LONGITUDE: 84 36 W
[TEMPERATURE DATA] [PRECIPITATION DATA] SYMBOLS USED IN COLUMN 16
AVERAGE MONTHLY: 48.5 TOTAL FOR MONTH: 4.27 1 = FOG OR MIST
DPTR FM NORMAL: 2.6 DPTR FM NORMAL: -0.21 2 = FOG REDUCING VISIBILITY
HIGHEST: 81 ON 30 GRTST 24HR 2.63 ON 6- 7 TO 1/4 MILE OR LESS
LOWEST: 14 ON 13 3 = THUNDER
SNOW, ICE PELLETS, HAIL 4 = ICE PELLETS
TOTAL MONTH: 5.5 INCHES 5 = HAIL
GRTST 24HR 4.5 ON 11-11 6 = FREEZING RAIN OR DRIZZLE
GRTST DEPTH: 6 ON 12 7 = DUSTSTORM OR SANDSTORM:
VSBY 1/2 MILE OR LESS
8 = SMOKE OR HAZE
[NO. OF DAYS WITH] [WEATHER - DAYS WITH] 9 = BLOWING SNOW
X = TORNADO
MAX 32 OR BELOW: 1 0.01 INCH OR MORE: 10
MAX 90 OR ABOVE: 0 0.10 INCH OR MORE: 8
MIN 32 OR BELOW: 8 0.50 INCH OR MORE: 2
MIN 0 OR BELOW: 0 1.00 INCH OR MORE: 1
[HDD (BASE 65) ]
TOTAL THIS MO. 501 CLEAR (SCALE 0-3) 15
DPTR FM NORMAL -93 PTCLDY (SCALE 4-7) 13
TOTAL FM JUL 1 3810 CLOUDY (SCALE 8-10) 3
DPTR FM NORMAL -232
[CDD (BASE 65) ]
TOTAL THIS MO. 0
DPTR FM NORMAL -4 [PRESSURE DATA]
TOTAL FM JAN 1 0 HIGHEST SLP M ON M
DPTR FM NORMAL -4 LOWEST SLP 29.38 ON 30
[REMARKS]
#FINAL-03-22#