520
CXUS54 KSHV 011400
CF6LFK
PRELIMINARY LOCAL CLIMATOLOGICAL DATA (WS FORM: F-6)
STATION: LUFKIN
MONTH: DECEMBER
YEAR: 2020
LATITUDE: 31 14 N
LONGITUDE: 94 45 W
TEMPERATURE IN F: :PCPN: SNOW: WIND :SUNSHINE: SKY :PK WND
================================================================================
1 2 3 4 5 6A 6B 7 8 9 10 11 12 13 14 15 16 17 18
12Z AVG MX 2MIN
DY MAX MIN AVG DEP HDD CDD WTR SNW DPTH SPD SPD DIR MIN PSBL S-S WX SPD DR
================================================================================
1 60 25 43 -10 22 0 0.00 0.0 0 7.9 15 170 M M 0 8 20 170
2 55 46 51 -2 14 0 1.17 0.0 0 8.5 16 120 M M 8 1 21 130
3 53 38 46 -7 19 0 0.00 0.0 0 6.0 13 320 M M 5 18 340
4 54 34 44 -8 21 0 0.00 0.0 0 2.4 9 310 M M 2 1 12 10
5 61 30 46 -6 19 0 0.00 0.0 0 0.9 8 240 M M 1 1 10 220
6 66 40 53 1 12 0 T 0.0 0 3.6 13 300 M M 3 18 290
7 64 34 49 -3 16 0 0.00 0.0 0 3.0 13 360 M M 0 17 360
8 74 33 54 3 11 0 0.00 0.0 0 2.2 12 260 M M 0 17 240
9 78 35 57 6 8 0 0.00 0.0 0 2.7 12 240 M M 0 15 240
10 75 38 57 6 8 0 0.00 0.0 0 6.4 15 170 M M 0 21 160
11 71 54 63 12 2 0 1.40 0.0 0 6.4 16 160 M M 7 1 22 180
12 64 44 54 4 11 0 T 0.0 0 3.8 14 320 M M 4 12 21 350
13 57 40 49 -1 16 0 0.13 0.0 0 9.6 22 320 M M 8 1 32 310
14 52 34 43 -7 22 0 0.00 0.0 0 6.0 17 320 M M 6 28 340
15 46 34 40 -10 25 0 0.26 0.0 0 5.7 12 100 M M 10 1 15 100
16 44 30 37 -13 28 0 0.02 0.0 0 5.0 14 330 M M 9 19 340
17 57 27 42 -8 23 0 0.00 0.0 0 2.4 7 80 M M 0 1 9 240
18 64 31 48 -2 17 0 0.00 0.0 0 8.3 18 150 M M 4 23 130
19 59 48 54 5 11 0 0.67 0.0 0 5.3 20 310 M M 9 123 32 310
20 65 41 53 4 12 0 T 0.0 0 2.8 13 320 M M 5 1 17 310
21 71 36 54 5 11 0 0.00 0.0 0 2.0 9 250 M M 0 11 240
22 70 40 55 6 10 0 0.00 0.0 0 6.2 16 140 M M 2 1 19 110
23 76 50 63 14 2 0 T 0.0 0 9.3 22 330 M M 7 3 35 310
24 51 35 43 -6 22 0 0.00 0.0 0 9.0 20 310 M M 2 31 310
25 59 29 44 -5 21 0 0.00 0.0 0 3.3 10 290 M M 0 15 340
26 67 32 50 1 15 0 0.00 0.0 0 6.0 14 190 M M 0 18 220
27 72 43 58 9 7 0 0.00 0.0 0 8.2 22 200 M M 3 1 33 180
28 76 50 63 14 2 0 0.00 0.0 0 4.8 13 130 M M 5 12 15 110
29 73 51 62 13 3 0 T 0.0 0 10.3 20 150 M M 4 25 170
30 75 54 65 16 0 0 1.31 0.0 0 7.6 17 290 M M 9 13 23 180
31 56 44 50 1 15 0 1.26 0.0 0 10.2 22 190 M M 10 138 31 200
================================================================================
SM 1965 1200 425 0 6.22 0.0 175.8 M 123
================================================================================
AV 63.4 38.7 5.7 FASTST M M 4 MAX(MPH)
MISC ----> # 22 320 35 310
================================================================================
NOTES:
# LAST OF SEVERAL OCCURRENCES
COLUMN 17 PEAK WIND IN M.P.H.
PRELIMINARY LOCAL CLIMATOLOGICAL DATA (WS FORM: F-6) , PAGE 2
STATION: LUFKIN
MONTH: DECEMBER
YEAR: 2020
LATITUDE: 31 14 N
LONGITUDE: 94 45 W
[TEMPERATURE DATA] [PRECIPITATION DATA] SYMBOLS USED IN COLUMN 16
AVERAGE MONTHLY: 51.0 TOTAL FOR MONTH: 6.22 1 = FOG OR MIST
DPTR FM NORMAL: 0.8 DPTR FM NORMAL: 1.78 2 = FOG REDUCING VISIBILITY
HIGHEST: 78 ON 9 GRTST 24HR 2.52 ON 30-31 TO 1/4 MILE OR LESS
LOWEST: 25 ON 1 3 = THUNDER
SNOW, ICE PELLETS, HAIL 4 = ICE PELLETS
TOTAL MONTH: 0.0 INCH 5 = HAIL
GRTST 24HR 0.0 6 = FREEZING RAIN OR DRIZZLE
GRTST DEPTH: 0 7 = DUSTSTORM OR SANDSTORM:
VSBY 1/2 MILE OR LESS
8 = SMOKE OR HAZE
[NO. OF DAYS WITH] [WEATHER - DAYS WITH] 9 = BLOWING SNOW
X = TORNADO
MAX 32 OR BELOW: 0 0.01 INCH OR MORE: 8
MAX 90 OR ABOVE: 0 0.10 INCH OR MORE: 7
MIN 32 OR BELOW: 7 0.50 INCH OR MORE: 5
MIN 0 OR BELOW: 0 1.00 INCH OR MORE: 4
[HDD (BASE 65) ]
TOTAL THIS MO. 425 CLEAR (SCALE 0-3) 15
DPTR FM NORMAL -46 PTCLDY (SCALE 4-7) 10
TOTAL FM JUL 1 623 CLOUDY (SCALE 8-10) 6
DPTR FM NORMAL -156
[CDD (BASE 65) ]
TOTAL THIS MO. 0
DPTR FM NORMAL -13 [PRESSURE DATA]
TOTAL FM JAN 1 2903 HIGHEST SLP 30.36 ON 24
DPTR FM NORMAL 307 LOWEST SLP 29.55 ON 31
[REMARKS]
#FINAL-12-20#