000
CXUS54 KFWD 072138
CF6LHB
PRELIMINARY LOCAL CLIMATOLOGICAL DATA (WS FORM: F-6)
STATION: HEARNE
MONTH: APRIL
YEAR: 2022
LATITUDE: 30 52 N
LONGITUDE: 96 36 W
TEMPERATURE IN F: :PCPN: SNOW: WIND :SUNSHINE: SKY :PK WND
================================================================================
1 2 3 4 5 6A 6B 7 8 9 10 11 12 13 14 15 16 17 18
12Z AVG MX 2MIN
DY MAX MIN AVG DEP HDD CDD WTR SNW DPTH SPD SPD DIR MIN PSBL S-S WX SPD DR
================================================================================
1 79 46 63 M 2 0 0.00 M M 5.2 10 150 M M 0 17 150
2 81 56 69 M 0 4 0.00 M M 4.8 12 330 M M 2 16 330
3 83 51 67 M 0 2 0.00 M M 6.1 14 150 M M 0 21 150
4 79 60 70 M 0 5 0.00 M M 6.0 9 150 M M 9 1 17 140
5 92 70 81 M 0 16 0.00 M M 7.6 14 210 M M 5 1 21 170
6 76 51 64 M 1 0 0.00 M M 14.0 24 340 M M 2 1 33 340
7 74 43 59 M 6 0 0.00 M M 8.2 22 340 M M 0 31 340
8 74 40 57 M 8 0 0.00 M M 8.3 20 330 M M 1 29 330
9 85 38 62 M 3 0 0.00 M M 8.1 18 170 M M 0 25 190
10 84 60 72 M 0 7 0.00 M M 15.4 25 160 M M 6 37 160
11 85 70 78 M 0 13 0.00 M M 12.4 20 170 M M 8 29 170
12 85 72 79 M 0 14 0.00 M M 12.2 22 160 M M 9 3 31 160
13 91 64 78 M 0 13 0.00 M M 13.6 23 160 M M 6 32 160
14 81 46 64 M 1 0 0.00 M M 4.4 9 140 M M 0 8 M M
15 82 56 69 M 0 4 0.00 M M 6.1 14 160 M M 7 20 160
16 85 71 78 M 0 13 0.00 M M 4.6 13 200 M M 8 16 200
17 85 63 74 M 0 9 0.00 M M 3.8 8 330 M M 6 1 16 360
18 77 55 66 M 0 1 0.00 M M 6.4 14 350 M M 3 21 30
19 75 52 64 M 1 0 0.00 M M 7.8 14 140 M M 5 23 140
20 84 69 77 M 0 12 0.00 M M 14.2 21 180 M M 9 30 180
21 82 72 77 M 0 12 0.00 M M 8.2 10 150 M M 9 18 140
22 88 71 80 M 0 15 0.00 M M 11.8 17 140 M M 7 25 140
23 88 70 79 M 0 14 0.00 M M 15.5 23 170 M M 9 30 160
24 89 69 79 M 0 14 0.00 M M 9.7 17 160 M M 6 25 170
25 74 61 68 M 0 3 0.70 M M 6.1 12 360 M M 8 3 18 10
26 78 56 67 M 0 2 0.10 M M 5.8 12 20 M M 6 8 16 20
27 82 58 70 M 0 5 0.00 M M 4.1 12 180 M M 1 M M
28 87 63 75 M 0 10 0.00 M M 9.3 16 150 M M 5 1 25 150
29 87 70 79 M 0 14 0.00 M M 12.7 17 160 M M 7 25 160
30 90 71 81 M 0 16 0.00 M M 5.5 12 160 M M 8 17 160
================================================================================
SM 2482 1794 22 218 0.80 M 258.2 M 152
================================================================================
AV 82.7 59.8 8.6 FASTST M M 5 MAX(MPH)
MISC ----> 25 160 37 160
================================================================================
NOTES:
# LAST OF SEVERAL OCCURRENCES
COLUMN 17 PEAK WIND IN M.P.H.
PRELIMINARY LOCAL CLIMATOLOGICAL DATA (WS FORM: F-6) , PAGE 2
STATION: HEARNE
MONTH: APRIL
YEAR: 2022
LATITUDE: 30 52 N
LONGITUDE: 96 36 W
[TEMPERATURE DATA] [PRECIPITATION DATA] SYMBOLS USED IN COLUMN 16
AVERAGE MONTHLY: 71.3 TOTAL FOR MONTH: 0.80 1 = FOG OR MIST
DPTR FM NORMAL: 0.0 DPTR FM NORMAL: M 2 = FOG REDUCING VISIBILITY
HIGHEST: 92 ON 5 GRTST 24HR 0.70 ON 25-25 TO 1/4 MILE OR LESS
LOWEST: 38 ON 9 3 = THUNDER
SNOW, ICE PELLETS, HAIL 4 = ICE PELLETS
TOTAL MONTH: M 5 = HAIL
GRTST 24HR M ON M 6 = FREEZING RAIN OR DRIZZLE
GRTST DEPTH: M ON M 7 = DUSTSTORM OR SANDSTORM:
VSBY 1/2 MILE OR LESS
8 = SMOKE OR HAZE
[NO. OF DAYS WITH] [WEATHER - DAYS WITH] 9 = BLOWING SNOW
X = TORNADO
MAX 32 OR BELOW: 0 0.01 INCH OR MORE: 2
MAX 90 OR ABOVE: 3 0.10 INCH OR MORE: 2
MIN 32 OR BELOW: 0 0.50 INCH OR MORE: 1
MIN 0 OR BELOW: 0 1.00 INCH OR MORE: 0
[HDD (BASE 65) ]
TOTAL THIS MO. 22 CLEAR (SCALE 0-3) 10
DPTR FM NORMAL M PTCLDY (SCALE 4-7) 13
TOTAL FM JUL 1 247 CLOUDY (SCALE 8-10) 7
DPTR FM NORMAL M
[CDD (BASE 65) ]
TOTAL THIS MO. 218
DPTR FM NORMAL M [PRESSURE DATA]
TOTAL FM JAN 1 264 HIGHEST SLP M ON M
DPTR FM NORMAL M LOWEST SLP M ON M
[REMARKS]
#FINAL-04-22#