000
CXUS54 KLZK 011230
CF6LLQ
PRELIMINARY LOCAL CLIMATOLOGICAL DATA (WS FORM: F-6)
STATION: MONTICELLO
MONTH: JULY
YEAR: 2023
LATITUDE: 33 37 N
LONGITUDE: 91 45 W
TEMPERATURE IN F: :PCPN: SNOW: WIND :SUNSHINE: SKY :PK WND
================================================================================
1 2 3 4 5 6A 6B 7 8 9 10 11 12 13 14 15 16 17 18
12Z AVG MX 2MIN
DY MAX MIN AVG DEP HDD CDD WTR SNW DPTH SPD SPD DIR MIN PSBL S-S WX SPD DR
================================================================================
1 97 79 88 6 0 23 0.00 0.0 0 6.1 16 200 M M 0 22 190
2 95 78 87 5 0 22 0.00 0.0 0 5.6 16 290 M M 0 3 25 280
3 96 77 87 5 0 22 T 0.0 0 4.5 14 190 M M 2 38 18 200
4 91 73 82 0 0 17 2.62 0.0 0 3.3 28 210 M M 3 123 40 210
5 93 73 83 1 0 18 0.02 0.0 0 4.9 16 290 M M 1 3 22 240
6 93 73 83 1 0 18 2.90 0.0 0 5.8 21 310 M M 3 13 29 250
7 89 73 81 -1 0 16 0.00 0.0 0 3.0 10 220 M M 4 13 270
8 91 74 83 1 0 18 0.39 0.0 0 5.5 23 320 M M 2 13 31 310
9 83 73 78 -4 0 13 0.37 0.0 0 2.0 13 280 M M 8 13 18 280
10 87 71 79 -3 0 14 0.00 0.0 0 2.8 8 60 M M 6 10 50
11 86 70 78 -4 0 13 0.56 0.0 0 3.1 9 140 M M 6 123 13 160
12 85 73 79 -3 0 14 3.47 0.0 0 7.1 25 300 M M 9 13 35 280
13 90 77 84 1 0 19 0.00 0.0 M 4.3 13 220 M M 3 13 16 220
14 89 80 85 2 0 20 T 0.0 0 4.3 12 270 M M 2 15 270
15 92 71 82 -1 0 17 1.86 0.0 0 4.8 22 320 M M 5 13 30 310
16 92 71 82 -1 0 17 0.00 0.0 M 1.9 13 250 M M 1 18 250
17 94 71 83 0 0 18 0.00 0.0 M 5.2 10 290 M M 1 13 200
18 97 80 89 6 0 24 0.00 0.0 M 7.4 14 240 M M 1 17 260
19 95 80 88 5 0 23 0.00 0.0 M 7.7 14 250 M M 0 21 210
20 94 81 88 5 0 23 0.00 0.0 M 5.8 12 230 M M 1 18 220
21 92 76 84 1 0 19 0.00 0.0 0 4.4 12 310 M M 1 13 16 290
22 88 70 79 -4 0 14 0.27 0.0 0 3.6 9 20 M M 5 13 14 350
23 91 68 80 -3 0 15 0.00 0.0 0 1.8 8 20 M M 0 1 11 360
24 93 71 82 -1 0 17 0.00 0.0 0 2.6 10 170 M M 1 12 190
25 94 71 83 0 0 18 0.00 0.0 0 3.8 12 170 M M 0 19 150
26 96 77 87 4 0 22 0.00 0.0 M 4.8 12 210 M M 0 16 200
27 96 76 86 3 0 21 0.00 0.0 M 2.8 10 230 M M 0 14 270
28 97 77 87 4 0 22 0.00 0.0 0 2.5 9 200 M M 0 12 140
29 97 77 87 4 0 22 0.00 0.0 0 3.8 9 270 M M 1 15 260
30 97 77 87 4 0 22 0.03 0.0 0 2.6 12 270 M M 0 3 15 300
31 94 73 84 1 0 19 0.04 0.0 0 3.2 13 140 M M 1 3 22 340
================================================================================
SM 2864 2311 0 580 12.53 0.0 131.0 M 67
================================================================================
AV 92.4 74.5 4.2 FASTST M M 2 MAX(MPH)
MISC ----> 28 210 40 210
================================================================================
NOTES:
# LAST OF SEVERAL OCCURRENCES
COLUMN 17 PEAK WIND IN M.P.H.
PRELIMINARY LOCAL CLIMATOLOGICAL DATA (WS FORM: F-6) , PAGE 2
STATION: MONTICELLO
MONTH: JULY
YEAR: 2023
LATITUDE: 33 37 N
LONGITUDE: 91 45 W
[TEMPERATURE DATA] [PRECIPITATION DATA] SYMBOLS USED IN COLUMN 16
AVERAGE MONTHLY: 83.5 TOTAL FOR MONTH: 12.53 1 = FOG OR MIST
DPTR FM NORMAL: 0.9 DPTR FM NORMAL: 9.34 2 = FOG REDUCING VISIBILITY
HIGHEST: 97 ON 30,29 GRTST 24HR 3.99 ON 11-12 TO 1/4 MILE OR LESS
LOWEST: 68 ON 23 3 = THUNDER
SNOW, ICE PELLETS, HAIL 4 = ICE PELLETS
TOTAL MONTH: 0.0 INCH 5 = HAIL
GRTST 24HR 0.0 6 = FREEZING RAIN OR DRIZZLE
GRTST DEPTH: 0 7 = DUSTSTORM OR SANDSTORM:
VSBY 1/2 MILE OR LESS
8 = SMOKE OR HAZE
[NO. OF DAYS WITH] [WEATHER - DAYS WITH] 9 = BLOWING SNOW
X = TORNADO
MAX 32 OR BELOW: 0 0.01 INCH OR MORE: 11
MAX 90 OR ABOVE: 24 0.10 INCH OR MORE: 8
MIN 32 OR BELOW: 0 0.50 INCH OR MORE: 5
MIN 0 OR BELOW: 0 1.00 INCH OR MORE: 4
[HDD (BASE 65) ]
TOTAL THIS MO. 0 CLEAR (SCALE 0-3) 23
DPTR FM NORMAL 0 PTCLDY (SCALE 4-7) 6
TOTAL FM JUL 1 0 CLOUDY (SCALE 8-10) 2
DPTR FM NORMAL 0
[CDD (BASE 65) ]
TOTAL THIS MO. 580
DPTR FM NORMAL 36 [PRESSURE DATA]
TOTAL FM JAN 1 1452 HIGHEST SLP 30.16 ON 25
DPTR FM NORMAL 126 LOWEST SLP 29.81 ON 14
[REMARKS]
#FINAL-07-23#