000
CXUS54 KLZK 011410
CF6LLQ
PRELIMINARY LOCAL CLIMATOLOGICAL DATA (WS FORM: F-6)
STATION: MONTICELLO
MONTH: AUGUST
YEAR: 2022
LATITUDE: 33 37 N
LONGITUDE: 91 45 W
TEMPERATURE IN F: :PCPN: SNOW: WIND :SUNSHINE: SKY :PK WND
================================================================================
1 2 3 4 5 6A 6B 7 8 9 10 11 12 13 14 15 16 17 18
12Z AVG MX 2MIN
DY MAX MIN AVG DEP HDD CDD WTR SNW DPTH SPD SPD DIR MIN PSBL S-S WX SPD DR
================================================================================
1 90 76 83 0 0 18 T 0.0 M 4.5 12 210 M M 3 17 220
2 94 75 85 2 0 20 0.00 0.0 M 5.4 18 160 M M 2 26 170
3 95 75 85 2 0 20 0.00 0.0 M 5.6 16 200 M M 4 20 200
4 91 73 82 -1 0 17 0.00 0.0 M 3.6 14 60 M M 3 3 16 50
5 91 76 84 1 0 19 0.00 0.0 M 4.7 13 130 M M 2 1 16 140
6 94 74 84 1 0 19 0.00 0.0 0 4.7 14 170 M M 1 21 160
7 94 74 84 1 0 19 0.00 0.0 0 3.4 9 130 M M 2 1 14 160
8 96 77 87 4 0 22 0.00 0.0 0 4.5 10 230 M M 1 3 16 220
9 92 73 83 0 0 18 T 0.0 M 4.2 17 190 M M 3 23 190
10 91 72 82 -1 0 17 0.00 0.0 0 2.9 10 40 M M 6 1 15 20
11 89 74 82 0 0 17 0.71 0.0 M 3.6 14 60 M M 6 1 20 60
12 92 74 83 1 0 18 0.00 0.0 M 4.8 15 60 M M 2 19 50
13 91 70 81 -1 0 16 0.00 0.0 M 2.9 10 80 M M 0 14 70
14 95 69 82 0 0 17 0.00 0.0 M 2.3 10 220 M M 1 14 260
15 99 77 88 6 0 23 0.00 0.0 M 4.2 10 260 M M 1 15 230
16 98 74 86 4 0 21 0.06 0.0 M 3.8 10 80 M M 1 3 M M
17 83 73 78 -4 0 13 0.07 0.0 M 4.6 14 80 M M 7 1 19 80
18 84 71 78 -4 0 13 0.01 0.0 M 3.1 9 80 M M 8 14 10
19 89 69 79 -3 0 14 0.00 0.0 M 2.7 9 90 M M 5 13 100
20 92 75 84 2 0 19 0.08 0.0 M 4.4 14 210 M M 4 13 18 200
21 82 72 77 -5 0 12 1.19 0.0 0 3.7 18 220 M M 7 13 25 230
22 76 73 75 -7 0 10 0.51 0.0 0 3.2 7 120 M M 8 1 10 110
23 79 72 76 -5 0 11 0.37 0.0 M 6.2 12 100 M M 10 1 M M
24 81 71 76 -5 0 11 0.07 0.0 M 9.1 16 60 M M 10 18 22 60
25 87 71 79 -2 0 14 0.00 0.0 M 5.3 12 50 M M 7 16 40
26 89 73 81 0 0 16 0.00 0.0 0 3.4 10 80 M M 5 12 15 80
27 91 71 81 0 0 16 0.00 0.0 0 3.1 10 150 M M 3 15 160
28 91 73 82 1 0 17 0.21 0.0 M 3.4 10 180 M M 4 1 15 190
29 93 74 84 3 0 19 0.01 0.0 M 4.8 18 210 M M 2 26 170
30 94 74 84 4 0 19 0.00 0.0 M 1.9 8 330 M M 1 10 240
31 92 74 83 3 0 18 0.00 0.0 M 2.8 10 70 M M 1 14 80
================================================================================
SM 2795 2269 0 523 3.29 0.0 126.7 M 120
================================================================================
AV 90.2 73.2 4.1 FASTST M M 4 MAX(MPH)
MISC ----> # 18 220 # 26 170
================================================================================
NOTES:
# LAST OF SEVERAL OCCURRENCES
COLUMN 17 PEAK WIND IN M.P.H.
PRELIMINARY LOCAL CLIMATOLOGICAL DATA (WS FORM: F-6) , PAGE 2
STATION: MONTICELLO
MONTH: AUGUST
YEAR: 2022
LATITUDE: 33 37 N
LONGITUDE: 91 45 W
[TEMPERATURE DATA] [PRECIPITATION DATA] SYMBOLS USED IN COLUMN 16
AVERAGE MONTHLY: 81.7 TOTAL FOR MONTH: 3.29 1 = FOG OR MIST
DPTR FM NORMAL: -0.2 DPTR FM NORMAL: 0.29 2 = FOG REDUCING VISIBILITY
HIGHEST: 99 ON 15 GRTST 24HR 1.51 ON 21-22 TO 1/4 MILE OR LESS
LOWEST: 69 ON 14,19 3 = THUNDER
SNOW, ICE PELLETS, HAIL 4 = ICE PELLETS
TOTAL MONTH: 0.0 INCH 5 = HAIL
GRTST 24HR 0.0 6 = FREEZING RAIN OR DRIZZLE
GRTST DEPTH: 0 7 = DUSTSTORM OR SANDSTORM:
VSBY 1/2 MILE OR LESS
8 = SMOKE OR HAZE
[NO. OF DAYS WITH] [WEATHER - DAYS WITH] 9 = BLOWING SNOW
X = TORNADO
MAX 32 OR BELOW: 0 0.01 INCH OR MORE: 11
MAX 90 OR ABOVE: 21 0.10 INCH OR MORE: 5
MIN 32 OR BELOW: 0 0.50 INCH OR MORE: 3
MIN 0 OR BELOW: 0 1.00 INCH OR MORE: 1
[HDD (BASE 65) ]
TOTAL THIS MO. 0 CLEAR (SCALE 0-3) 17
DPTR FM NORMAL 0 PTCLDY (SCALE 4-7) 11
TOTAL FM JUL 1 0 CLOUDY (SCALE 8-10) 3
DPTR FM NORMAL 0
[CDD (BASE 65) ]
TOTAL THIS MO. 523
DPTR FM NORMAL -2 [PRESSURE DATA]
TOTAL FM JAN 1 2032 HIGHEST SLP 30.18 ON 7
DPTR FM NORMAL 181 LOWEST SLP 29.84 ON 27
[REMARKS]
#FINAL-08-22#