000
CXUS53 KMKX 010810
CF6LNR
PRELIMINARY LOCAL CLIMATOLOGICAL DATA (WS FORM: F-6)
STATION: LONE ROCK WI
MONTH: MAY
YEAR: 2022
LATITUDE: 43 12 N
LONGITUDE: 90 11 W
TEMPERATURE IN F: :PCPN: SNOW: WIND :SUNSHINE: SKY :PK WND
================================================================================
1 2 3 4 5 6A 6B 7 8 9 10 11 12 13 14 15 16 17 18
12Z AVG MX 2MIN
DY MAX MIN AVG DEP HDD CDD WTR SNW DPTH SPD SPD DIR MIN PSBL S-S WX SPD DR
================================================================================
1 51 46 49 -4 16 0 0.03 M M 12.3 21 270 M M 10 1 29 270
2 51 44 48 -6 17 0 T M M 5.7 15 280 M M 10 20 280
3 50 34 42 -12 23 0 0.21 M M 7.8 17 40 M M 9 12 26 30
4 61 31 46 -8 19 0 0.00 M M 3.9 14 110 M M 3 12 20 70
5 65 39 52 -3 13 0 0.00 M M 4.8 14 50 M M 3 20 80
6 68 43 56 1 9 0 0.00 M M 7.7 21 90 M M 1 29 60
7 71 34 53 -3 12 0 0.00 M M 6.4 16 120 M M 0 25 110
8 59 42 51 -5 14 0 0.03 M M 9.5 21 120 M M 3 29 120
9 85 57 71 15 0 6 0.05 0.0 M 16.5 30 140 M M 5 3 45 140
10 89 66 78 21 0 13 T 0.0 0 5.6 15 200 M M 4 138 21 230
11 93 65 79 22 0 14 0.00 0.0 0 7.3 25 90 M M 2 1238 31 100
12 95 69 82 24 0 17 0.00 0.0 0 10.3 24 190 M M 2 18 33 190
13 92 64 78 20 0 13 0.01 M M 8.1 21 220 M M 1 38 35 200
14 87 55 71 13 0 6 0.00 M M 4.5 29 280 M M 0 8 39 280
15 76 49 63 4 2 0 0.00 M M 5.4 15 290 M M 2 23 320
16 77 43 60 1 5 0 0.00 M M 9.2 24 280 M M 1 31 300
17 69 41 55 -5 10 0 T M M 4.6 13 90 M M 4 17 100
18 64 49 57 -3 8 0 0.15 M M 7.0 20 100 M M 8 1 27 110
19 83 48 66 6 0 1 0.21 M M 7.1 35 350 M M 2 138 47 350
20 71 52 62 1 3 0 0.02 M M 6.8 20 310 M M 8 26 340
21 63 45 54 -7 11 0 T M M 5.4 16 300 M M 3 23 290
22 62 39 51 -11 14 0 T M M 8.0 23 280 M M 3 28 320
23 64 34 49 -13 16 0 T M M 5.2 16 80 M M 2 23 100
24 64 35 50 -12 15 0 T 0.0 0 8.0 17 70 M M 5 25 70
25 60 49 55 -8 10 0 0.95 M M 8.3 21 60 M M 10 13 29 60
26 69 57 63 0 2 0 T M M 5.5 18 350 M M 10 1 24 350
27 73 51 62 -1 3 0 0.00 M M 6.0 16 360 M M 6 24 30
28 74 47 61 -3 4 0 0.00 M M 8.1 24 130 M M 1 1 31 190
29 83 63 73 9 0 8 T M M 11.6 24 170 M M 2 3 36 160
30 89 66 78 14 0 13 0.00 M M 13.6 32 170 M M 0 44 160
31 83 63 73 8 0 8 T M M 9.6 23 200 M M 2 35 200
================================================================================
SM 2241 1520 226 99 1.66 0.0 239.8 M 122
================================================================================
AV 72.3 49.0 7.7 FASTST M M 4 MAX(MPH)
MISC ----> 35 350 47 350
================================================================================
NOTES:
# LAST OF SEVERAL OCCURRENCES
COLUMN 17 PEAK WIND IN M.P.H.
PRELIMINARY LOCAL CLIMATOLOGICAL DATA (WS FORM: F-6) , PAGE 2
STATION: LONE ROCK WI
MONTH: MAY
YEAR: 2022
LATITUDE: 43 12 N
LONGITUDE: 90 11 W
[TEMPERATURE DATA] [PRECIPITATION DATA] SYMBOLS USED IN COLUMN 16
AVERAGE MONTHLY: 60.7 TOTAL FOR MONTH: 1.66 1 = FOG OR MIST
DPTR FM NORMAL: 1.5 DPTR FM NORMAL: -2.06 2 = FOG REDUCING VISIBILITY
HIGHEST: 95 ON 12 GRTST 24HR 0.95 ON 24-25 TO 1/4 MILE OR LESS
LOWEST: 31 ON 4 3 = THUNDER
SNOW, ICE PELLETS, HAIL 4 = ICE PELLETS
TOTAL MONTH: 0.0 INCH 5 = HAIL
GRTST 24HR 0.0 6 = FREEZING RAIN OR DRIZZLE
GRTST DEPTH: 0 7 = DUSTSTORM OR SANDSTORM:
VSBY 1/2 MILE OR LESS
8 = SMOKE OR HAZE
[NO. OF DAYS WITH] [WEATHER - DAYS WITH] 9 = BLOWING SNOW
X = TORNADO
MAX 32 OR BELOW: 0 0.01 INCH OR MORE: 9
MAX 90 OR ABOVE: 3 0.10 INCH OR MORE: 4
MIN 32 OR BELOW: 1 0.50 INCH OR MORE: 1
MIN 0 OR BELOW: 0 1.00 INCH OR MORE: 0
[HDD (BASE 65) ]
TOTAL THIS MO. 226 CLEAR (SCALE 0-3) 15
DPTR FM NORMAL 3 PTCLDY (SCALE 4-7) 11
TOTAL FM JUL 1 7022 CLOUDY (SCALE 8-10) 5
DPTR FM NORMAL -9
[CDD (BASE 65) ]
TOTAL THIS MO. 99
DPTR FM NORMAL 57 [PRESSURE DATA]
TOTAL FM JAN 1 101 HIGHEST SLP M ON M
DPTR FM NORMAL 56 LOWEST SLP 29.26 ON 19
[REMARKS]
#FINAL-05-22#