000
CXUS53 KLMK 010710
CF6LOU
PRELIMINARY LOCAL CLIMATOLOGICAL DATA (WS FORM: F-6)
STATION: LOUISVILLE BOWMAN KY
MONTH: APRIL
YEAR: 2022
LATITUDE: 38 13 N
LONGITUDE: 85 39 W
TEMPERATURE IN F: :PCPN: SNOW: WIND :SUNSHINE: SKY :PK WND
================================================================================
1 2 3 4 5 6A 6B 7 8 9 10 11 12 13 14 15 16 17 18
12Z AVG MX 2MIN
DY MAX MIN AVG DEP HDD CDD WTR SNW DPTH SPD SPD DIR MIN PSBL S-S WX SPD DR
================================================================================
1 49 34 42 -11 23 0 0.04 M M 7.6 15 280 M M 6 1 22 270
2 57 28 43 -10 22 0 T M M 6.4 21 300 M M 4 31 290
3 62 33 48 -6 17 0 0.00 M M 3.4 14 300 M M 0 21 250
4 59 46 53 -1 12 0 T M M 4.5 16 220 M M 7 23 220
5 58 48 53 -1 12 0 0.35 M M 4.6 10 70 M M 9 12 13 60
6 56 45 51 -4 14 0 1.04 M M 5.7 20 260 M M 7 12 27 250
7 56 43 50 -5 15 0 T M M 9.7 25 240 M M 6 1 36 240
8 49 38 44 -12 21 0 0.14 M M 9.7 23 280 M M 9 13 33 280
9 49 34 42 -14 23 0 0.03 M M 7.9 21 300 M M 8 1 30 300
10 68 30 49 -7 16 0 0.00 M M 7.5 20 140 M M 0 28 120
11 65 57 61 4 4 0 0.36 M M 9.9 20 130 M M 7 138 29 130
12 74 49 62 5 3 0 0.06 M M 7.6 20 180 M M 7 12 26 180
13 75 61 68 11 0 3 1.40 M M 8.3 37 280 M M 6 13 55 280
14 64 43 54 -4 11 0 0.09 M M 10.5 25 270 M M 3 18 33 280
15 71 43 57 -1 8 0 0.15 M M 11.8 28 210 M M 2 39 220
16 68 48 58 0 7 0 0.07 M M 7.5 18 190 M M 5 1 26 330
17 51 41 46 -13 19 0 0.00 M M 10.1 20 60 M M 2 27 80
18 49 41 45 -14 20 0 0.29 M M 10.0 21 280 M M 10 1 33 300
19 56 35 46 -13 19 0 0.00 M M 7.5 15 280 M M 1 23 310
20 71 44 58 -2 7 0 0.05 M M 9.2 25 200 M M 4 39 210
21 70 55 63 3 2 0 0.25 M M 7.6 20 220 M M 8 18 29 230
22 82 53 68 8 0 3 0.00 M M 4.9 16 130 M M 4 1 24 150
23 85 61 73 12 0 8 0.00 M M 10.0 21 170 M M 0 31 180
24 83 67 75 14 0 10 0.00 M M 11.7 23 210 M M 1 33 180
25 75 56 66 5 0 1 0.02 M M 8.6 23 210 M M 8 1 32 220
26 61 43 52 -10 13 0 0.00 M M 8.1 16 270 M M 1 22 320
27 70 38 54 -8 11 0 0.00 M M 3.1 13 290 M M 0 18 290
28 72 48 60 -2 5 0 0.00 M M 7.7 16 70 M M 1 23 80
29 73 57 65 3 0 0 T M M 7.6 14 110 M M 8 20 100
30 81 59 70 7 0 5 0.02 M M 10.5 22 180 M M 3 3 30 180
================================================================================
SM 1959 1378 304 30 4.36 M 239.2 M 137
================================================================================
AV 65.3 45.9 8.0 FASTST M M 5 MAX(MPH)
MISC ----> 37 280 55 280
================================================================================
NOTES:
# LAST OF SEVERAL OCCURRENCES
COLUMN 17 PEAK WIND IN M.P.H.
PRELIMINARY LOCAL CLIMATOLOGICAL DATA (WS FORM: F-6) , PAGE 2
STATION: LOUISVILLE BOWMAN KY
MONTH: APRIL
YEAR: 2022
LATITUDE: 38 13 N
LONGITUDE: 85 39 W
[TEMPERATURE DATA] [PRECIPITATION DATA] SYMBOLS USED IN COLUMN 16
AVERAGE MONTHLY: 55.6 TOTAL FOR MONTH: 4.36 1 = FOG OR MIST
DPTR FM NORMAL: -2.5 DPTR FM NORMAL: -0.33 2 = FOG REDUCING VISIBILITY
HIGHEST: 85 ON 23 GRTST 24HR 1.49 ON 13-14 TO 1/4 MILE OR LESS
LOWEST: 28 ON 2 3 = THUNDER
SNOW, ICE PELLETS, HAIL 4 = ICE PELLETS
TOTAL MONTH: M 5 = HAIL
GRTST 24HR M ON M 6 = FREEZING RAIN OR DRIZZLE
GRTST DEPTH: M ON M 7 = DUSTSTORM OR SANDSTORM:
VSBY 1/2 MILE OR LESS
8 = SMOKE OR HAZE
[NO. OF DAYS WITH] [WEATHER - DAYS WITH] 9 = BLOWING SNOW
X = TORNADO
MAX 32 OR BELOW: 0 0.01 INCH OR MORE: 16
MAX 90 OR ABOVE: 0 0.10 INCH OR MORE: 8
MIN 32 OR BELOW: 2 0.50 INCH OR MORE: 2
MIN 0 OR BELOW: 0 1.00 INCH OR MORE: 2
[HDD (BASE 65) ]
TOTAL THIS MO. 304 CLEAR (SCALE 0-3) 11
DPTR FM NORMAL 60 PTCLDY (SCALE 4-7) 14
TOTAL FM JUL 1 3755 CLOUDY (SCALE 8-10) 5
DPTR FM NORMAL -321
[CDD (BASE 65) ]
TOTAL THIS MO. 30
DPTR FM NORMAL -6 [PRESSURE DATA]
TOTAL FM JAN 1 33 HIGHEST SLP M ON M
DPTR FM NORMAL -10 LOWEST SLP 29.59 ON 13
[REMARKS]
#FINAL-04-22#