000
CXUS54 KCRP 011707
CF6LRD
PRELIMINARY LOCAL CLIMATOLOGICAL DATA (WS FORM: F-6)
STATION: LAREDO
MONTH: OCTOBER
YEAR: 2023
LATITUDE: 27 31 N
LONGITUDE: 99 28 W
TEMPERATURE IN F: :PCPN: SNOW: WIND :SUNSHINE: SKY :PK WND
================================================================================
1 2 3 4 5 6A 6B 7 8 9 10 11 12 13 14 15 16 17 18
12Z AVG MX 2MIN
DY MAX MIN AVG DEP HDD CDD WTR SNW DPTH SPD SPD DIR MIN PSBL S-S WX SPD DR
================================================================================
1 97 77 87 7 0 22 0.02 0.0 0 M M M M M 4 1 M M
2 95 77 86 6 0 21 0.00 0.0 0 M M M M M 4 M M
3 99 78 89 9 0 24 0.00 0.0 0 M M M M M 6 M M
4 99 79 89 9 0 24 0.00 0.0 0 M M M M M 2 8 M M
5 91 71 81 1 0 16 1.89 0.0 0 M M M M M 5 13 M M
6 84 71 78 -1 0 13 0.00 0.0 0 M M M M M 2 M M
7 75 69 72 -7 0 7 T 0.0 0 M M M M M 4 M M
8 70 63 67 -12 0 2 0.02 0.0 0 M M M M M 5 M M
9 81 62 72 -6 0 7 T 0.0 0 M M M M M 5 M M
10 71 66 69 -9 0 4 0.37 0.0 0 M M M M M 8 M M
11 82 67 75 -3 0 10 0.04 0.0 0 M M M M M 7 M M
12 91 68 80 2 0 15 0.00 0.0 0 M M M M M 2 M M
13 88 73 81 4 0 16 0.00 0.0 0 M M M M M 6 M M
14 80 63 72 -5 0 7 0.14 0.0 0 M M M M M 10 M M
15 76 65 71 -6 0 6 0.00 0.0 0 M M M M M 8 M M
16 76 55 66 -10 0 1 0.00 0.0 0 M M M M M 0 M M
17 80 53 67 -9 0 2 0.00 0.0 0 M M M M M 0 M M
18 85 58 72 -4 0 7 0.00 0.0 0 M M M M M 0 M M
19 89 64 77 1 0 12 0.00 0.0 0 M M M M M 0 M M
20 92 61 77 2 0 12 0.00 0.0 0 M M M M M 0 M M
21 94 63 79 4 0 14 0.00 0.0 0 M M M M M 0 M M
22 93 72 83 9 0 18 0.00 0.0 0 M M M M M 2 M M
23 91 76 84 10 0 19 0.00 0.0 0 M M M M M 5 M M
24 92 78 85 11 0 20 0.00 0.0 0 M M M M M 9 M M
25 91 78 85 12 0 20 T 0.0 0 M M M M M 7 M M
26 90 79 85 12 0 20 T 0.0 0 M M M M M 7 M M
27 94 77 86 13 0 21 0.00 0.0 0 M M M M M 3 M M
28 93 73 83 11 0 18 0.00 0.0 0 M M M M M 5 M M
29 92 55 74 2 0 9 0.00 0.0 0 M M M M M 7 8 M M
30 59 44 52 -20 13 0 0.19 0.0 0 M M M M M 10 1 M M
31 59 47 53 -18 12 0 T 0.0 0 M M M M M 8 M M
================================================================================
SM 2649 2082 25 387 2.67 0.0 M M 141
================================================================================
AV 85.5 67.2 M FASTST M M 5 MAX(MPH)
MISC ----> M M M M
================================================================================
NOTES:
# LAST OF SEVERAL OCCURRENCES
COLUMN 17 PEAK WIND IN M.P.H.
PRELIMINARY LOCAL CLIMATOLOGICAL DATA (WS FORM: F-6) , PAGE 2
STATION: LAREDO
MONTH: OCTOBER
YEAR: 2023
LATITUDE: 27 31 N
LONGITUDE: 99 28 W
[TEMPERATURE DATA] [PRECIPITATION DATA] SYMBOLS USED IN COLUMN 16
AVERAGE MONTHLY: 76.3 TOTAL FOR MONTH: 2.67 1 = FOG OR MIST
DPTR FM NORMAL: 0.0 DPTR FM NORMAL: 0.92 2 = FOG REDUCING VISIBILITY
HIGHEST: 99 ON 4, 3 GRTST 24HR 1.89 ON 5- 5 TO 1/4 MILE OR LESS
LOWEST: 44 ON 30 3 = THUNDER
SNOW, ICE PELLETS, HAIL 4 = ICE PELLETS
TOTAL MONTH: 0.0 INCH 5 = HAIL
GRTST 24HR 0.0 6 = FREEZING RAIN OR DRIZZLE
GRTST DEPTH: 0 7 = DUSTSTORM OR SANDSTORM:
VSBY 1/2 MILE OR LESS
8 = SMOKE OR HAZE
[NO. OF DAYS WITH] [WEATHER - DAYS WITH] 9 = BLOWING SNOW
X = TORNADO
MAX 32 OR BELOW: 0 0.01 INCH OR MORE: 7
MAX 90 OR ABOVE: 16 0.10 INCH OR MORE: 4
MIN 32 OR BELOW: 0 0.50 INCH OR MORE: 1
MIN 0 OR BELOW: 0 1.00 INCH OR MORE: 1
[HDD (BASE 65) ]
TOTAL THIS MO. 25 CLEAR (SCALE 0-3) 10
DPTR FM NORMAL 11 PTCLDY (SCALE 4-7) 17
TOTAL FM JUL 1 25 CLOUDY (SCALE 8-10) 4
DPTR FM NORMAL 13
[CDD (BASE 65) ]
TOTAL THIS MO. 387
DPTR FM NORMAL 25 [PRESSURE DATA]
TOTAL FM JAN 1 5013 HIGHEST SLP 30.39 ON 30
DPTR FM NORMAL 840 LOWEST SLP 29.58 ON 12
[REMARKS]
#FINAL-10-23#