000
CXUS54 KFWD 010830
CF6LUD
PRELIMINARY LOCAL CLIMATOLOGICAL DATA (WS FORM: F-6)
STATION: DECATUR
MONTH: NOVEMBER
YEAR: 2022
LATITUDE: 33 15 N
LONGITUDE: 97 30 W
TEMPERATURE IN F: :PCPN: SNOW: WIND :SUNSHINE: SKY :PK WND
================================================================================
1 2 3 4 5 6A 6B 7 8 9 10 11 12 13 14 15 16 17 18
12Z AVG MX 2MIN
DY MAX MIN AVG DEP HDD CDD WTR SNW DPTH SPD SPD DIR MIN PSBL S-S WX SPD DR
================================================================================
1 76 53 65 6 0 0 0.00 M M 4.5 9 170 M M 1 M M
2 73 55 64 5 1 0 0.00 M M 7.9 14 160 M M 4 1 21 180
3 78 64 71 13 0 6 0.00 M M 11.1 15 160 M M 6 1 25 160
4 84 44 64 6 1 0 0.01 M M 12.3 21 180 M M 5 32 290
5 67 39 53 -5 12 0 0.00 M M 7.8 12 160 M M 0 8 23 160
6 80 55 68 11 0 3 0.00 M M 8.6 18 170 M M 0 25 180
7 77 56 67 10 0 2 0.00 M M 3.7 9 110 M M 8 12 M M
8 77 68 73 17 0 8 0.00 M M 8.0 13 170 M M 7 1 17 170
9 79 65 72 16 0 7 0.00 M M 10.6 18 160 M M 2 1 25 180
10 71 65 68 12 0 3 0.00 M M 9.2 13 170 M M 5 1 18 160
11 67 36 52 -3 13 0 0.03 M M 9.4 16 360 M M 8 1 23 360
12 51 29 40 -15 25 0 0.00 M M 4.1 9 20 M M 0 18 16 20
13 53 32 43 -11 22 0 0.00 M M 5.6 9 120 M M 0 8 16 130
14 42 34 38 -16 27 0 0.27 M M 6.6 12 80 M M 8 18 16 100
15 49 32 41 -13 24 0 0.00 M M 5.2 9 310 M M 5 1 17 350
16 55 32 44 -9 21 0 0.00 M M 2.3 7 340 M M 0 8 M M
17 60 32 46 -7 19 0 0.00 M M 4.6 14 170 M M 0 M M
18 46 34 40 -12 25 0 T M M 9.2 16 40 M M 4 4 21 50
19 46 31 39 -13 26 0 0.00 M M 2.4 7 10 M M 5 M M
20 50 32 41 -11 24 0 0.00 M M 3.0 7 210 M M 0 M M
21 54 39 47 -4 18 0 0.02 M M 5.0 7 180 M M 6 M M
22 58 41 50 -1 15 0 0.00 M M 5.1 12 180 M M 5 M M
23 54 48 51 1 14 0 0.06 M M 7.3 12 150 M M 10 18 18 130
24 55 51 53 3 12 0 0.17 M M 6.5 15 30 M M 10 12 20 30
25 57 47 52 3 13 0 0.01 M M 8.0 13 20 M M 10 1 18 30
26 51 45 48 -1 17 0 1.42 M M 6.8 15 260 M M 10 1 21 260
27 61 42 52 3 13 0 0.00 M M 6.1 9 330 M M 1 17 310
28 68 40 54 6 11 0 0.00 M M 8.1 16 170 M M 0 22 160
29 79 37 58 10 7 0 0.00 M M 10.7 18 340 M M 0 1 28 340
30 49 30 40 -7 25 0 0.00 M M 5.9 12 10 M M 0 18 340
================================================================================
SM 1867 1308 385 29 1.99 M 205.5 M 120
================================================================================
AV 62.2 43.6 6.9 FASTST M M 4 MAX(MPH)
MISC ----> 21 180 32 290
================================================================================
NOTES:
# LAST OF SEVERAL OCCURRENCES
COLUMN 17 PEAK WIND IN M.P.H.
PRELIMINARY LOCAL CLIMATOLOGICAL DATA (WS FORM: F-6) , PAGE 2
STATION: DECATUR
MONTH: NOVEMBER
YEAR: 2022
LATITUDE: 33 15 N
LONGITUDE: 97 30 W
[TEMPERATURE DATA] [PRECIPITATION DATA] SYMBOLS USED IN COLUMN 16
AVERAGE MONTHLY: 52.9 TOTAL FOR MONTH: 1.99 1 = FOG OR MIST
DPTR FM NORMAL: -0.5 DPTR FM NORMAL: -0.87 2 = FOG REDUCING VISIBILITY
HIGHEST: 84 ON 4 GRTST 24HR 1.42 ON 26-26 TO 1/4 MILE OR LESS
LOWEST: 29 ON 12 3 = THUNDER
SNOW, ICE PELLETS, HAIL 4 = ICE PELLETS
TOTAL MONTH: M 5 = HAIL
GRTST 24HR M ON M 6 = FREEZING RAIN OR DRIZZLE
GRTST DEPTH: M ON M 7 = DUSTSTORM OR SANDSTORM:
VSBY 1/2 MILE OR LESS
8 = SMOKE OR HAZE
[NO. OF DAYS WITH] [WEATHER - DAYS WITH] 9 = BLOWING SNOW
X = TORNADO
MAX 32 OR BELOW: 0 0.01 INCH OR MORE: 8
MAX 90 OR ABOVE: 0 0.10 INCH OR MORE: 3
MIN 32 OR BELOW: 8 0.50 INCH OR MORE: 1
MIN 0 OR BELOW: 0 1.00 INCH OR MORE: 1
[HDD (BASE 65) ]
TOTAL THIS MO. 385 CLEAR (SCALE 0-3) 13
DPTR FM NORMAL 28 PTCLDY (SCALE 4-7) 11
TOTAL FM JUL 1 458 CLOUDY (SCALE 8-10) 6
DPTR FM NORMAL -21
[CDD (BASE 65) ]
TOTAL THIS MO. 29
DPTR FM NORMAL 22 [PRESSURE DATA]
TOTAL FM JAN 1 3063 HIGHEST SLP M ON M
DPTR FM NORMAL 970 LOWEST SLP M ON M
[REMARKS]
#FINAL-11-22#