000
CXUS53 KTOP 010800
CF6LWC
PRELIMINARY LOCAL CLIMATOLOGICAL DATA (WS FORM: F-6)
STATION: Lawrence KS
MONTH: OCTOBER
YEAR: 2020
LATITUDE: 39 0 N
LONGITUDE: 95 13 W
TEMPERATURE IN F: :PCPN: SNOW: WIND :SUNSHINE: SKY :PK WND
================================================================================
1 2 3 4 5 6A 6B 7 8 9 10 11 12 13 14 15 16 17 18
12Z AVG MX 2MIN
DY MAX MIN AVG DEP HDD CDD WTR SNW DPTH SPD SPD DIR MIN PSBL S-S WX SPD DR
================================================================================
1 67 38 53 -9 12 0 0.00 M M 9.1 24 330 M M 1 8 31 340
2 67 33 50 -11 15 0 0.00 M M 4.5 10 110 M M 0 1 13 120
3 70 39 55 -6 10 0 0.00 M M 8.8 21 350 M M 4 27 360
4 66 34 50 -10 15 0 0.00 M M 5.1 9 130 M M 0 18 16 120
5 79 42 61 1 4 0 0.00 M M 9.4 21 190 M M 0 31 200
6 83 45 64 4 1 0 0.00 M M 2.3 9 260 M M 0 18 12 260
7 90 48 69 10 0 4 0.00 M M 3.2 12 220 M M 1 128 14 220
8 87 50 69 10 0 4 0.00 M M 5.5 18 160 M M 2 128 24 160
9 83 58 71 12 0 6 0.00 M M 9.0 18 190 M M 0 8 27 190
10 83 57 70 12 0 5 0.00 M M 2.8 12 150 M M 1 128 15 140
11 88 53 71 13 0 6 0.00 M M 11.1 29 150 M M 1 12 40 140
12 76 43 60 2 5 0 0.00 M M 10.2 31 350 M M 2 8 43 320
13 79 43 61 4 4 0 0.00 M M 4.7 17 290 M M 0 18 21 320
14 86 44 65 8 0 0 0.00 M M 11.8 25 350 M M 0 8 36 360
15 62 29 46 -10 19 0 0.00 M M 9.7 22 350 M M 0 8 31 330
16 64 26 45 -11 20 0 0.00 M M 5.6 17 180 M M 1 8 25 190
17 74 46 60 4 5 0 0.00 M M 13.8 30 200 M M 0 44 200
18 53 43 48 -7 17 0 0.00 M M 10.8 23 20 M M 8 35 20
19 49 42 46 -9 19 0 0.00 M M 7.6 15 60 M M 10 19 60
20 49 35 42 -13 23 0 T M M 3.8 13 110 M M 9 128 16 110
21 50 32 41 -13 24 0 0.02 M M 4.6 12 100 M M 9 12 16 100
22 86 43 65 11 0 0 0.02 M M 14.9 31 200 M M 5 12 43 210
23 45 38 42 -12 23 0 0.53 M M 15.1 24 360 M M 9 13 34 350
24 43 37 40 -13 25 0 0.00 M M 7.4 14 110 M M 10 17 120
25 41 35 38 -15 27 0 0.00 M M 9.8 18 20 M M 10 26 20
26 35 29 32 -20 33 0 0.03 M M 10.9 18 10 M M 10 1 25 10
27 36 30 33 -19 32 0 0.05 M M 3.7 12 350 M M 10 6 15 350
28 50 35 43 -9 22 0 T M M 3.9 13 360 M M 10 20 350
29 53 28 41 -10 24 0 0.17 M M 10.4 22 330 M M 4 1 33 360
30 68 26 47 -4 18 0 0.00 M M 6.9 15 220 M M 0 21 220
31 69 41 55 4 10 0 0.00 M M 12.4 30 200 M M 0 39 210
================================================================================
SM 2031 1222 407 25 0.82 M 248.8 M 117
================================================================================
AV 65.5 39.4 8.0 FASTST M M 4 MAX(MPH)
MISC ----> # 31 350 # 44 200
================================================================================
NOTES:
# LAST OF SEVERAL OCCURRENCES
COLUMN 17 PEAK WIND IN M.P.H.
PRELIMINARY LOCAL CLIMATOLOGICAL DATA (WS FORM: F-6) , PAGE 2
STATION: Lawrence KS
MONTH: OCTOBER
YEAR: 2020
LATITUDE: 39 0 N
LONGITUDE: 95 13 W
[TEMPERATURE DATA] [PRECIPITATION DATA] SYMBOLS USED IN COLUMN 16
AVERAGE MONTHLY: 52.5 TOTAL FOR MONTH: 0.82 1 = FOG OR MIST
DPTR FM NORMAL: -3.6 DPTR FM NORMAL: -2.06 2 = FOG REDUCING VISIBILITY
HIGHEST: 90 ON 7 GRTST 24HR 0.53 ON 23-23 TO 1/4 MILE OR LESS
LOWEST: 26 ON 30,16 3 = THUNDER
SNOW, ICE PELLETS, HAIL 4 = ICE PELLETS
TOTAL MONTH: M 5 = HAIL
GRTST 24HR M ON M 6 = FREEZING RAIN OR DRIZZLE
GRTST DEPTH: M ON M 7 = DUSTSTORM OR SANDSTORM:
VSBY 1/2 MILE OR LESS
8 = SMOKE OR HAZE
[NO. OF DAYS WITH] [WEATHER - DAYS WITH] 9 = BLOWING SNOW
X = TORNADO
MAX 32 OR BELOW: 0 0.01 INCH OR MORE: 6
MAX 90 OR ABOVE: 1 0.10 INCH OR MORE: 2
MIN 32 OR BELOW: 7 0.50 INCH OR MORE: 1
MIN 0 OR BELOW: 0 1.00 INCH OR MORE: 0
[HDD (BASE 65) ]
TOTAL THIS MO. 407 CLEAR (SCALE 0-3) 18
DPTR FM NORMAL 106 PTCLDY (SCALE 4-7) 4
TOTAL FM JUL 1 472 CLOUDY (SCALE 8-10) 9
DPTR FM NORMAL 108
[CDD (BASE 65) ]
TOTAL THIS MO. 25
DPTR FM NORMAL -1 [PRESSURE DATA]
TOTAL FM JAN 1 1399 HIGHEST SLP M ON M
DPTR FM NORMAL 29 LOWEST SLP 29.52 ON 11
[REMARKS]
#FINAL-10-20#