000
CXUS53 KTOP 010800
CF6LWC
PRELIMINARY LOCAL CLIMATOLOGICAL DATA (WS FORM: F-6)
STATION: Lawrence KS
MONTH: NOVEMBER
YEAR: 2020
LATITUDE: 39 0 N
LONGITUDE: 95 13 W
TEMPERATURE IN F: :PCPN: SNOW: WIND :SUNSHINE: SKY :PK WND
================================================================================
1 2 3 4 5 6A 6B 7 8 9 10 11 12 13 14 15 16 17 18
12Z AVG MX 2MIN
DY MAX MIN AVG DEP HDD CDD WTR SNW DPTH SPD SPD DIR MIN PSBL S-S WX SPD DR
================================================================================
1 56 27 42 -8 23 0 0.00 M M 8.1 20 330 M M 0 27 330
2 70 25 48 -2 17 0 0.00 M M 5.9 20 240 M M 0 28 250
3 80 32 56 7 9 0 0.00 M M 5.6 18 190 M M 0 24 210
4 70 50 60 11 5 0 0.00 M M 7.9 18 190 M M 0 23 190
5 76 40 58 10 7 0 0.00 M M 3.2 9 230 M M 0 18 14 170
6 73 38 56 8 9 0 0.00 M M 6.9 17 180 M M 4 12 26 170
7 75 49 62 14 3 0 0.00 M M 10.4 24 170 M M 1 32 180
8 77 52 65 18 0 0 0.00 M M 14.5 31 180 M M 3 43 180
9 73 65 69 22 0 4 0.00 M M 14.9 26 190 M M 9 35 190
10 69 25 47 1 18 0 0.42 M M 11.3 28 290 M M 7 13 37 290
11 58 23 41 -5 24 0 0.00 M M 2.5 8 120 M M 0 12 11 140
12 60 25 43 -2 22 0 0.00 M M 8.3 25 330 M M 2 35 340
13 50 16 33 -12 32 0 0.00 M M 6.5 15 150 M M 1 22 140
14 70 42 56 12 9 0 T M M 15.9 36 300 M M 6 1 47 300
15 57 26 42 -2 23 0 0.00 M M 13.3 36 310 M M 1 49 310
16 67 25 46 3 19 0 0.00 M M 6.3 18 310 M M 0 24 300
17 61 25 43 0 22 0 0.00 M M 7.6 17 140 M M 0 23 160
18 70 42 56 14 9 0 0.00 M M 14.6 32 200 M M 0 45 190
19 75 50 63 21 2 0 0.00 M M 15.3 33 200 M M 0 46 200
20 63 40 52 11 13 0 0.00 M M 7.1 17 40 M M 6 18 26 50
21 51 41 46 5 19 0 0.11 M M 8.4 15 80 M M 8 1 23 40
22 57 25 41 1 24 0 T M M 6.5 17 330 M M 5 1 26 300
23 47 21 34 -6 31 0 0.23 M M 7.2 17 110 M M 7 1 22 120
24 53 47 50 10 15 0 0.30 M M 11.0 23 180 M M 10 13 35 180
25 53 28 41 2 24 0 0.25 M M 10.6 23 330 M M 8 1 32 330
26 59 26 43 5 22 0 0.00 M M 3.8 7 330 M M 0 18 14 110
27 54 26 40 2 25 0 0.00 M M 5.9 14 10 M M 0 1 21 340
28 57 22 40 2 25 0 0.00 M M 3.9 17 220 M M 0 21 220
29 47 27 37 0 28 0 0.00 M M 14.4 32 350 M M 0 47 350
30 44 15 30 -7 35 0 0.00 M M 7.7 16 320 M M 0 21 310
================================================================================
SM 1872 995 514 4 1.31 M 265.5 M 78
================================================================================
AV 62.4 33.2 8.9 FASTST M M 3 MAX(MPH)
MISC ----> # 36 300 # 49 310
================================================================================
NOTES:
# LAST OF SEVERAL OCCURRENCES
COLUMN 17 PEAK WIND IN M.P.H.
PRELIMINARY LOCAL CLIMATOLOGICAL DATA (WS FORM: F-6) , PAGE 2
STATION: Lawrence KS
MONTH: NOVEMBER
YEAR: 2020
LATITUDE: 39 0 N
LONGITUDE: 95 13 W
[TEMPERATURE DATA] [PRECIPITATION DATA] SYMBOLS USED IN COLUMN 16
AVERAGE MONTHLY: 47.8 TOTAL FOR MONTH: 1.31 1 = FOG OR MIST
DPTR FM NORMAL: 4.3 DPTR FM NORMAL: -0.87 2 = FOG REDUCING VISIBILITY
HIGHEST: 80 ON 3 GRTST 24HR 0.42 ON 10-10 TO 1/4 MILE OR LESS
LOWEST: 15 ON 30 3 = THUNDER
SNOW, ICE PELLETS, HAIL 4 = ICE PELLETS
TOTAL MONTH: M 5 = HAIL
GRTST 24HR M ON M 6 = FREEZING RAIN OR DRIZZLE
GRTST DEPTH: M ON M 7 = DUSTSTORM OR SANDSTORM:
VSBY 1/2 MILE OR LESS
8 = SMOKE OR HAZE
[NO. OF DAYS WITH] [WEATHER - DAYS WITH] 9 = BLOWING SNOW
X = TORNADO
MAX 32 OR BELOW: 0 0.01 INCH OR MORE: 5
MAX 90 OR ABOVE: 0 0.10 INCH OR MORE: 5
MIN 32 OR BELOW: 18 0.50 INCH OR MORE: 0
MIN 0 OR BELOW: 0 1.00 INCH OR MORE: 0
[HDD (BASE 65) ]
TOTAL THIS MO. 514 CLEAR (SCALE 0-3) 19
DPTR FM NORMAL -130 PTCLDY (SCALE 4-7) 8
TOTAL FM JUL 1 986 CLOUDY (SCALE 8-10) 3
DPTR FM NORMAL -22
[CDD (BASE 65) ]
TOTAL THIS MO. 4
DPTR FM NORMAL 3 [PRESSURE DATA]
TOTAL FM JAN 1 1403 HIGHEST SLP 0.00 ON 26
DPTR FM NORMAL 32 LOWEST SLP 29.38 ON 14
[REMARKS]
#FINAL-11-20#