000
CXUS56 KOTX 010910
CF6LWS
PRELIMINARY LOCAL CLIMATOLOGICAL DATA (WS FORM: F-6)
STATION: LEWISTON ID AIRPORT
MONTH: AUGUST
YEAR: 2022
LATITUDE: 46 22 N
LONGITUDE: 117 1 W
TEMPERATURE IN F: :PCPN: SNOW: WIND :SUNSHINE: SKY :PK WND
================================================================================
1 2 3 4 5 6A 6B 7 8 9 10 11 12 13 14 15 16 17 18
12Z AVG MX 2MIN
DY MAX MIN AVG DEP HDD CDD WTR SNW DPTH SPD SPD DIR MIN PSBL S-S WX SPD DR
================================================================================
1 98 72 85 7 0 20 0.00 0.0 0 4.6 16 330 M M 0 19 300
2 98 73 86 8 0 21 0.00 0.0 0 6.9 25 320 M M 0 36 310
3 100 61 81 3 0 16 0.00 0.0 0 5.1 14 320 M M 0 21 300
4 90 67 79 1 0 14 0.00 0.0 0 10.0 26 310 M M 0 36 310
5 87 58 73 -5 0 8 0.00 0.0 0 5.3 12 310 M M 0 16 250
6 90 56 73 -5 0 8 0.00 0.0 0 4.4 14 300 M M 0 19 340
7 96 59 78 0 0 13 0.00 0.0 0 3.9 10 80 M M 0 20 60
8 103 61 82 5 0 17 0.00 0.0 0 3.5 8 20 M M 0 12 20
9 102 71 87 10 0 22 T 0.0 0 5.5 29 290 M M 0 8 40 300
10 96 73 85 8 0 20 0.01 0.0 0 7.2 18 160 M M 1 3 26 160
11 92 69 81 4 0 16 T 0.0 0 4.6 21 320 M M 0 38 26 310
12 95 67 81 5 0 16 0.01 0.0 0 5.1 16 50 M M 0 3 21 70
13 88 65 77 1 0 12 0.00 0.0 0 6.1 15 310 M M 0 20 300
14 93 57 75 -1 0 10 0.00 0.0 0 3.2 12 320 M M 0 14 280
15 97 58 78 2 0 13 0.00 0.0 0 2.9 8 180 M M 0 13 30
16 100 63 82 6 0 17 0.00 0.0 0 2.5 9 220 M M 0 10 220
17 105 64 85 10 0 20 0.00 0.0 0 2.0 9 190 M M 0 11 50
18 103 68 86 11 0 21 0.00 0.0 0 3.0 8 190 M M 0 10 300
19 101 72 87 12 0 22 0.00 0.0 0 6.0 18 310 M M 0 8 23 310
20 98 71 85 11 0 20 T 0.0 0 5.4 18 220 M M 0 22 210
21 100 71 86 12 0 21 0.00 0.0 0 5.5 14 300 M M 0 19 290
22 88 65 77 3 0 12 0.13 0.0 0 6.5 30 200 M M 2 3 36 200
23 95 64 80 6 0 15 0.00 0.0 0 2.2 9 180 M M 0 10 70
24 93 65 79 6 0 14 0.01 0.0 0 3.3 16 230 M M 1 3 21 230
25 94 65 80 7 0 15 0.00 0.0 0 5.1 17 320 M M 0 23 310
26 96 64 80 7 0 15 0.00 0.0 0 6.9 24 290 M M 1 31 290
27 82 65 74 2 0 9 0.00 0.0 0 12.5 29 290 M M 2 37 290
28 82 55 69 -3 0 4 0.00 0.0 0 4.3 10 50 M M 0 15 330
29 93 57 75 3 0 10 0.00 0.0 0 2.1 8 160 M M 0 11 50
30 102 61 82 10 0 17 0.00 0.0 0 2.4 9 180 M M 0 10 190
31 106 65 86 15 0 21 0.00 0.0 0 6.7 26 290 M M 0 34 300
================================================================================
SM 2963 2002 0 479 0.16 0.0 154.7 M 7
================================================================================
AV 95.6 64.6 5.0 FASTST M M 0 MAX(MPH)
MISC ----> 30 200 40 300
================================================================================
NOTES:
# LAST OF SEVERAL OCCURRENCES
COLUMN 17 PEAK WIND IN M.P.H.
PRELIMINARY LOCAL CLIMATOLOGICAL DATA (WS FORM: F-6) , PAGE 2
STATION: LEWISTON ID AIRPORT
MONTH: AUGUST
YEAR: 2022
LATITUDE: 46 22 N
LONGITUDE: 117 1 W
[TEMPERATURE DATA] [PRECIPITATION DATA] SYMBOLS USED IN COLUMN 16
AVERAGE MONTHLY: 80.1 TOTAL FOR MONTH: 0.16 1 = FOG OR MIST
DPTR FM NORMAL: 4.9 DPTR FM NORMAL: -0.35 2 = FOG REDUCING VISIBILITY
HIGHEST: 106 ON 31 GRTST 24HR 0.13 ON 22-22 TO 1/4 MILE OR LESS
LOWEST: 55 ON 28 3 = THUNDER
SNOW, ICE PELLETS, HAIL 4 = ICE PELLETS
TOTAL MONTH: 0.0 INCH 5 = HAIL
GRTST 24HR 0.0 6 = FREEZING RAIN OR DRIZZLE
GRTST DEPTH: 0 7 = DUSTSTORM OR SANDSTORM:
VSBY 1/2 MILE OR LESS
8 = SMOKE OR HAZE
[NO. OF DAYS WITH] [WEATHER - DAYS WITH] 9 = BLOWING SNOW
X = TORNADO
MAX 32 OR BELOW: 0 0.01 INCH OR MORE: 4
MAX 90 OR ABOVE: 26 0.10 INCH OR MORE: 1
MIN 32 OR BELOW: 0 0.50 INCH OR MORE: 0
MIN 0 OR BELOW: 0 1.00 INCH OR MORE: 0
[HDD (BASE 65) ]
TOTAL THIS MO. 0 CLEAR (SCALE 0-3) 31
DPTR FM NORMAL -6 PTCLDY (SCALE 4-7) 0
TOTAL FM JUL 1 0 CLOUDY (SCALE 8-10) 0
DPTR FM NORMAL -7
[CDD (BASE 65) ]
TOTAL THIS MO. 479
DPTR FM NORMAL 157 [PRESSURE DATA]
TOTAL FM JAN 1 1001 HIGHEST SLP M ON M
DPTR FM NORMAL 195 LOWEST SLP 29.68 ON 26
[REMARKS]
#FINAL-08-22#