792
CXUS56 KOTX 010900
CF6LWS
PRELIMINARY LOCAL CLIMATOLOGICAL DATA (WS FORM: F-6)
STATION: LEWISTON ID AIRPORT
MONTH: JULY
YEAR: 2020
LATITUDE: 46 22 N
LONGITUDE: 117 1 W
TEMPERATURE IN F: :PCPN: SNOW: WIND :SUNSHINE: SKY :PK WND
================================================================================
1 2 3 4 5 6A 6B 7 8 9 10 11 12 13 14 15 16 17 18
12Z AVG MX 2MIN
DY MAX MIN AVG DEP HDD CDD WTR SNW DPTH SPD SPD DIR MIN PSBL S-S WX SPD DR
================================================================================
1 70 55 63 -7 2 0 T 0.0 0 6.1 15 200 M M 6 23 190
2 78 54 66 -5 0 1 0.00 0.0 0 5.7 14 360 M M 0 8 20 350
3 85 54 70 -1 0 5 0.00 0.0 0 4.1 15 290 M M 0 20 300
4 84 54 69 -2 0 4 0.00 0.0 0 4.0 15 340 M M 0 19 310
5 84 51 68 -4 0 3 0.00 0.0 0 3.8 13 360 M M 0 16 340
6 87 54 71 -1 0 6 0.00 0.0 0 4.2 13 350 M M 0 18 330
7 78 58 68 -4 0 3 T 0.0 0 7.5 20 280 M M 5 3 25 310
8 81 56 69 -4 0 4 0.00 0.0 0 4.9 13 340 M M 0 17 360
9 87 54 71 -2 0 6 0.13 0.0 0 6.1 20 280 M M 1 25 270
10 84 58 71 -2 0 6 T 0.0 0 3.8 13 10 M M 1 17 10
11 96 59 78 4 0 13 0.00 0.0 0 8.0 22 290 M M 1 8 33 280
12 82 66 74 0 0 9 0.00 0.0 0 7.0 16 320 M M 1 19 310
13 80 57 69 -5 0 4 0.00 0.0 0 5.5 14 250 M M 0 18 350
14 86 50 68 -6 0 3 0.00 0.0 0 4.0 10 20 M M 0 14 80
15 92 55 74 -1 0 9 0.00 0.0 0 4.6 10 50 M M 0 14 20
16 95 60 78 3 0 13 0.00 0.0 0 4.5 18 300 M M 0 25 290
17 87 62 75 0 0 10 0.00 0.0 0 7.6 23 320 M M 1 30 310
18 90 59 75 0 0 10 0.00 0.0 0 4.4 14 20 M M 0 17 10
19 93 60 77 1 0 12 0.00 0.0 0 3.8 10 10 M M 0 13 20
20 97 65 81 5 0 16 0.00 0.0 0 4.4 14 20 M M 0 21 30
21 99 65 82 6 0 17 0.00 0.0 0 4.6 13 320 M M 0 15 310
22 97 69 83 7 0 18 0.00 0.0 0 4.6 10 30 M M 0 15 310
23 89 67 78 2 0 13 0.00 0.0 0 4.9 17 340 M M 0 8 20 340
24 88 61 75 -1 0 10 0.00 0.0 0 7.2 28 300 M M 1 8 37 300
25 86 56 71 -5 0 6 0.00 0.0 0 4.0 13 350 M M 0 17 10
26 93 56 75 -1 0 10 0.00 0.0 0 2.5 10 190 M M 0 12 190
27 100 62 81 4 0 16 0.00 0.0 0 3.9 12 330 M M 0 16 270
28 100 64 82 5 0 17 0.00 0.0 0 4.0 9 210 M M 0 11 210
29 97 74 86 9 0 21 0.00 0.0 0 9.7 20 70 M M 0 22 80
30 105 69 87 10 0 22 0.00 0.0 0 6.4 17 30 M M 0 23 20
31 105 72 89 12 0 24 0.00 0.0 0 7.3 17 290 M M 0 23 290
================================================================================
SM 2775 1856 2 311 0.13 0.0 163.1 M 17
================================================================================
AV 89.5 59.9 5.3 FASTST M M 1 MAX(MPH)
MISC ----> # 28 300 # 37 300
================================================================================
NOTES:
# LAST OF SEVERAL OCCURRENCES
COLUMN 17 PEAK WIND IN M.P.H.
PRELIMINARY LOCAL CLIMATOLOGICAL DATA (WS FORM: F-6) , PAGE 2
STATION: LEWISTON ID AIRPORT
MONTH: JULY
YEAR: 2020
LATITUDE: 46 22 N
LONGITUDE: 117 1 W
[TEMPERATURE DATA] [PRECIPITATION DATA] SYMBOLS USED IN COLUMN 16
AVERAGE MONTHLY: 74.7 TOTAL FOR MONTH: 0.13 1 = FOG OR MIST
DPTR FM NORMAL: 0.3 DPTR FM NORMAL: -0.53 2 = FOG REDUCING VISIBILITY
HIGHEST: 105 ON 31,30 GRTST 24HR 0.21 ON 30- 1 TO 1/4 MILE OR LESS
LOWEST: 50 ON 14 3 = THUNDER
SNOW, ICE PELLETS, HAIL 4 = ICE PELLETS
TOTAL MONTH: 0.0 INCH 5 = HAIL
GRTST 24HR 0.0 6 = FREEZING RAIN OR DRIZZLE
GRTST DEPTH: 0 7 = DUSTSTORM OR SANDSTORM:
VSBY 1/2 MILE OR LESS
8 = SMOKE OR HAZE
[NO. OF DAYS WITH] [WEATHER - DAYS WITH] 9 = BLOWING SNOW
X = TORNADO
MAX 32 OR BELOW: 0 0.01 INCH OR MORE: 1
MAX 90 OR ABOVE: 14 0.10 INCH OR MORE: 1
MIN 32 OR BELOW: 0 0.50 INCH OR MORE: 0
MIN 0 OR BELOW: 0 1.00 INCH OR MORE: 0
[HDD (BASE 65) ]
TOTAL THIS MO. 2 CLEAR (SCALE 0-3) 29
DPTR FM NORMAL -5 PTCLDY (SCALE 4-7) 2
TOTAL FM JUL 1 2 CLOUDY (SCALE 8-10) 0
DPTR FM NORMAL -5
[CDD (BASE 65) ]
TOTAL THIS MO. 311
DPTR FM NORMAL 11 [PRESSURE DATA]
TOTAL FM JAN 1 459 HIGHEST SLP M ON M
DPTR FM NORMAL 29 LOWEST SLP 29.60 ON 22
[REMARKS]
#FINAL-07-20#