000
CXUS56 KTFX 220801
CF6LWT
PRELIMINARY LOCAL CLIMATOLOGICAL DATA (WS FORM: F-6)
STATION: LEWISTOWN MT
MONTH: NOVEMBER
YEAR: 2022
LATITUDE: 47 2 N
LONGITUDE: 109 28 W
TEMPERATURE IN F: :PCPN: SNOW: WIND :SUNSHINE: SKY :PK WND
================================================================================
1 2 3 4 5 6A 6B 7 8 9 10 11 12 13 14 15 16 17 18
12Z AVG MX 2MIN
DY MAX MIN AVG DEP HDD CDD WTR SNW DPTH SPD SPD DIR MIN PSBL S-S WX SPD DR
================================================================================
1 65 35 50 13 15 0 0.00 M M 7.6 17 170 M M 1 22 180
2 36 19 28 -9 37 0 0.00 M M 11.0 28 280 M M 9 1 40 270
3 38 12 25 -11 40 0 0.00 M M 6.8 18 220 M M 0 25 220
4 46 27 37 1 28 0 T M M 20.4 36 220 M M 4 50 220
5 50 23 37 1 28 0 0.01 M 0 25.9 48 260 M M 4 1 64 250
6 25 14 20 -15 45 0 T M M 10.6 29 90 M M 8 1 38 90
7 19 5 12 -23 53 0 0.01 M M 15.4 37 100 M M 8 1 48 110
8 8 1 5 -30 60 0 0.15 M M 6.7 15 260 M M 10 1 19 290
9 9 2 6 -28 59 0 T M 5 8.6 17 70 M M 10 1 21 70
10 16 0 8 -26 57 0 T M 5 4.1 9 130 M M 6 18 11 260
11 28 -2 13 -21 52 0 0.00 M M 4.5 10 170 M M 0 11 170
12 41 5 23 -10 42 0 0.00 M M 5.1 12 230 M M 1 15 220
13 26 10 18 -15 47 0 0.02 M 1 7.5 15 250 M M 8 1 17 250
14 29 17 23 -10 42 0 0.16 M M 13.3 23 290 M M 10 12 34 280
15 33 8 21 -11 44 0 T M M 8.9 23 290 M M 6 18 30 290
16 31 15 23 -9 42 0 0.11 M 6 10.3 22 320 M M 10 18 33 320
17 15 -7 4 -28 61 0 T M 6 12.9 30 290 M M 8 1289 42 300
18 24 -10 7 -24 58 0 0.00 M M 10.6 23 290 M M 2 32 290
19 34 6 20 -11 45 0 0.00 M M 6.3 17 210 M M 1 20 230
20 40 11 26 -5 39 0 0.00 M M 5.8 17 210 M M 0 19 210
21 40 16 28 -2 37 0 0.00 M 4 8.9 20 240 M M 0 25 230
22 44 24 34 4 31 0 T M 4 14.9 32 220 M M 1 41 210
23 44 22 33 3 32 0 0.08 M 4 14.3 30 280 M M 8 12 42 290
24 45 16 31 2 34 0 0.00 M M 5.2 20 220 M M 0 22 220
25 50 33 42 13 23 0 0.00 M M 10.4 30 210 M M 0 36 210
26 43 21 32 3 33 0 0.04 M M 4.8 17 220 M M 7 1 22 320
27 38 20 29 1 36 0 0.02 M M 22.3 39 230 M M 5 1 53 290
28 21 7 14 -14 51 0 T M 1 11.5 20 280 M M 10 1 26 270
29 8 -5 2 -26 63 0 T M 2 9.8 17 290 M M 8 18 23 300
30 36 -5 16 -12 49 0 0.00 M 2 10.9 25 210 M M 3 32 220
================================================================================
SM 982 340 1283 0 0.60 M 315.3 M 148
================================================================================
AV 32.7 11.3 10.5 FASTST M M 5 MAX(MPH)
MISC ----> 48 260 64 250
================================================================================
NOTES:
# LAST OF SEVERAL OCCURRENCES
COLUMN 17 PEAK WIND IN M.P.H.
PRELIMINARY LOCAL CLIMATOLOGICAL DATA (WS FORM: F-6) , PAGE 2
STATION: LEWISTOWN MT
MONTH: NOVEMBER
YEAR: 2022
LATITUDE: 47 2 N
LONGITUDE: 109 28 W
[TEMPERATURE DATA] [PRECIPITATION DATA] SYMBOLS USED IN COLUMN 16
AVERAGE MONTHLY: 22.0 TOTAL FOR MONTH: 0.60 1 = FOG OR MIST
DPTR FM NORMAL: -10.1 DPTR FM NORMAL: -0.07 2 = FOG REDUCING VISIBILITY
HIGHEST: 65 ON 1 GRTST 24HR 0.16 ON 7- 8 TO 1/4 MILE OR LESS
LOWEST: -10 ON 18 3 = THUNDER
SNOW, ICE PELLETS, HAIL 4 = ICE PELLETS
TOTAL MONTH: M 5 = HAIL
GRTST 24HR M ON M 6 = FREEZING RAIN OR DRIZZLE
GRTST DEPTH: 6 ON 17,16 7 = DUSTSTORM OR SANDSTORM:
VSBY 1/2 MILE OR LESS
8 = SMOKE OR HAZE
[NO. OF DAYS WITH] [WEATHER - DAYS WITH] 9 = BLOWING SNOW
X = TORNADO
MAX 32 OR BELOW: 13 0.01 INCH OR MORE: 9
MAX 90 OR ABOVE: 0 0.10 INCH OR MORE: 3
MIN 32 OR BELOW: 28 0.50 INCH OR MORE: 0
MIN 0 OR BELOW: 6 1.00 INCH OR MORE: 0
[HDD (BASE 65) ]
TOTAL THIS MO. 1283 CLEAR (SCALE 0-3) 12
DPTR FM NORMAL 297 PTCLDY (SCALE 4-7) 12
TOTAL FM JUL 1 1998 CLOUDY (SCALE 8-10) 6
DPTR FM NORMAL -92
[CDD (BASE 65) ]
TOTAL THIS MO. 0
DPTR FM NORMAL 0 [PRESSURE DATA]
TOTAL FM JAN 1 402 HIGHEST SLP 30.83 ON 17
DPTR FM NORMAL 173 LOWEST SLP 29.05 ON 5
[REMARKS]
#FINAL-11-22#