000
CXUS53 KILX 020209
CLMLWV
CLIMATE REPORT
NATIONAL WEATHER SERVICE LINCOLN IL
909 PM CDT SAT APR 01 2023
...................................
...THE LAWRENCEVILLE IL AIRPORT CLIMATE SUMMARY FOR THE MONTH OF MARCH 2023...
CLIMATE NORMAL PERIOD 1991 TO 2020
CLIMATE RECORD PERIOD 9999 TO 9999
WEATHER OBSERVED NORMAL DEPART LAST YEAR`S
VALUE DATE(S) VALUE FROM VALUE
NORMAL
..............................................................
TEMPERATURE (F)
RECORD
HIGH MM MM
LOW MM MM
HIGHEST 77 03/01 MM MM 75
LOWEST 20 03/19 MM MM 15
03/20
AVG. MAXIMUM 54.8 55.1 -0.3 56.5
AVG. MINIMUM 34.1 34.6 -0.5 36.0
MEAN 44.4 44.8 -0.4 46.2
DAYS MAX >= 90 0 0.0 0.0 0
DAYS MAX <= 32 0 0.8 -0.8 1
DAYS MIN <= 32 11 12.8 -1.8 9
DAYS MIN <= 0 0 0.0 0.0 0
PRECIPITATION (INCHES)
RECORD
MAXIMUM MM MM
MINIMUM MM MM
TOTALS 4.15 3.16 0.99 3.53
DAILY AVG. 0.15 0.10 0.05 0.12
DAYS >= .01 10 10.5 -0.5 9
DAYS >= .10 5 6.4 -1.4 5
DAYS >= .50 2 2.2 -0.2 3
DAYS >= 1.00 2 0.7 1.3 2
GREATEST
24 HR. TOTAL 2.65 03/23 TO 03/24 1.36
DEGREE DAYS
HEATING TOTAL 630 628 2 538
SINCE 7/1 3791 4334 -543 MM
COOLING TOTAL 0 3 -3 0
SINCE 1/1 0 3 -3 MM
..............................................................
WIND (MPH)
AVERAGE WIND SPEED 11.4
HIGHEST WIND SPEED/DIRECTION 41/290 DATE 03/31
HIGHEST GUST SPEED/DIRECTION 56/300 DATE 03/31
AVERAGE RH (PERCENT) 70
WEATHER CONDITIONS. NUMBER OF DAYS WITH
THUNDERSTORM 3 MIXED PRECIP 0
HEAVY RAIN 3 RAIN 9
LIGHT RAIN 15 FREEZING RAIN 0
LT FREEZING RAIN 0 HAIL 0
HEAVY SNOW 0 SNOW 0
LIGHT SNOW 5 SLEET 0
FOG 17 FOG W/VIS <= 1/4 MILE 3
HAZE 1
- INDICATES NEGATIVE NUMBERS.
R INDICATES RECORD WAS SET OR TIED.
MM INDICATES DATA IS MISSING.
T INDICATES TRACE AMOUNT.
$$
ERWIN