000
CXUS53 KGID 011421
CF6LXN
PRELIMINARY LOCAL CLIMATOLOGICAL DATA (WS FORM: F-6)
STATION: LEXINGTON
MONTH: FEBRUARY
YEAR: 2021
LATITUDE: 40 47 N
LONGITUDE: 99 46 W
TEMPERATURE IN F: :PCPN: SNOW: WIND :SUNSHINE: SKY :PK WND
================================================================================
1 2 3 4 5 6A 6B 7 8 9 10 11 12 13 14 15 16 17 18
12Z AVG MX 2MIN
DY MAX MIN AVG DEP HDD CDD WTR SNW DPTH SPD SPD DIR MIN PSBL S-S WX SPD DR
================================================================================
1 39 14 27 M 38 0 0.00 M M 5.6 10 150 M M 0 1 M M
2 32 22 27 M 38 0 0.00 M M 4.1 12 180 M M 10 12 M M
3 51 21 36 M 29 0 0.01 M M 5.7 23 340 M M 2 1 35 340
4 38 23 31 M 34 0 M M M 16.2 25 320 M M 3 8 39 350
5 41 21 31 M 34 0 M M M 9.3 21 40 M M 3 28 40
6 24 7 16 M 49 0 M M M 10.0 17 20 M M 10 27 50
7 7 2 5 M 60 0 M M M 11.6 18 130 M M 10 23 110
8 3 -19 -8 M 73 0 M M M 4.0 8 290 M M 6 8 M M
9 8 -4 2 M 63 0 0.00 M M 2.6 7 80 M M 6 M M
10 11 -5 3 M 62 0 0.00 M M 4.4 8 80 M M 6 M M
11 8 -10 -1 M 66 0 T M M 4.2 10 50 M M 6 8 M M
12 3 -3 0 M 65 0 M M M 7.5 10 50 M M 10 M M
13 3 -15 -6 M 71 0 M M M 4.6 14 30 M M 8 8 M M
14 -1 -13 -7 M 72 0 M M M 7.8 13 20 M M 8 M M
15 -5 -32 -18 M 83 0 0.00 M M 3.1 8 290 M M 1 M M
16 6 -27 -10 M 75 0 T M M 10.1 17 160 M M 7 M M
17 17 6 12 M 53 0 M M M 6.3 12 160 M M 10 M M
18 25 3 14 M 51 0 T M M 5.8 14 350 M M 6 16 340
19 27 -7 10 M 55 0 0.00 M M 1.7 6 350 M M 4 1 M M
20 39 0 20 M 45 0 0.00 M M 6.3 16 130 M M 1 1 24 130
21 38 25 32 M 33 0 M M M 12.3 22 310 M M 4 1 28 310
22 45 23 34 M 31 0 0.00 M M 13.7 23 290 M M 0 30 290
23 57 23 40 M 25 0 0.00 M M 7.7 16 340 M M 0 25 240
24 44 29 37 M 28 0 0.00 M M 8.2 15 340 M M 0 21 330
25 41 26 34 M 31 0 0.00 M M 7.3 20 190 M M 5 18 220
26 51 27 39 M 26 0 0.00 M M 10.8 17 220 M M 2 24 190
27 50 25 38 M 27 0 0.00 M M 6.9 23 100 M M 1 28 100
28 40 27 34 M 31 0 0.00 M M 11.4 27 330 M M 3 32 330
================================================================================
SM 742 189 1348 0 M M 209.2 M 132
================================================================================
AV 26.5 6.8 7.5 FASTST M M 5 MAX(MPH)
MISC ----> 27 330 M M
================================================================================
NOTES:
# LAST OF SEVERAL OCCURRENCES
COLUMN 17 PEAK WIND IN M.P.H.
PRELIMINARY LOCAL CLIMATOLOGICAL DATA (WS FORM: F-6) , PAGE 2
STATION: LEXINGTON
MONTH: FEBRUARY
YEAR: 2021
LATITUDE: 40 47 N
LONGITUDE: 99 46 W
[TEMPERATURE DATA] [PRECIPITATION DATA] SYMBOLS USED IN COLUMN 16
AVERAGE MONTHLY: 16.6 TOTAL FOR MONTH: M 1 = FOG OR MIST
DPTR FM NORMAL: 0.0 DPTR FM NORMAL: M 2 = FOG REDUCING VISIBILITY
HIGHEST: 57 ON 23 GRTST 24HR M ON M TO 1/4 MILE OR LESS
LOWEST: -32 ON 15 3 = THUNDER
SNOW, ICE PELLETS, HAIL 4 = ICE PELLETS
TOTAL MONTH: M 5 = HAIL
GRTST 24HR M ON M 6 = FREEZING RAIN OR DRIZZLE
GRTST DEPTH: M ON M 7 = DUSTSTORM OR SANDSTORM:
VSBY 1/2 MILE OR LESS
8 = SMOKE OR HAZE
[NO. OF DAYS WITH] [WEATHER - DAYS WITH] 9 = BLOWING SNOW
X = TORNADO
MAX 32 OR BELOW: 15 0.01 INCH OR MORE: M
MAX 90 OR ABOVE: 0 0.10 INCH OR MORE: M
MIN 32 OR BELOW: 28 0.50 INCH OR MORE: M
MIN 0 OR BELOW: 11 1.00 INCH OR MORE: M
[HDD (BASE 65) ]
TOTAL THIS MO. 1348 CLEAR (SCALE 0-3) 12
DPTR FM NORMAL M PTCLDY (SCALE 4-7) 9
TOTAL FM JUL 1 4729 CLOUDY (SCALE 8-10) 7
DPTR FM NORMAL M
[CDD (BASE 65) ]
TOTAL THIS MO. 0
DPTR FM NORMAL M [PRESSURE DATA]
TOTAL FM JAN 1 0 HIGHEST SLP M ON M
DPTR FM NORMAL M LOWEST SLP M ON M
[REMARKS]
#FINAL-02-21#