000
CXUS53 KEAX 010736
CF6LXT
PRELIMINARY LOCAL CLIMATOLOGICAL DATA (WS FORM: F-6)
STATION: LEE`S SUMMIT MO
MONTH: JUNE
YEAR: 2023
LATITUDE: 38 57 N
LONGITUDE: 94 22 W
TEMPERATURE IN F: :PCPN: SNOW: WIND :SUNSHINE: SKY :PK WND
================================================================================
1 2 3 4 5 6A 6B 7 8 9 10 11 12 13 14 15 16 17 18
12Z AVG MX 2MIN
DY MAX MIN AVG DEP HDD CDD WTR SNW DPTH SPD SPD DIR MIN PSBL S-S WX SPD DR
================================================================================
1 85 68 77 6 0 12 0.00 M M 8.1 17 170 M M 1 22 170
2 87 65 76 5 0 11 0.09 M M 5.8 23 50 M M 2 3 29 50
3 89 63 76 5 0 11 0.00 M M 5.8 17 90 M M 0 26 110
4 89 61 75 3 0 10 0.00 M M 5.1 13 10 M M 1 17 360
5 88 65 77 5 0 12 0.00 M M 5.6 17 250 M M 1 3 22 250
6 88 62 75 3 0 10 0.00 M M 3.2 9 80 M M 0 14 10
7 90 63 77 4 0 12 0.00 M M 4.9 9 80 M M 1 14 10
8 77 65 71 -2 0 6 T M M 8.5 15 70 M M 5 20 60
9 83 60 72 -1 0 7 0.00 M M 6.2 15 120 M M 1 22 110
10 75 65 70 -4 0 5 0.24 M M 6.2 12 130 M M 8 13 15 130
11 71 60 66 -8 0 1 0.47 M M 8.9 18 30 M M 9 1 26 30
12 75 52 64 -10 1 0 0.00 M M 3.9 13 10 M M 1 12 18 360
13 79 54 67 -7 0 2 0.00 M M 5.0 12 220 M M 0 16 240
14 84 57 71 -4 0 6 0.00 M M 3.9 12 220 M M 1 15 220
15 87 61 74 -1 0 9 0.00 M M 4.1 10 190 M M 0 14 260
16 88 62 75 0 0 10 0.00 M M 4.5 12 60 M M 0 17 70
17 89 65 77 2 0 12 0.00 M M 6.8 17 200 M M 2 23 200
18 80 63 72 -4 0 7 0.27 M M 4.2 17 190 M M 4 13 23 190
19 89 64 77 1 0 12 0.00 M M 5.1 12 80 M M 0 18 40
20 89 68 79 3 0 14 0.00 M M 7.7 16 100 M M 0 22 80
21 90 66 78 2 0 13 0.00 M M 6.9 20 70 M M 0 26 60
22 88 68 78 2 0 13 0.00 M M 5.6 14 80 M M 0 8 20 80
23 90 64 77 0 0 12 0.00 M M 5.2 15 170 M M 1 19 170
24 95 73 84 7 0 19 0.00 M M 11.8 24 190 M M 1 32 180
25 88 69 79 2 0 14 0.00 M M 11.7 23 290 M M 0 34 290
26 87 65 76 -1 0 11 0.00 M M 9.3 22 350 M M 0 30 350
27 85 60 73 -4 0 8 0.00 M M 6.2 17 160 M M 0 24 170
28 97 73 85 7 0 20 0.00 M M 11.1 20 200 M M 0 26 200
29 99 77 88 10 0 23 0.00 M M 9.8 25 10 M M 1 35 20
30 101 73 87 9 0 22 0.00 M M 8.1 23 350 M M 1 3 28 320
================================================================================
SM 2602 1931 1 324 1.07 M 199.2 M 41
================================================================================
AV 86.7 64.4 6.6 FASTST M M 1 MAX(MPH)
MISC ----> 25 10 35 20
================================================================================
NOTES:
# LAST OF SEVERAL OCCURRENCES
COLUMN 17 PEAK WIND IN M.P.H.
PRELIMINARY LOCAL CLIMATOLOGICAL DATA (WS FORM: F-6) , PAGE 2
STATION: LEE`S SUMMIT MO
MONTH: JUNE
YEAR: 2023
LATITUDE: 38 57 N
LONGITUDE: 94 22 W
[TEMPERATURE DATA] [PRECIPITATION DATA] SYMBOLS USED IN COLUMN 16
AVERAGE MONTHLY: 75.6 TOTAL FOR MONTH: 1.07 1 = FOG OR MIST
DPTR FM NORMAL: 0.9 DPTR FM NORMAL: -3.88 2 = FOG REDUCING VISIBILITY
HIGHEST: 101 ON 30 GRTST 24HR 0.67 ON 10-11 TO 1/4 MILE OR LESS
LOWEST: 52 ON 12 3 = THUNDER
SNOW, ICE PELLETS, HAIL 4 = ICE PELLETS
TOTAL MONTH: M 5 = HAIL
GRTST 24HR M ON M 6 = FREEZING RAIN OR DRIZZLE
GRTST DEPTH: M ON M 7 = DUSTSTORM OR SANDSTORM:
VSBY 1/2 MILE OR LESS
8 = SMOKE OR HAZE
[NO. OF DAYS WITH] [WEATHER - DAYS WITH] 9 = BLOWING SNOW
X = TORNADO
MAX 32 OR BELOW: 0 0.01 INCH OR MORE: 4
MAX 90 OR ABOVE: 7 0.10 INCH OR MORE: 3
MIN 32 OR BELOW: 0 0.50 INCH OR MORE: 0
MIN 0 OR BELOW: 0 1.00 INCH OR MORE: 0
[HDD (BASE 65) ]
TOTAL THIS MO. 1 CLEAR (SCALE 0-3) 26
DPTR FM NORMAL -4 PTCLDY (SCALE 4-7) 3
TOTAL FM JUL 1 4579 CLOUDY (SCALE 8-10) 1
DPTR FM NORMAL -204
[CDD (BASE 65) ]
TOTAL THIS MO. 324
DPTR FM NORMAL 28 [PRESSURE DATA]
TOTAL FM JAN 1 462 HIGHEST SLP M ON M
DPTR FM NORMAL 34 LOWEST SLP 29.65 ON 18
[REMARKS]
#FINAL-06-23#