000
CXUS51 KRNK 010715
CF6LYH
PRELIMINARY LOCAL CLIMATOLOGICAL DATA (WS FORM: F-6)
STATION: LYNCHBURG VA
MONTH: MAY
YEAR: 2023
LATITUDE: 37 19 N
LONGITUDE: 79 12 W
TEMPERATURE IN F: :PCPN: SNOW: WIND :SUNSHINE: SKY :PK WND
================================================================================
1 2 3 4 5 6A 6B 7 8 9 10 11 12 13 14 15 16 17 18
12Z AVG MX 2MIN
DY MAX MIN AVG DEP HDD CDD WTR SNW DPTH SPD SPD DIR MIN PSBL S-S WX SPD DR
================================================================================
1 60 41 51 -10 14 0 0.01 0.0 0 7.4 18 210 M M 7 30 220
2 69 45 57 -4 8 0 0.00 0.0 0 7.8 17 230 M M 5 32 230
3 60 48 54 -7 11 0 T 0.0 0 7.6 16 300 M M 6 28 270
4 67 41 54 -7 11 0 0.00 0.0 0 4.5 12 20 M M 3 18 280
5 73 39 56 -6 9 0 0.00 0.0 0 1.4 10 200 M M 1 17 0
6 79 49 64 2 1 0 0.00 0.0 0 3.0 10 140 M M 3 18 80
7 79 51 65 3 0 0 0.05 0.0 0 4.3 14 210 M M 3 1 18 220
8 87 59 73 11 0 8 0.01 0.0 0 4.9 14 300 M M 1 20 320
9 83 52 68 6 0 3 0.10 0.0 0 4.0 23 40 M M 3 13 29 40
10 74 47 61 -2 4 0 0.00 0.0 0 3.3 10 180 M M 4 12 12 200
11 81 47 64 1 1 0 0.00 0.0 0 4.7 15 190 M M 0 18 190
12 85 57 71 8 0 6 0.00 0.0 0 4.7 16 190 M M 2 20 190
13 82 64 73 9 0 8 0.04 0.0 0 6.8 16 50 M M 7 13 20 40
14 78 62 70 6 0 5 0.02 0.0 0 3.8 16 40 M M 6 1 21 50
15 66 57 62 -2 3 0 0.04 0.0 0 2.1 13 40 M M 10 16 50
16 79 58 69 5 0 4 0.90 0.0 0 5.1 16 190 M M 7 13 22 170
17 77 58 68 4 0 3 0.00 0.0 0 3.4 13 90 M M 3 1 18 20
18 68 56 62 -3 3 0 0.00 0.0 0 5.3 12 40 M M 9 16 40
19 72 53 63 -2 2 0 0.00 0.0 0 4.4 10 110 M M 6 14 100
20 80 55 68 3 0 3 0.14 0.0 0 3.5 13 200 M M 7 1 16 200
21 77 53 65 0 0 0 0.00 0.0 0 3.2 12 30 M M 2 1 16 30
22 77 50 64 -2 1 0 0.00 0.0 0 4.7 14 40 M M 0 1 28 80
23 74 53 64 -2 1 0 0.00 0.0 0 6.3 15 40 M M 1 23 20
24 77 54 66 0 0 1 0.00 0.0 0 5.0 14 40 M M 0 19 40
25 68 51 60 -6 5 0 0.00 0.0 0 6.5 17 50 M M 5 25 40
26 70 47 59 -8 6 0 0.00 0.0 0 5.8 16 40 M M 0 1 22 40
27 71 47 59 -8 6 0 0.00 0.0 0 8.9 20 40 M M 3 28 40
28 64 54 59 -8 6 0 0.13 0.0 0 12.1 20 50 M M 10 1 31 40
29 75 61 68 1 0 3 0.13 0.0 0 10.4 18 30 M M 9 1 26 40
30 67 59 63 -5 2 0 0.34 0.0 0 7.6 18 40 M M 10 1 23 40
31 77 56 67 -1 0 2 0.00 0.0 0 5.1 12 40 M M 4 18 30
================================================================================
SM 2296 1624 94 46 1.91 0.0 167.6 M 137
================================================================================
AV 74.1 52.4 5.4 FASTST M M 4 MAX(MPH)
MISC ----> 23 40 32 230
================================================================================
NOTES:
# LAST OF SEVERAL OCCURRENCES
COLUMN 17 PEAK WIND IN M.P.H.
PRELIMINARY LOCAL CLIMATOLOGICAL DATA (WS FORM: F-6) , PAGE 2
STATION: LYNCHBURG VA
MONTH: MAY
YEAR: 2023
LATITUDE: 37 19 N
LONGITUDE: 79 12 W
[TEMPERATURE DATA] [PRECIPITATION DATA] SYMBOLS USED IN COLUMN 16
AVERAGE MONTHLY: 63.2 TOTAL FOR MONTH: 1.91 1 = FOG OR MIST
DPTR FM NORMAL: -1.0 DPTR FM NORMAL: -2.07 2 = FOG REDUCING VISIBILITY
HIGHEST: 87 ON 8 GRTST 24HR 0.90 ON 16-16 TO 1/4 MILE OR LESS
LOWEST: 39 ON 5 3 = THUNDER
SNOW, ICE PELLETS, HAIL 4 = ICE PELLETS
TOTAL MONTH: 0.0 INCH 5 = HAIL
GRTST 24HR 0.0 6 = FREEZING RAIN OR DRIZZLE
GRTST DEPTH: 0 7 = DUSTSTORM OR SANDSTORM:
VSBY 1/2 MILE OR LESS
8 = SMOKE OR HAZE
[NO. OF DAYS WITH] [WEATHER - DAYS WITH] 9 = BLOWING SNOW
X = TORNADO
MAX 32 OR BELOW: 0 0.01 INCH OR MORE: 12
MAX 90 OR ABOVE: 0 0.10 INCH OR MORE: 6
MIN 32 OR BELOW: 0 0.50 INCH OR MORE: 1
MIN 0 OR BELOW: 0 1.00 INCH OR MORE: 0
[HDD (BASE 65) ]
TOTAL THIS MO. 94 CLEAR (SCALE 0-3) 14
DPTR FM NORMAL -12 PTCLDY (SCALE 4-7) 12
TOTAL FM JUL 1 3392 CLOUDY (SCALE 8-10) 5
DPTR FM NORMAL -891
[CDD (BASE 65) ]
TOTAL THIS MO. 46
DPTR FM NORMAL -35 [PRESSURE DATA]
TOTAL FM JAN 1 85 HIGHEST SLP M ON M
DPTR FM NORMAL -17 LOWEST SLP 29.45 ON 1
[REMARKS]
#FINAL-05-23#